{"id":869125,"date":"2025-12-19T17:36:50","date_gmt":"2025-12-19T16:36:50","guid":{"rendered":"https:\/\/schuhewiebarfuss.at\/shop\/produkt\/serene-i\/"},"modified":"2026-03-01T20:07:59","modified_gmt":"2026-03-01T19:07:59","slug":"serene-i","status":"publish","type":"product","link":"https:\/\/schuhewiebarfuss.at\/shop\/produkt\/serene-i\/","title":{"rendered":"Serene I"},"content":{"rendered":"<p>Der Saguaro SERENE I ist ideal f\u00fcr Zuhause, den kurzen\/schellen Weg zum Einkaufen und erg\u00e4nzt auch Ihr B\u00fcrooutfit. Zeigen Sie sich mit dem minimalistischen Barfu\u00df-Slip-On, der durch Nullabsatz, breite Zehenbox und ultraleichtes Design gekennzeichnet ist, f\u00fcr ein barfu\u00df\u00e4hnliches Komfortgef\u00fchl an jedem Ort an dem sie sich Wohlf\u00fchlen wollen. <\/p>\n<p>Mit seiner \u00e4u\u00dferst ger\u00e4umigen Zehenbox, erm\u00f6glichen Ihnen diese Schuhe, die Anforderungen des Alltags m\u00fchelos zu bew\u00e4ltigen und eine nat\u00fcrliche und bequeme Haltung beizubehalten. Das Obermateriall besteht aus Mikrofaserleder (Kunstleder), die Innenseite aus warmen und flauschigem Mikrofaser-Kunstfell. Diese veganen Lederschuhe bieten nicht nur ein klassisches und elegantes Design, sondern auch Barfu\u00df-Komfort und Spritzwasserschutz.<\/p>\n<p>Das r\u00fcckenfreie Design macht das An- und Ausziehen besonders leicht und komfortabel \u2013 ideal f\u00fcr den Alltag oder entspannte Momente daheim. Der Riemen \u00fcber dem Rist sorgt f\u00fcr das gewisse Etwas und l\u00e4sst sich durch den Klettverschluss ganz leicht an die breite des Fu\u00dfes anpassen.<\/p>\n<p>Die 4,5 mm dicke Naturkautschuksohle mit Nullsprengung ist flexibel und sto\u00dffrei und erm\u00f6glicht so eine nat\u00fcrliche Fu\u00dfbewegung. Erleben Sie die Bewegungsfreiheit und bleiben Sie mit der Natur verbunden, egal ob bei der Arbeit oder in Ihrer Freizeit. Dank des leichten, kappenfreien Designs sind sie den ganzen Tag bequem zu tragen. Minimalistisch und vielseitig, geeignet als Anzugschuhe oder f\u00fcr den t\u00e4glichen Spaziergang &#8211; ein flaches und d\u00fcnnes Design f\u00fcr ein ultimatives Barfu\u00dfgef\u00fchl.<\/p>\n<p>Mit ihrem minimalistischen, aber stilvollen Look passen die Serene I perfekt zu jeder Gelegenheit Ob l\u00e4ssig kombiniert zu jedem Stil oder als kuschelige Wohlf\u00fchlpantoletten f\u00fcr Zuhause, dieses extreme Leichtgewicht erm\u00f6glicht das Gehen ohne unn\u00f6tige Belastung f\u00fcr Ihre F\u00fc\u00dfe. Jedes Paar wiegt nur 208g (basierend auf Gr\u00f6\u00dfe EU 39) und sind leicht zu reinigen \u2013 einfach mit einem feuchten Tuch abwischen.<\/p>\n<p>Materialdetails:<\/p>\n<p>Obermaterial: Kunstleder<br \/>\nInnenfutter: Mikrofaser, Kunstpelz<br \/>\nSohle: 100% Naturkautschuk, 4.5 mm<br \/>\nInnensohle: PU-Schaumstoff + Kunstpelz, herausnehmbar, 4 mm<br \/>\nAbsatz: Nullabsatz, keine H\u00f6hendifferenz zwischen Ferse und Vorderfu\u00df<br \/>\nVerschluss: Schlupfschuh, Klettverschluss<br \/>\nBesonderheiten: leicht wasserabweisend, nicht maschinenwaschbar, Atmungsaktiv, leicht<br \/>\nGewicht: 208g (Gr\u00f6\u00dfe EU 39)<br \/>\nHergestellt in China<\/p>\n<p>BREITE ZEHENBOX<br \/>\nDie breite Zehenbox sorgt daf\u00fcr, dass jeder Zeh flexibel ist, um den Boden zu greifen. Es bietet ausreichend Platz f\u00fcr die nat\u00fcrliche Spreizung der Zehen und verbessert Stabilit\u00e4t sowie Gleichgewicht.<\/p>\n<p>ZERO-DROP-GUMMI-SOHLE<br \/>\nDie Zero-Drop-Gummisohle ist f\u00fcr maximale Flexibilit\u00e4t konzipiert. Es simuliert eine echte Barfu\u00dfsituation, sorgt f\u00fcr Kn\u00f6chelstabilit\u00e4t und verteilt die Kraft gleichm\u00e4\u00dfig auf alle Muskeln. Durchgehend flache Sohle \u2013 f\u00f6rdert eine gesunde K\u00f6rperhaltung und nat\u00fcrliche Ausrichtung.<\/p>\n<p>LEICHTES DESIGN<br \/>\nVerringert unn\u00f6tige Belastungen auf Gelenke und Muskeln und unterst\u00fctzt so entspanntes, langes Tragen.<\/p>\n<p>FLACH, D\u00dcNN UND FLEXIBEL<br \/>\nDie flache Sohle eines Schuhs bietet eine bessere Grundlage f\u00fcr Ihre aufrechte Haltung und kann Ihnen helfen, Knie-, H\u00fcft- oder R\u00fcckenschmerzen zu vermeiden. Unterst\u00fctzt die nat\u00fcrliche Bewegungsfreiheit und passt sich jeder Bewegung an.<\/p>\n<p>Nachhaltigkeit bei SAGUARO<\/p>\n<p>Saguaro legt gro\u00dfen Wert auf einen verantwortungsvollen Umgang mit Ressourcen. Deshalb entwickeln sie ihre Produkte so, dass sie langlebig, umweltfreundlich und alltagstauglich sind.<\/p>\n<p>Nat\u00fcrliche Gummisohlen: Robust, rutschfest und umweltfreundlich \u2013 sie unterst\u00fctzen die nat\u00fcrliche Fu\u00dfbewegung und halten lange.<br \/>\n4 mm PU-Schaum-Einlegesohlen: Entwickelt f\u00fcr Komfort und Nachhaltigkeit. Sie sind recycelbar, teilweise biologisch abbaubar und entsprechen internationalen Umweltstandards.<br \/>\nWiederverwendbare Taschen: Unsere vielseitige, wiederverwendbare Verpackung macht Einwegkartons \u00fcberfl\u00fcssig und reduziert Abfall.<br \/>\nMit einem minimalistischen Designansatz bieten wir Schuhe, die nicht nur angenehm zu tragen sind, sondern auch die Umwelt schonen.<\/p>\n<p>Pflegehinweis:<\/p>\n<p>F\u00fcr diese Modell empfehlen wir Handreinigung:<br \/>\n&#8211; Mit einer weichen B\u00fcrste Schmutz entfernen<br \/>\n&#8211; Mit lauwarmem Wasser und mildem Waschmittel vorsichtig reinigen<br \/>\n&#8211; Mit feuchtem Tuch nachwischen<br \/>\n&#8211; Einlegesohlen herausnehmen und bei Raumtemperatur trocknen lassen (keine Sonne, keine Heizung)<\/p>\n<p>Innensohle &#8211; L\u00e4nge\/Breite (mm):<\/p>\n<p>Gr\u00f6\u00dfe: 36 &#8211; L\u00e4nge: 239 mm &#8211; Breite: 100 mm<br \/>\nGr\u00f6\u00dfe: 37 &#8211; L\u00e4nge: 246 mm &#8211; Breite: 101 mm<br \/>\nGr\u00f6\u00dfe: 38 &#8211; L\u00e4nge: 252 mm &#8211; Breite: 103 mm<br \/>\nGr\u00f6\u00dfe: 39 &#8211; L\u00e4nge: 259 mm &#8211; Breite: 104 mm<br \/>\nGr\u00f6\u00dfe: 40 &#8211; L\u00e4nge: 265 mm &#8211; Breite: 106 mm<br \/>\nGr\u00f6\u00dfe: 41 &#8211; L\u00e4nge: 272 mm &#8211; Breite: 107 mm<br \/>\nGr\u00f6\u00dfe: 42 &#8211; L\u00e4nge: 279 mm &#8211; Breite: 109 mm<br \/>\nGr\u00f6\u00dfe: 43 &#8211; L\u00e4nge: 285 mm &#8211; Breite: 110 mm<br \/>\nGr\u00f6\u00dfe: 44 &#8211; L\u00e4nge: 292 mm &#8211; Breite: 112 mm<br \/>\nGr\u00f6\u00dfe: 45 &#8211; L\u00e4nge: 299 mm &#8211; Breite: 113 mm<\/p>\n<p><b>Audio-Beschreibung<\/b><br \/><audio controls src=\"https:\/\/schuhewiebarfuss.at\/shop\/wp-content\/uploads\/lk\/9715_audio.wav\"><br \/>\n                                            Ihr Browser unterst\u00fctzt diese Audio-Ausgabe leider nicht.<br \/>\n                                            <\/ audio ><\/p>\n","protected":false},"excerpt":{"rendered":"<p>Saguaro SERENE I Barfu\u00df-Pantoletten mit Kunstfell<\/p>\n<p>Die Serene I vereinen gem\u00fctlichen Komfort mit zeitlosem Stil. Das flauschige Kunstfell h\u00e4lt die F\u00fc\u00dfe angenehm warm und sorgt f\u00fcr ein behagliches Tragegef\u00fchl. Serene I vereint Komfort mit elegantem Look und ist ideal f\u00fcr den t\u00e4glichen Gebrauch oder zum Entspannen zu Hause.<\/p>\n","protected":false},"featured_media":0,"comment_status":"open","ping_status":"closed","template":"","meta":[],"product_brand":[],"product_cat":[850],"product_tag":[1544,1408,1362,1368,1373,1374,1375,1376,1377,1378,1379,1380,3011,1382],"class_list":{"0":"post-869125","1":"product","2":"type-product","3":"status-publish","5":"product_cat-hausschuhe-2","6":"product_tag-farbe-braun","7":"product_tag-farbe-schwarz","8":"product_tag-groesse-36","9":"product_tag-groesse-37","10":"product_tag-groesse-38","11":"product_tag-groesse-39","12":"product_tag-groesse-40","13":"product_tag-groesse-41","14":"product_tag-groesse-42","15":"product_tag-groesse-43","16":"product_tag-groesse-44","17":"product_tag-groesse-45","18":"product_tag-marke-saguaro","19":"product_tag-neu","21":"first","22":"instock","23":"taxable","24":"shipping-taxable","25":"purchasable","26":"product-type-variable"},"_links":{"self":[{"href":"https:\/\/schuhewiebarfuss.at\/shop\/wp-json\/wp\/v2\/product\/869125","targetHints":{"allow":["GET"]}}],"collection":[{"href":"https:\/\/schuhewiebarfuss.at\/shop\/wp-json\/wp\/v2\/product"}],"about":[{"href":"https:\/\/schuhewiebarfuss.at\/shop\/wp-json\/wp\/v2\/types\/product"}],"replies":[{"embeddable":true,"href":"https:\/\/schuhewiebarfuss.at\/shop\/wp-json\/wp\/v2\/comments?post=869125"}],"wp:attachment":[{"href":"https:\/\/schuhewiebarfuss.at\/shop\/wp-json\/wp\/v2\/media?parent=869125"}],"wp:term":[{"taxonomy":"product_brand","embeddable":true,"href":"https:\/\/schuhewiebarfuss.at\/shop\/wp-json\/wp\/v2\/product_brand?post=869125"},{"taxonomy":"product_cat","embeddable":true,"href":"https:\/\/schuhewiebarfuss.at\/shop\/wp-json\/wp\/v2\/product_cat?post=869125"},{"taxonomy":"product_tag","embeddable":true,"href":"https:\/\/schuhewiebarfuss.at\/shop\/wp-json\/wp\/v2\/product_tag?post=869125"}],"curies":[{"name":"wp","href":"https:\/\/api.w.org\/{rel}","templated":true}]}}