{"id":867255,"date":"2025-12-11T17:24:17","date_gmt":"2025-12-11T16:24:17","guid":{"rendered":"https:\/\/schuhewiebarfuss.at\/shop\/produkt\/kid-macaron-i\/"},"modified":"2026-03-01T15:56:03","modified_gmt":"2026-03-01T14:56:03","slug":"kid-macaron-i","status":"publish","type":"product","link":"https:\/\/schuhewiebarfuss.at\/shop\/produkt\/kid-macaron-i\/","title":{"rendered":"Kid Macaron I"},"content":{"rendered":"<p>Der KID MACARON I der Marke Saguaro f\u00fcr Kinder verf\u00fcgt \u00fcber eine flexible Au\u00dfensohle und breite Zehenbox die den Schuh wunderbar ergonomisch und bequem macht. Die stark wasserabweisenden Materialien halten die F\u00fc\u00dfe trocken, w\u00e4hrend eine Isolationsschicht zwischen Ober- und Innenmaterial daf\u00fcr sorgt, dass den F\u00fc\u00dfen nicht kalt wird. So l\u00e4sst sich dieses Modell auch noch bei Minusgraden tragen! Dieser Schuh wurde f\u00fcr eine nat\u00fcrliche und bequeme Passform entworfen. Zwei Klettverschl\u00fcsse erm\u00f6glicht eine leichte Anpassung der Enge, w\u00e4hrend der breite Schaft Bequemlichkeit beim An- und Ausziehen gew\u00e4hrleistet. Der stylische Textilkragen aus Kunstfell bringt das gewisse Etwas und wertet die Optik nochmal auf. Das minimalistische Design der Schuhe in knalligen Farben passt zu jedem Kleidungsstil und bietet einen schlichten kindlichen Look.<\/p>\n<p>Das Obermaterial aus Mikrofaser-Suede und das Innenmaterial aus weichem isolierendem Baumwollfutter mit Innenwattierung und Kunstfellkragen h\u00e4lt Kinderf\u00fc\u00dfe angenehm warm bei kalten Wintertagen. Diese Barfu\u00dfschuhe sind Dank der hochwertigen Materialien stastic Wasserdicht konzipiert und bieten mit der gepolsterten und isolierten F\u00fctterung nicht nur optimalen Komfort, sondern k\u00f6nnen auch bei Temperaturen von bis zu -15\u00b0C getragen werden. Dazu wurde der Schuh mit einer 4 mm flachen, herausnehmbaren PU-Schaum-Innensohle mit flauschigem Fleecefutter und ohne Fu\u00dfgew\u00f6lbest\u00fctze ausgestattet. Die Zero-Drop-Gummisohle mit Nullabfall l\u00e4sst sich leicht und flexibel in alle Richtungen biegen und bietet dadurch ein optimales Barfu\u00dfgef\u00fchl. Die breite Zehenbox l\u00e4sst Ihre Zehen in ihrem bequemsten und nat\u00fcrlichsten Zustand verweilen, w\u00e4hrend die teilweise verst\u00e4rkte Ferse ein herumrutschen im Schuh verhindert.<\/p>\n<p>Kid Macaron I kombiniert einen niedlichen und stilvollen Look mit hervorragender Verarbeitung und langer Haltbarkeit. Lieferung in wiederverwendbaren Leinentasche. <\/p>\n<p>BREIT GENUG, UM SICH FREI ZU F\u00dcHLEN.<br \/>\nDie breite Zehenbox sorgt daf\u00fcr, dass jeder Zeh flexibel ist, um den Boden zu greifen. Dadurch kann jedes heranwachsende Kind nat\u00fcrlicher wachsen, ohne dem Druck der schmalen Schuhspitze ausgesetzt zu sein.<\/p>\n<p>ZERO-DROP-GUMMI-SOHLE<br \/>\nDie Zero-Drop-Gummisohle ist f\u00fcr maximale Flexibilit\u00e4t konzipiert. Es simuliert eine echte Barfu\u00dfsituation, sorgt f\u00fcr Kn\u00f6chelstabilit\u00e4t und verteilt die Kraft gleichm\u00e4\u00dfig auf alle Muskeln.<\/p>\n<p>MINIMALISTISCH &amp; BEQUEMLICHKEIT<br \/>\nDas minimalistische Design unserer Schuhe passt zu jedem Outfit-Stil und bietet einen schlichten und unauff\u00e4lligen Look. Erleben Sie auch im Winter das ultimative Barfu\u00dfgef\u00fchl, dank ihrer leichten und unaufdringlichen Beschaffenheit.<\/p>\n<p>ISOLIERTE F\u00dcTTERUNG &amp; MITTELSCHAFT-DESIGN<br \/>\nMit zus\u00e4tzlichen isolierenden Materialien und Kunst-Schaffell im Inneren f\u00fchlt sich jeder Schritt an, als w\u00fcrde man auf einer weichen, warmen Decke laufen. Das Mittelschaft-Design umschlie\u00dft den gesamten Fu\u00df, um ihn auch bei k\u00e4ltestem Wetter warm zu halten.<\/p>\n<p>Nachhaltigkeit bei SAGUARO<\/p>\n<p>Saguaro legt gro\u00dfen Wert auf einen verantwortungsvollen Umgang mit Ressourcen. Deshalb entwickeln sie ihre Produkte so, dass sie langlebig, umweltfreundlich und alltagstauglich sind.<\/p>\n<p>Nat\u00fcrliche Gummisohlen: Robust, rutschfest und umweltfreundlich \u2013 sie unterst\u00fctzen die nat\u00fcrliche Fu\u00dfbewegung und halten lange.<br \/>\n4 mm PU-Schaum-Einlegesohlen: Entwickelt f\u00fcr Komfort und Nachhaltigkeit. Sie sind recycelbar, teilweise biologisch abbaubar und entsprechen internationalen Umweltstandards.<br \/>\nWiederverwendbare Taschen: Unsere vielseitige, wiederverwendbare Verpackung macht Einwegkartons \u00fcberfl\u00fcssig und reduziert Abfall.<br \/>\nMit einem minimalistischen Designansatz bieten wir Schuhe, die nicht nur angenehm zu tragen sind, sondern auch die Umwelt schonen.<\/p>\n<p>Materialdetails:<\/p>\n<p>Obermaterial: Suede Microfiber + Stoff<br \/>\nInnenfutter: Wasserdichte Sockenfutter + Fleece<br \/>\nSohle: 100% Naturkautschuk, 5 mm<br \/>\nInnensohle: PU-Schaum mit isolierender Baumwolle, 4 mm<br \/>\nAbsatz: Nullabsatz, keine H\u00f6hendifferenz zwischen Ferse und Vorderfu\u00df<br \/>\nVerschluss: Klettverschluss<br \/>\nBesonderheiten: Stastic Wasserdicht konzipiert<br \/>\nMaterialhinweis: Frei von sch\u00e4dlichen Materialien (gepr\u00fcft!)<br \/>\nGewicht: 205g (Gr\u00f6\u00dfe EU 27)<br \/>\nSchafth\u00f6he: 8.9 cm (Gr\u00f6\u00dfe EU 27)<br \/>\nEmpfohlene Tragetemperatur: \u00dcber 5\u00b0F (-15\u00b0C).<br \/>\nHergestellt in China<\/p>\n<p>Pflegehinweis:<\/p>\n<p>F\u00fcr diese Modell empfehlen wir Handreinigung:<br \/>\n&#8211; Mit einer weichen B\u00fcrste Schmutz entfernen<br \/>\n&#8211; Mit lauwarmem Wasser und mildem Waschmittel vorsichtig reinigen<br \/>\n&#8211; Mit feuchtem Tuch nachwischen<br \/>\n&#8211; Einlegesohlen herausnehmen und bei Raumtemperatur trocknen lassen (keine Sonne, keine Heizung)<\/p>\n<p>Innensohle &#8211; L\u00e4nge\/Breite (mm):<\/p>\n<p>Gr\u00f6\u00dfe: 26 &#8211; L\u00e4nge: 168 mm &#8211; Breite: 72 mm<br \/>\nGr\u00f6\u00dfe: 27 &#8211; L\u00e4nge: 175 mm &#8211; Breite: 74 mm<br \/>\nGr\u00f6\u00dfe: 28 &#8211; L\u00e4nge: 182 mm &#8211; Breite: 75 mm<br \/>\nGr\u00f6\u00dfe: 29 &#8211; L\u00e4nge: 188 mm &#8211; Breite: 77 mm<br \/>\nGr\u00f6\u00dfe: 30 &#8211; L\u00e4nge: 195 mm &#8211; Breite: 78 mm<br \/>\nGr\u00f6\u00dfe: 31 &#8211; L\u00e4nge: 202 mm &#8211; Breite: 80 mm<br \/>\nGr\u00f6\u00dfe: 32 &#8211; L\u00e4nge: 208 mm &#8211; Breite: 81 mm<\/p>\n<p><b>Audio-Beschreibung<\/b><br \/><audio controls src=\"https:\/\/schuhewiebarfuss.at\/shop\/wp-content\/uploads\/lk\/9712_audio.wav\"><br \/>\n                                            Ihr Browser unterst\u00fctzt diese Audio-Ausgabe leider nicht.<br \/>\n                                            <\/ audio ><\/p>\n","protected":false},"excerpt":{"rendered":"<p>Kinder MACARON I &#8211; Winter Barfu\u00dfschuhe<\/p>\n<p>Entdecken Sie Kinder-Winterstiefel aus Wildleder, wasserdichte Materialien, einen kuscheligen Kunstfellkragen und zwei Klettverschl\u00fcsse f\u00fcr einen sicheren und bequemen Sitz. Farbenfrohe Barfu\u00dfschuhe mit einem s\u00fc\u00dfen, stylischen Design.<\/p>\n","protected":false},"featured_media":0,"comment_status":"open","ping_status":"closed","template":"","meta":[],"product_brand":[],"product_cat":[848],"product_tag":[3016,3080,3122,1395,1396,1397,1398,1399,1400,1401,3011,1382],"class_list":{"0":"post-867255","1":"product","2":"type-product","3":"status-publish","5":"product_cat-winterschuhe-1","6":"product_tag-farbe-green","7":"product_tag-farbe-red","8":"product_tag-farbe-yellow","9":"product_tag-groesse-26","10":"product_tag-groesse-27","11":"product_tag-groesse-28","12":"product_tag-groesse-29","13":"product_tag-groesse-30","14":"product_tag-groesse-31","15":"product_tag-groesse-32","16":"product_tag-marke-saguaro","17":"product_tag-neu","19":"first","20":"instock","21":"taxable","22":"shipping-taxable","23":"purchasable","24":"product-type-variable"},"_links":{"self":[{"href":"https:\/\/schuhewiebarfuss.at\/shop\/wp-json\/wp\/v2\/product\/867255","targetHints":{"allow":["GET"]}}],"collection":[{"href":"https:\/\/schuhewiebarfuss.at\/shop\/wp-json\/wp\/v2\/product"}],"about":[{"href":"https:\/\/schuhewiebarfuss.at\/shop\/wp-json\/wp\/v2\/types\/product"}],"replies":[{"embeddable":true,"href":"https:\/\/schuhewiebarfuss.at\/shop\/wp-json\/wp\/v2\/comments?post=867255"}],"wp:attachment":[{"href":"https:\/\/schuhewiebarfuss.at\/shop\/wp-json\/wp\/v2\/media?parent=867255"}],"wp:term":[{"taxonomy":"product_brand","embeddable":true,"href":"https:\/\/schuhewiebarfuss.at\/shop\/wp-json\/wp\/v2\/product_brand?post=867255"},{"taxonomy":"product_cat","embeddable":true,"href":"https:\/\/schuhewiebarfuss.at\/shop\/wp-json\/wp\/v2\/product_cat?post=867255"},{"taxonomy":"product_tag","embeddable":true,"href":"https:\/\/schuhewiebarfuss.at\/shop\/wp-json\/wp\/v2\/product_tag?post=867255"}],"curies":[{"name":"wp","href":"https:\/\/api.w.org\/{rel}","templated":true}]}}