{"id":866318,"date":"2025-12-04T19:55:59","date_gmt":"2025-12-04T18:55:59","guid":{"rendered":"https:\/\/schuhewiebarfuss.at\/shop\/produkt\/kid-brisk-ii\/"},"modified":"2026-03-01T15:08:35","modified_gmt":"2026-03-01T14:08:35","slug":"kid-brisk-ii","status":"publish","type":"product","link":"https:\/\/schuhewiebarfuss.at\/shop\/produkt\/kid-brisk-ii\/","title":{"rendered":"Kid Brisk II"},"content":{"rendered":"<p>Kid Brisk II &#8211; Saguaros faltbare Barfu\u00df-Gummistiefel mit Fleece-Innenfutter f\u00fcr kalte Tage! <\/p>\n<p>Diese faltbaren Gummistiefel mit breiter Zehenbox sind super leicht und bestehen aus reinem Gummi (ohne PVC) und macht den Schuh somit superweich. F\u00fcr zus\u00e4tzlichen Komfort und W\u00e4rme sorgt das Fleece-Innfutter, w\u00e4hrend die gef\u00fcllte Kantennaht zwischen Obermaterial und Sohle die Haltbarkeit und Wasserbest\u00e4ndigkeit verbessert. Dies f\u00fcr Langlebigkeit sorgt und es dem Schuh erm\u00f6glicht, wiederholtem Biegen w\u00e4hrend des Tragens standzuhalten. Die Gummisohle mit speziellem Sohlenprofil ist so gestaltet, dass sie die Rutschfestigkeit verbessert wird und eine hervorragende Griffigkeit bietet, das f\u00fcr mehr Stabilit\u00e4t und Sicherheit in verschiedenen Umgebungen zu sorgt.<\/p>\n<p>Ausgestatte mit einem verstellbarem Schuhkragen-Design l\u00e4sst sich dieser Gummistiefel einfach an- und auszuziehen und passt sich verschiedenen Beinumf\u00e4ngen an. Diese Schuhe verf\u00fcgen \u00fcber eine breite Zehenbox, die Ihren Zehen mehr Platz und Komfort bietet und auch bei l\u00e4ngerem Tragen Freiheit und Vergn\u00fcgen gew\u00e4hrleistet.<\/p>\n<p>Der Kid Brisk II von Saguaro verhindert das Eindringen von Schlamm, Spritzwasser und Pf\u00fctzen und h\u00e4lt die F\u00fc\u00dfe sauber. Perfekt zum herumtollen an nassen, schlammigen Orten. Trotzt Regen und Schlamm! Diese Winterversion mit Fleecefutter verf\u00fcgt \u00fcber ein dickes Fleecefutter, das zus\u00e4tzliche W\u00e4rme, Trockenheit und Komfort bietet und so optimalen Schutz bei kaltem Wetter gew\u00e4hrleistet.<\/p>\n<p>Produktmerkmale:<\/p>\n<p>Wasserbest\u00e4ndigkeit: Hergestellt aus reinem Gummi, ohne PVC, gef\u00fcttert f\u00fcr zus\u00e4tzlichen Komfort, verhindert das Eindringen von Schlamm, Spritzwasser und Pf\u00fctzen<br \/>\nLeicht: Gr\u00f6\u00dfe 29 wiegt nur 529 g, sorgt f\u00fcr ein leichtes Tragegef\u00fchl.<br \/>\nEinfach an- und auszuziehen: Verstellbares Schuhkragen-Design, einfach an- und auszuziehen, passt sich verschiedenen Beinumf\u00e4ngen an<br \/>\nBreite Zehenbox: Diese Schuhe verf\u00fcgen \u00fcber eine breite Zehenbox, die Ihren Zehen mehr Platz und Komfort bietet und auch bei l\u00e4ngerem Tragen Freiheit und Vergn\u00fcgen gew\u00e4hrleistet<br \/>\nHohe Griffigkeit: Spezielles Sohlenprofil bietet hervorragende Griffigkeit und gew\u00e4hrleistet Stabilit\u00e4t beim Gehen<br \/>\nNahtversiegelungs-Upgrade: Die Kantennaht zwischen Obermaterial und Sohle ist nun gef\u00fcllt, um die Haltbarkeit und Wasserbest\u00e4ndigkeit zu verbessern<br \/>\nEinfach an- und auszuziehen: Verstellbares Schuhkragen-Design, einfach an- und auszuziehen, passt sich verschiedenen Beinumf\u00e4ngen an<br \/>\nVerbesserte rutschfeste Sohle: Die Sohle ist so gestaltet, dass sie die Rutschfestigkeit verbessert und somit f\u00fcr mehr Stabilit\u00e4t und Sicherheit in verschiedenen Umgebungen sorgt<\/p>\n<p>Anwendungsbereiche:<\/p>\n<p>Regenwetter: H\u00e4lt die F\u00fc\u00dfe trocken, keine Angst mehr vor Regen.<br \/>\nGartenarbeit: Sch\u00fctzt vor Schmutz und Feuchtigkeit bei der Arbeit im Garten oder auf dem Feld.<br \/>\nAutow\u00e4sche: Bietet vollst\u00e4ndigen Wasserschutz und h\u00e4lt die F\u00fc\u00dfe sauber.<br \/>\nOutdoor-Aktivit\u00e4ten: Ideal f\u00fcr Wandern, Camping und Angeln.<br \/>\nArbeiten auf dem Bauernhof und in der Viehzucht: Widersteht Schlamm und Feuchtigkeit, sorgt f\u00fcr Komfort und Sicherheit.<\/p>\n<p>Pflegehinweis:<\/p>\n<p>Einfache Reinigung: Mit warmem Wasser und Seife von Hand waschen. Das Au\u00dfenmaterial l\u00e4sst sich ganz einfacht mit einem Tuch abtrocknen.<br \/>\nNasses Innenmaterial: Stopfen sie Papiert\u00fccher in den Schuh und legen Sie ihn an einen gut bel\u00fcfteten Ort zum Lufttrocknen. Klatschnasse Schuhe grunds\u00e4tzlich nicht direkt auf oder vor der Heizung trocknen! Zu hei\u00dfes Trocknen sch\u00e4digt den Schuh: der Oberschuh kann schrumpfen, die Sohle kann sich l\u00f6sen.<br \/>\nNicht in der Waschmaschine waschen.<br \/>\nNicht im Trockner trocknen.<\/p>\n<p>Materialdetails:<\/p>\n<p>Obermaterial: Gummi<br \/>\nInnenfutter: Fleece<br \/>\nSohle: 3 mm Gummi<br \/>\nInnensohle: Fleece, herausnehmbar<br \/>\nAbsatz: Nullabsatz, keine H\u00f6hendifferenz zwischen Ferse und Vorderfu\u00df<br \/>\nVerschluss: Schnellverschluss<br \/>\nBesonderheiten: Wasserdicht, dickes Regenstiefel-Modell mit Fleece-Innenseite<br \/>\nMaterialhinweis: ohne PVC<br \/>\nHergestellt in China<\/p>\n<p>Innensohle &#8211; L\u00e4nge\/Breite (mm): &#8211; H\u00f6he au\u00dfen: 24-35: 244 mm<\/p>\n<p>Gr\u00f6\u00dfe: 24 &#8211; L\u00e4nge: 155 mm &#8211; Breite: 65 mm &#8211; Schaftrandumfang: 266 mm<br \/>\nGr\u00f6\u00dfe: 25 &#8211; L\u00e4nge: 162 mm &#8211; Breite: 67 mm &#8211; Schaftrandumfang: 272 mm<br \/>\nGr\u00f6\u00dfe: 26 &#8211; L\u00e4nge: 169 mm &#8211; Breite: 68 mm &#8211; Schaftrandumfang: 278 mm<br \/>\nGr\u00f6\u00dfe: 27 &#8211; L\u00e4nge: 175 mm &#8211; Breite: 69 mm &#8211; Schaftrandumfang: 284 mm<br \/>\nGr\u00f6\u00dfe: 28 &#8211; L\u00e4nge: 182 mm &#8211; Breite: 71 mm &#8211; Schaftrandumfang: 290 mm<br \/>\nGr\u00f6\u00dfe: 29 &#8211; L\u00e4nge: 189 mm &#8211; Breite: 72 mm &#8211; Schaftrandumfang: 296 mm<br \/>\nGr\u00f6\u00dfe: 30 &#8211; L\u00e4nge: 195 mm &#8211; Breite: 74 mm &#8211; Schaftrandumfang: 302 mm<br \/>\nGr\u00f6\u00dfe: 31 &#8211; L\u00e4nge: 202 mm &#8211; Breite: 75 mm &#8211; Schaftrandumfang: 308 mm<br \/>\nGr\u00f6\u00dfe: 32 &#8211; L\u00e4nge: 209 mm &#8211; Breite: 77 mm &#8211; Schaftrandumfang: 314 mm<\/p>\n<p>Saguaro setzt sich daf\u00fcr ein, Ihnen ein komfortables Barfu\u00dfschuh-Erlebnis zu bieten. Der Kinder Brisk II &#8211; Barfu\u00df-Gummistiefel ist ihr aktueller Schwerpunkt. Etwa 0,3 % der Produkte weisen Nahtleckagen und Sohlenabnutzung auf. Saguaros Ziel ist es, dies auf null zu reduzieren!<\/p>\n<p><b>Audio-Beschreibung<\/b><br \/><audio controls src=\"https:\/\/schuhewiebarfuss.at\/shop\/wp-content\/uploads\/lk\/9709_audio.wav\"><br \/>\n                                            Ihr Browser unterst\u00fctzt diese Audio-Ausgabe leider nicht.<br \/>\n                                            <\/ audio ><\/p>\n","protected":false},"excerpt":{"rendered":"<p>Saguaro KID BRISK II &#8211; Gummistiefel<\/p>\n<p>Faltbare Gummistiefel die Regentage zum Vergn\u00fcgen macht! Weiches, wasserdichtes Obermaterial mit rutschfester Sohle sorgt f\u00fcr sicheren Halt bei Regen oder auf schlammigem Untergrund. Leicht und einfach anzuziehen, damit Kinder unbeschwert die Welt erkunden k\u00f6nnen.! <\/p>\n","protected":false},"featured_media":866290,"comment_status":"open","ping_status":"closed","template":"","meta":[],"product_brand":[],"product_cat":[856],"product_tag":[3018,3080,3122,1393,1394,1395,1396,1397,1398,1399,1400,1401,3011,1382],"class_list":{"0":"post-866318","1":"product","2":"type-product","3":"status-publish","4":"has-post-thumbnail","6":"product_cat-damen-2","7":"product_tag-farbe-black","8":"product_tag-farbe-red","9":"product_tag-farbe-yellow","10":"product_tag-groesse-24","11":"product_tag-groesse-25","12":"product_tag-groesse-26","13":"product_tag-groesse-27","14":"product_tag-groesse-28","15":"product_tag-groesse-29","16":"product_tag-groesse-30","17":"product_tag-groesse-31","18":"product_tag-groesse-32","19":"product_tag-marke-saguaro","20":"product_tag-neu","22":"first","23":"instock","24":"taxable","25":"shipping-taxable","26":"purchasable","27":"product-type-variable"},"_links":{"self":[{"href":"https:\/\/schuhewiebarfuss.at\/shop\/wp-json\/wp\/v2\/product\/866318","targetHints":{"allow":["GET"]}}],"collection":[{"href":"https:\/\/schuhewiebarfuss.at\/shop\/wp-json\/wp\/v2\/product"}],"about":[{"href":"https:\/\/schuhewiebarfuss.at\/shop\/wp-json\/wp\/v2\/types\/product"}],"replies":[{"embeddable":true,"href":"https:\/\/schuhewiebarfuss.at\/shop\/wp-json\/wp\/v2\/comments?post=866318"}],"wp:featuredmedia":[{"embeddable":true,"href":"https:\/\/schuhewiebarfuss.at\/shop\/wp-json\/wp\/v2\/media\/866290"}],"wp:attachment":[{"href":"https:\/\/schuhewiebarfuss.at\/shop\/wp-json\/wp\/v2\/media?parent=866318"}],"wp:term":[{"taxonomy":"product_brand","embeddable":true,"href":"https:\/\/schuhewiebarfuss.at\/shop\/wp-json\/wp\/v2\/product_brand?post=866318"},{"taxonomy":"product_cat","embeddable":true,"href":"https:\/\/schuhewiebarfuss.at\/shop\/wp-json\/wp\/v2\/product_cat?post=866318"},{"taxonomy":"product_tag","embeddable":true,"href":"https:\/\/schuhewiebarfuss.at\/shop\/wp-json\/wp\/v2\/product_tag?post=866318"}],"curies":[{"name":"wp","href":"https:\/\/api.w.org\/{rel}","templated":true}]}}