{"id":847962,"date":"2025-10-14T18:22:35","date_gmt":"2025-10-14T16:22:35","guid":{"rendered":"https:\/\/schuhewiebarfuss.at\/shop\/produkt\/wildbienenstyle\/"},"modified":"2026-03-06T20:16:56","modified_gmt":"2026-03-06T19:16:56","slug":"wildbienenstyle","status":"publish","type":"product","link":"https:\/\/schuhewiebarfuss.at\/shop\/produkt\/wildbienenstyle\/","title":{"rendered":"wildbienenStyle"},"content":{"rendered":"<p>Blifestyle Wildbienenstyle Sneaker \u2013 jetzt als hochgeschnittene Herbst-\/Wintervariante mit warmem Merino-Fleece-Futter und praktischem seitlichen Rei\u00dfverschluss f\u00fcr einfaches An- und Ausziehen! Dieser zeitlose Klassiker verbindet elegantes Design mit funktionalem Komfort, speziell abgestimmt auf die Bed\u00fcrfnisse wachsender Kinderf\u00fc\u00dfe. <\/p>\n<p>Das Obermaterial aus hochwertigem Veloursleder bietet Langlebigkeit und angenehmen Tragekomfort, w\u00e4hrend die harmonischen Farbkombinationen jeden Look abrunden. Die flexible Barfu\u00dfsohle sorgt f\u00fcr nat\u00fcrliche Bewegungsfreiheit und unterst\u00fctzt eine gesunde Fu\u00dfentwicklung. Mit den Schn\u00fcrsenkel l\u00e4sst sich der Schuh an die individuelle Fu\u00dfform anpassen, w\u00e4hrend der seitliche Rei\u00dfverschluss ein leichtes an- und ausziehen erm\u00f6glicht. <\/p>\n<p>Der Oberschuh aus Bio-Nappa- und Veloursleder ist mit der entsprechenden Impr\u00e4gnierung wasserabweisend und zudem recht pflegeleicht. Farblich sticht der Schuh ein wenig heraus, bleibt aber schlicht genug, um sich f\u00fcr fast jeden Anlass zu empfehlen. <\/p>\n<p>Die robusten Barfu\u00dfschuhe von Blifestyle sind die perfekten Begleiter f\u00fcr dein Kind \u2013 egal ob beim Spielen im Garten, beim Toben im Kindergarten oder beim Spaziergang mit der Familie. Diese Halbschuhe bieten maximale Bewegungsfreiheit, Komfort und unterst\u00fctzen die gesunde Entwicklung kleiner Kinderf\u00fc\u00dfe. Die Wildbiene ist der perfekte Begleiter f\u00fcr kleine Entdecker, die warm, bequem und stylisch durch die kalte Jahreszeit gehen m\u00f6chten. <\/p>\n<p>Hinweis:<\/p>\n<p>&#8211; Die Sohle ist f\u00fcr das Tragen auf der Stra\u00dfe geeignet.<br \/>\n&#8211; Die Minimalsohle dieses Schuhs ist naturgem\u00e4\u00df sehr d\u00fcnn und generell nicht geeignet f\u00fcr Tretroller, zum Skaten, oder alle anderen Aktivit\u00e4ten, wo der Schuh \u00fcber den Asphalt geschliffen oder \u00e4hnlicher starker Reibung ausgesetzt wird.<br \/>\n&#8211; Nullsohle bedeutet: die Sohle des Schuhs ist \u00fcberall gleich dick, es gibt kein &#8222;Gef\u00e4lle&#8220;. Das ist gut f\u00fcr die K\u00f6rperhaltung.<br \/>\n&#8211; Der Hersteller konnte uns glaubhaft versichern, da\u00df er faire Arbeitsbedingungen gew\u00e4hrleistet. Das bedeutet: Arbeitsschutzgesetze sowie orts\u00fcbliche faire Bezahlung sind sichergestellt.<br \/>\n&#8211; Dieser Schuh ist wasserabweisend. Pf\u00fctzenhopsen oder nasse Wiesen sind damit aber nicht ratsam.<br \/>\n&#8211; Nachhaltige und faire Produktion in Portugal<br \/>\n&#8211; Alle Materialien stammen aus Europa und werden auch nur hier weiterverarbeitet<br \/>\n&#8211; Alle Materialien sind m\u00f6glichst schadstofffrei (kbA, GOTS, \u00d6ko-Tex, CADS, sowie pflanzlich gegerbte Bio Leder)<\/p>\n<p>Materialdetails:<\/p>\n<p>Obermaterial: Bio-Nappa- und Veloursleder<br \/>\nInnenfutter: Wollvlies, Merinowolle\/Polyester (80\/20)<br \/>\nSohle: Gummi (60% synth.\/40% organic)<br \/>\nInnensohle: Fleece vegan (PET)<br \/>\nAbsatz: Nullabsatz, keine H\u00f6hendifferenz zwischen Ferse und Vorderfu\u00df<br \/>\nVerschluss: Schn\u00fcrsenkel und seitlicher Rei\u00dfverschlusss<br \/>\nBesonderheiten: Atmungsaktiv, Pflegeleicht, Wassabweisend, sehr flexibel<br \/>\nPassform: normale bis mittlere Breite, normaler Rist<br \/>\nMaterialhinweis: Frei von sch\u00e4dlichen Materialien (gepr\u00fcft!)<br \/>\nGeeignet f\u00fcr Kinder im Alltag, Kindergarten oder Spielplatz<br \/>\nIdeal f\u00fcr Fr\u00fchjahr, \u00dcbergangszeit und den Alltag<br \/>\nHergestellt in Portugal &#8211; Dieses Produkt wird in der EU gefertigt, und das finden wir super!<\/p>\n<p>Hinweis: Kleine Kratzer, minimale Farbabweichungen, Insektenstiche oder \u00c4hnliche geh\u00f6ren zu den Merkmalen des verwendeten Bio-Leders und geben keinen Grund zur Reklamation. <\/p>\n<p>Pflegehinweis:<\/p>\n<p>Bioleder kann gewissen Merkmale wie Insektenstiche, Kratzer oder leichte Farbunterschiede aufweisen, welche aber zum einmaligen und nat\u00fcrlichen Charakter geh\u00f6ren. Jeder einzelne Schuh ist ein handgefertigtes Unikat, welcher die Handschrift des\/der Mitarbeiter*in tr\u00e4gt. Socken k\u00f6nnen sich bei starkem Schwitzen verf\u00e4rben. Um eine lange Haltbarkeit unseres Bioleders zu gew\u00e4hrleisten, ist ein guter Schutz vor N\u00e4sse und Feuchtigkeit essentiell.<\/p>\n<p>Bitte wasche deinen Schuh nicht in der Waschmaschine und s\u00e4ubere ihn nur mit einem geeigneten Reinigungsmittel. Wir empfehlen die Innensohle regelm\u00e4\u00dfig zum L\u00fcften aus dem Schuh zu nehmen und Staun\u00e4sse somit zu vermeiden. F\u00fcr optimale Produkteigenschaften sollten unsere Schuhe vor dem Einsatz impr\u00e4gniert werden, dies ist vor allem bei Schuhen mit Textilanteil wichtig.<\/p>\n<p>Innensohle &#8211; L\u00e4nge\/Breite (mm):<\/p>\n<p>Gr\u00f6\u00dfe: 27 &#8211; L\u00e4nge: 181 mm &#8211; Breite: 71 mm<br \/>\nGr\u00f6\u00dfe: 28 &#8211; L\u00e4nge: 188 mm &#8211; Breite: 71 mm<br \/>\nGr\u00f6\u00dfe: 29 &#8211; L\u00e4nge: 195 mm &#8211; Breite: 73 mm<br \/>\nGr\u00f6\u00dfe: 30 &#8211; L\u00e4nge: 201 mm &#8211; Breite: 75 mm<br \/>\nGr\u00f6\u00dfe: 31 &#8211; L\u00e4nge: 208 mm &#8211; Breite: 77 mm<br \/>\nGr\u00f6\u00dfe: 32 &#8211; L\u00e4nge: 215 mm &#8211; Breite: 79 mm<br \/>\nGr\u00f6\u00dfe: 33 &#8211; L\u00e4nge: 222 mm &#8211; Breite: 81 mm<\/p>\n<p>Hersteller:<\/p>\n<p>bLIFESTYLE GmbH<br \/>\nDornierstr. 4<br \/>\n71069 Sindelfingen<br \/>\nDeutschland<br \/>\nE-Mail: info@blifestyle.de<br \/>\nWebseite: www.blifetsyle.de<\/p>\n<p><b>Audio-Beschreibung<\/b><br \/><audio controls src=\"https:\/\/schuhewiebarfuss.at\/shop\/wp-content\/uploads\/lk\/9677_audio.wav\"><br \/>\n                                            Ihr Browser unterst\u00fctzt diese Audio-Ausgabe leider nicht.<br \/>\n                                            <\/ audio ><\/p>\n","protected":false},"excerpt":{"rendered":"<p>bLifestyle WILDBIENENSTYLE<\/p>\n<p>Weich gef\u00fcttert &amp; super bequem, mit Rei\u00dfverschluss &amp; flexibler Sohle perfekt f\u00fcr Kindergarten, Schule oder Freizeit.<\/p>\n","protected":false},"featured_media":848372,"comment_status":"open","ping_status":"closed","template":"","meta":[],"product_brand":[],"product_cat":[848],"product_tag":[1544,1371,1570,1396,1397,1398,1399,1400,1401,1402,2447,1382],"class_list":{"0":"post-847962","1":"product","2":"type-product","3":"status-publish","4":"has-post-thumbnail","6":"product_cat-winterschuhe-1","7":"product_tag-farbe-braun","8":"product_tag-farbe-grau","9":"product_tag-farbe-gruen","10":"product_tag-groesse-27","11":"product_tag-groesse-28","12":"product_tag-groesse-29","13":"product_tag-groesse-30","14":"product_tag-groesse-31","15":"product_tag-groesse-32","16":"product_tag-groesse-33","17":"product_tag-marke-blifestyle","18":"product_tag-neu","20":"first","21":"instock","22":"taxable","23":"shipping-taxable","24":"purchasable","25":"product-type-variable"},"_links":{"self":[{"href":"https:\/\/schuhewiebarfuss.at\/shop\/wp-json\/wp\/v2\/product\/847962","targetHints":{"allow":["GET"]}}],"collection":[{"href":"https:\/\/schuhewiebarfuss.at\/shop\/wp-json\/wp\/v2\/product"}],"about":[{"href":"https:\/\/schuhewiebarfuss.at\/shop\/wp-json\/wp\/v2\/types\/product"}],"replies":[{"embeddable":true,"href":"https:\/\/schuhewiebarfuss.at\/shop\/wp-json\/wp\/v2\/comments?post=847962"}],"wp:featuredmedia":[{"embeddable":true,"href":"https:\/\/schuhewiebarfuss.at\/shop\/wp-json\/wp\/v2\/media\/848372"}],"wp:attachment":[{"href":"https:\/\/schuhewiebarfuss.at\/shop\/wp-json\/wp\/v2\/media?parent=847962"}],"wp:term":[{"taxonomy":"product_brand","embeddable":true,"href":"https:\/\/schuhewiebarfuss.at\/shop\/wp-json\/wp\/v2\/product_brand?post=847962"},{"taxonomy":"product_cat","embeddable":true,"href":"https:\/\/schuhewiebarfuss.at\/shop\/wp-json\/wp\/v2\/product_cat?post=847962"},{"taxonomy":"product_tag","embeddable":true,"href":"https:\/\/schuhewiebarfuss.at\/shop\/wp-json\/wp\/v2\/product_tag?post=847962"}],"curies":[{"name":"wp","href":"https:\/\/api.w.org\/{rel}","templated":true}]}}