{"id":822530,"date":"2025-08-13T17:40:38","date_gmt":"2025-08-13T15:40:38","guid":{"rendered":"https:\/\/schuhewiebarfuss.at\/shop\/produkt\/waschbaerstyle\/"},"modified":"2026-04-03T19:09:45","modified_gmt":"2026-04-03T17:09:45","slug":"waschbaerstyle","status":"publish","type":"product","link":"https:\/\/schuhewiebarfuss.at\/shop\/produkt\/waschbaerstyle\/","title":{"rendered":"waschb\u00e4rStyle"},"content":{"rendered":"<p>Der zeitlose Bio-Schuh &#8222;Waschb\u00e4r&#8220; aus dem Hause bLifestyle ist in der \u00dcbergangszeit nicht mehr wegzudenken. <\/p>\n<p>Der Oberschuh aus Bio-Nappa- und Veloursleder ist mit der entsprechenden Impr\u00e4gnierung wasserabweisend und zudem recht pflegeleicht. Farblich sticht der Schuh ein wenig heraus, bleibt aber schlicht genug, um sich f\u00fcr fast jeden Anlass zu empfehlen. <\/p>\n<p>Die robusten Barfu\u00dfschuhe Waschb\u00e4rStyle von Blifestyle sind die perfekten Begleiter f\u00fcr dein Kind \u2013 egal ob beim Spielen im Garten, beim Toben im Kindergarten oder beim Spaziergang mit der Familie. Diese Halbschuhe bieten maximale Bewegungsfreiheit, Komfort und unterst\u00fctzen die gesunde Entwicklung kleiner Kinderf\u00fc\u00dfe.<\/p>\n<p>Das weiche Obermaterial aus Bio-Nappaleder sorgt f\u00fcr Langlebigkeit und ein angenehmes Tragegef\u00fchl, w\u00e4hrend das Innenfutter aus Leder f\u00fcr ein angenehmes Flu\u00dfklima sorgtt. Die besonders d\u00fcnne und flexible Barfu\u00dfsohle (ca. 4 mm) aus einer Mischung aus synthetischem Kautschuk und Kork erm\u00f6glicht ein nat\u00fcrliches Laufgef\u00fchl \u2013 fast wie barfu\u00df! Der praktische Klettverschluss erleichtert das An- und Ausziehen und sorgt f\u00fcr sicheren Halt im Alltag.<\/p>\n<p>Hinweis:<\/p>\n<p>&#8211; Die Sohle ist f\u00fcr das Tragen auf der Stra\u00dfe geeignet.<br \/>\n&#8211; Die Minimalsohle dieses Schuhs ist naturgem\u00e4\u00df sehr d\u00fcnn und generell nicht geeignet f\u00fcr Tretroller, zum Skaten, oder alle anderen Aktivit\u00e4ten, wo der Schuh \u00fcber den Asphalt geschliffen oder \u00e4hnlicher starker Reibung ausgesetzt wird.<br \/>\n&#8211; Nullsohle bedeutet: die Sohle des Schuhs ist \u00fcberall gleich dick, es gibt kein &#8222;Gef\u00e4lle&#8220;. Das ist gut f\u00fcr die K\u00f6rperhaltung.<br \/>\n&#8211; Der Hersteller konnte uns glaubhaft versichern, da\u00df er faire Arbeitsbedingungen gew\u00e4hrleistet. Das bedeutet: Arbeitsschutzgesetze sowie orts\u00fcbliche faire Bezahlung sind sichergestellt.<br \/>\n&#8211; Dieser Schuh ist wasserabweisend. Pf\u00fctzenhopsen oder nasse Wiesen sind damit aber nicht ratsam.<br \/>\n&#8211; Nachhaltige und faire Produktion in Portugal<br \/>\n&#8211; Alle Materialien stammen aus Europa und werden auch nur hier weiterverarbeitet<br \/>\n&#8211; Alle Materialien sind m\u00f6glichst schadstofffrei (kbA, GOTS, \u00d6ko-Tex, CADS, sowie pflanzlich gegerbte Bio Leder)<\/p>\n<p>Materialdetails:<\/p>\n<p>Obermaterial: Bio-Nappa- und Veloursleder<br \/>\nInnenfutter: Bio-Nappa-Leder, atmungsaktiv<br \/>\nSohle: 70% synthetischem Kautschuk &amp; 30% Kork, 4 mm d\u00fcnn<br \/>\nInnensohle: OnSteam\u00ae \u2013 feuchtigkeitsregulierend f\u00fcr ein angenehmes Fu\u00dfklima<br \/>\nAbsatz: Nullabsatz, keine H\u00f6hendifferenz zwischen Ferse und Vorderfu\u00df<br \/>\nVerschluss: Klettverschluss<br \/>\nBesonderheiten: mit Waschb\u00e4r-Pr\u00e4gung, Atmungsaktiv, Pflegeleicht, Wassabweisend, sehr flexibel<br \/>\nPassform: normale bis mittlere Breite, normaler Rist<br \/>\nMaterialhinweis: Frei von sch\u00e4dlichen Materialien (gepr\u00fcft!)<br \/>\nGeeignet f\u00fcr Kinder im Alltag, Kindergarten oder Spielplatz<br \/>\nIdeal f\u00fcr Fr\u00fchjahr, \u00dcbergangszeit und den Alltag<br \/>\nHergestellt in Portugal &#8211; Dieses Produkt wird in der EU gefertigt, und das finden wir super!<\/p>\n<p>Hinweis: Kleine Kratzer, minimale Farbabweichungen, Insektenstiche oder \u00c4hnliche geh\u00f6ren zu den Merkmalen des verwendeten Bio-Leders und geben keinen Grund zur Reklamation. <\/p>\n<p>Pflegehinweis:<\/p>\n<p>Bioleder kann gewissen Merkmale wie Insektenstiche, Kratzer oder leichte Farbunterschiede aufweisen, welche aber zum einmaligen und nat\u00fcrlichen Charakter geh\u00f6ren. Jeder einzelne Schuh ist ein handgefertigtes Unikat, welcher die Handschrift des\/der Mitarbeiter*in tr\u00e4gt. Socken k\u00f6nnen sich bei starkem Schwitzen verf\u00e4rben. Um eine lange Haltbarkeit unseres Bioleders zu gew\u00e4hrleisten, ist ein guter Schutz vor N\u00e4sse und Feuchtigkeit essentiell.<\/p>\n<p>Bitte wasche deinen Schuh nicht in der Waschmaschine und s\u00e4ubere ihn nur mit einem geeigneten Reinigungsmittel. Wir empfehlen die Innensohle regelm\u00e4\u00dfig zum L\u00fcften aus dem Schuh zu nehmen und Staun\u00e4sse somit zu vermeiden. F\u00fcr optimale Produkteigenschaften sollten unsere Schuhe vor dem Einsatz impr\u00e4gniert werden, dies ist vor allem bei Schuhen mit Textilanteil wichtig.<\/p>\n<p>Innensohle &#8211; L\u00e4nge\/Breite (mm):<\/p>\n<p>Gr\u00f6\u00dfe: 20 &#8211; Fu\u00dfl\u00e4nge: 133 mm &#8211; Zehenbreite: 58 mm &#8211; Fersenbreite: 40 mm<br \/>\nGr\u00f6\u00dfe: 21 &#8211; Fu\u00dfl\u00e4nge: 140 mm &#8211; Zehenbreite: 60 mm &#8211; Fersenbreite: 40 mm<br \/>\nGr\u00f6\u00dfe: 22 &#8211; Fu\u00dfl\u00e4nge: 145 mm &#8211; Zehenbreite: 62 mm &#8211; Fersenbreite: 41 mm<br \/>\nGr\u00f6\u00dfe: 23 &#8211; Fu\u00dfl\u00e4nge: 153 mm &#8211; Zehenbreite: 63 mm &#8211; Fersenbreite: 42 mm<br \/>\nGr\u00f6\u00dfe: 24 &#8211; Fu\u00dfl\u00e4nge: 159 mm &#8211; Zehenbreite: 65 mm &#8211; Fersenbreite: 44 mm<br \/>\nGr\u00f6\u00dfe: 25 &#8211; Fu\u00dfl\u00e4nge: 166 mm &#8211; Zehenbreite: 67 mm &#8211; Fersenbreite: 44 mm<\/p>\n<p>Hersteller:<\/p>\n<p>bLIFESTYLE GmbH<br \/>\nDornierstr. 4<br \/>\n71069 Sindelfingen<br \/>\nDeutschland<br \/>\nE-Mail: info@blifestyle.de<br \/>\nWebseite: www.blifetsyle.de<\/p>\n<p><b>Audio-Beschreibung<\/b><br \/><audio controls src=\"https:\/\/schuhewiebarfuss.at\/shop\/wp-content\/uploads\/lk\/9674_audio.wav\"><br \/>\n                                            Ihr Browser unterst\u00fctzt diese Audio-Ausgabe leider nicht.<br \/>\n                                            <\/ audio ><\/p>\n","protected":false},"excerpt":{"rendered":"<p>bLifestyle WASCHB\u00c4RSTYLE<\/p>\n<p>\u00dcbergangsschuh f\u00fcr kleine Abenteurer und St\u00e4dtebummler.<\/p>\n","protected":false},"featured_media":824542,"comment_status":"open","ping_status":"closed","template":"","meta":[],"product_brand":[],"product_cat":[845],"product_tag":[1479,1544,1413,1385,1390,1391,1392,1393,1394,2447,1382],"class_list":{"0":"post-822530","1":"product","2":"type-product","3":"status-publish","4":"has-post-thumbnail","6":"product_cat-lifestyle-1","7":"product_tag-farbe-blau","8":"product_tag-farbe-braun","9":"product_tag-farbe-tuerkis","10":"product_tag-groesse-20","11":"product_tag-groesse-21","12":"product_tag-groesse-22","13":"product_tag-groesse-23","14":"product_tag-groesse-24","15":"product_tag-groesse-25","16":"product_tag-marke-blifestyle","17":"product_tag-neu","19":"first","20":"instock","21":"taxable","22":"shipping-taxable","23":"purchasable","24":"product-type-variable"},"_links":{"self":[{"href":"https:\/\/schuhewiebarfuss.at\/shop\/wp-json\/wp\/v2\/product\/822530","targetHints":{"allow":["GET"]}}],"collection":[{"href":"https:\/\/schuhewiebarfuss.at\/shop\/wp-json\/wp\/v2\/product"}],"about":[{"href":"https:\/\/schuhewiebarfuss.at\/shop\/wp-json\/wp\/v2\/types\/product"}],"replies":[{"embeddable":true,"href":"https:\/\/schuhewiebarfuss.at\/shop\/wp-json\/wp\/v2\/comments?post=822530"}],"wp:featuredmedia":[{"embeddable":true,"href":"https:\/\/schuhewiebarfuss.at\/shop\/wp-json\/wp\/v2\/media\/824542"}],"wp:attachment":[{"href":"https:\/\/schuhewiebarfuss.at\/shop\/wp-json\/wp\/v2\/media?parent=822530"}],"wp:term":[{"taxonomy":"product_brand","embeddable":true,"href":"https:\/\/schuhewiebarfuss.at\/shop\/wp-json\/wp\/v2\/product_brand?post=822530"},{"taxonomy":"product_cat","embeddable":true,"href":"https:\/\/schuhewiebarfuss.at\/shop\/wp-json\/wp\/v2\/product_cat?post=822530"},{"taxonomy":"product_tag","embeddable":true,"href":"https:\/\/schuhewiebarfuss.at\/shop\/wp-json\/wp\/v2\/product_tag?post=822530"}],"curies":[{"name":"wp","href":"https:\/\/api.w.org\/{rel}","templated":true}]}}