{"id":778234,"date":"2025-05-03T18:57:39","date_gmt":"2025-05-03T16:57:39","guid":{"rendered":"https:\/\/schuhewiebarfuss.at\/shop\/produkt\/dream-iii-schwarz\/"},"modified":"2026-03-10T20:44:01","modified_gmt":"2026-03-10T19:44:01","slug":"dream-iii-schwarz","status":"publish","type":"product","link":"https:\/\/schuhewiebarfuss.at\/shop\/produkt\/dream-iii-schwarz\/","title":{"rendered":"Dream III Schwarz"},"content":{"rendered":"<p>Der Saguaro Dream III ist ideal f\u00fcr formelle Anl\u00e4sse und erg\u00e4nzt Ihr B\u00fcrooutfit. Kleiden Sie sich mit minimalistischen Barfu\u00df-Business Schuhen, die durch Nullabsatz, breite Zehenbox und ultraleichtes Design gekennzeichnet sind, f\u00fcr ein barfu\u00df\u00e4hnliches Komfortgef\u00fchl im B\u00fcro oder jedem anderen formellen Raum. <\/p>\n<p>Mit seiner ger\u00e4umigen Zehenbox, die ausreichend Platz bietet und eine perfekte Passform f\u00fcr Ihre F\u00fc\u00dfe, erm\u00f6glichen Ihnen diese Schuhe, die Anforderungen der t\u00e4glichen Arbeit m\u00fchelos zu bew\u00e4ltigen und eine nat\u00fcrliche und bequeme Haltung beizubehalten. Das Ober- und Innenmaterial besteht aus Mikrofaserleder, die Innenseite aus Mikrofaser-Wildleder. Diese veganen Lederschuhe erf\u00fcllen nicht nur die Kleiderordnungsanforderungen, sondern bieten auch Barfu\u00df-Komfort und Spritzwassergeschutz.<\/p>\n<p>Die 4 mm dicke Naturkautschuksohle mit Nullsprengung ist flexibel und sto\u00dffrei und erm\u00f6glicht so eine nat\u00fcrliche Fu\u00dfbewegung. Erleben Sie die Bewegungsfreiheit und bleiben Sie mit der Natur verbunden, egal ob bei der Arbeit oder in Ihrer Freizeit. Dank des leichten, kappenfreien Designs sind sie den ganzen Tag bequem zu tragen. Minimalistisch und vielseitig, geeignet als Anzugschuhe oder f\u00fcr den t\u00e4glichen Spaziergang &#8211; ein flaches und d\u00fcnnes Design f\u00fcr ein ultimatives Barfu\u00dfgef\u00fchl.<\/p>\n<p>Extremes Leichtgewicht, ohne unn\u00f6tige Belastung f\u00fcr Ihre F\u00fc\u00dfe, jedes Paar wiegt nur 210g (basierend auf Gr\u00f6\u00dfe EU 39). Au\u00dferdem sind sie leicht zu reinigen \u2013 einfach mit einem Tuch.<\/p>\n<p>*Kleine M\u00e4ngel sind m\u00f6glich. Dies ist normal und stellt keinen Herstellungsfehler dar, sofern sie die Nutzung nicht beeintr\u00e4chtigen. Auch Abnutzung durch normale Nutzung oder Reibung stellt keinen Herstellungsfehler dar.<\/p>\n<p>Materialdetails:<\/p>\n<p>Obermaterial: Mikrofaserleder<br \/>\nInnenfutter: Wildleder-Mikrofaser<br \/>\nSohle: 4 mm Naturkautschuksohle<br \/>\nInnensohle: PU-Schaumstoff, herausnehmbar<br \/>\nAbsatz: Nullabsatz, keine H\u00f6hendifferenz zwischen Ferse und Vorderfu\u00df<br \/>\nVerschluss: Schn\u00fcrsenkel<br \/>\nBesonderheiten: Spritzwassergesch\u00fctzt<br \/>\nHergestellt in China<\/p>\n<p>Nachhaltigkeit:<\/p>\n<p>Der PU-Schaumstoff in den Einlegesohlen ist ein beliebtes und nachhaltiges Material, das keine sch\u00e4dlichen Stoffe enth\u00e4lt. Er erf\u00fcllt die Anforderungen internationaler Umweltorganisationen vollst\u00e4ndig.<br \/>\nEr ist in der Regel recycelbar oder kann etwa f\u00fcnf Jahre lang im Boden vergraben werden, um sich abzubauen. Es kann recycelt und zu recycelter Baumwolle verarbeitet werden.<\/p>\n<p>Pflegehinweis:<\/p>\n<p>Vermeiden Sie das Waschen mit Wasser: Unsere Wildlederschuhe sind nicht zum Waschen mit Wasser geeignet. Wenn eine Reinigung erforderlich ist, verwenden Sie bitte spezielle Reinigungsprodukte oder lassen Sie sie chemisch reinigen.<br \/>\nNat\u00fcrliches Lufttrocknen: Wenn die Schuhe nass werden, setzen Sie sie nicht direkt der Sonne aus. Wickeln Sie sie stattdessen in feuchte Papiert\u00fccher und legen Sie sie an einen gut bel\u00fcfteten Ort zum Lufttrocknen.<br \/>\nUmgang mit Verf\u00e4rbungen: Wenn Ihre Schuhe (insbesondere die wei\u00dfen) sich verf\u00e4rben, k\u00f6nnen Sie versuchen, sie vorsichtig mit Wasserstoffperoxid abzuwischen.<\/p>\n<p>Innensohle &#8211; L\u00e4nge\/Breite (mm):<\/p>\n<p>Gr\u00f6\u00dfe: 36 &#8211; L\u00e4nge: 235 mm &#8211; Breite: 85 mm<br \/>\nGr\u00f6\u00dfe: 37 &#8211; L\u00e4nge: 241 mm &#8211; Breite: 87 mm<br \/>\nGr\u00f6\u00dfe: 38 &#8211; L\u00e4nge: 248 mm &#8211; Breite: 88 mm<br \/>\nGr\u00f6\u00dfe: 39 &#8211; L\u00e4nge: 255 mm &#8211; Breite: 90 mm<br \/>\nGr\u00f6\u00dfe: 40 &#8211; L\u00e4nge: 262 mm &#8211; Breite: 91 mm<br \/>\nGr\u00f6\u00dfe: 41 &#8211; L\u00e4nge: 268 mm &#8211; Breite: 93 mm<br \/>\nGr\u00f6\u00dfe: 42 &#8211; L\u00e4nge: 275 mm &#8211; Breite: 94 mm<br \/>\nGr\u00f6\u00dfe: 43 &#8211; L\u00e4nge: 282 mm &#8211; Breite: 96 mm<br \/>\nGr\u00f6\u00dfe: 44 &#8211; L\u00e4nge: 288 mm &#8211; Breite: 97 mm<br \/>\nGr\u00f6\u00dfe: 45 &#8211; L\u00e4nge: 295 mm &#8211; Breite: 99 mm<\/p>\n<p><b>Audio-Beschreibung<\/b><br \/><audio controls src=\"https:\/\/schuhewiebarfuss.at\/shop\/wp-content\/uploads\/lk\/9650_audio.wav\"><br \/>\n                                            Ihr Browser unterst\u00fctzt diese Audio-Ausgabe leider nicht.<br \/>\n                                            <\/ audio ><\/p>\n","protected":false},"excerpt":{"rendered":"<p>Saguaro DREAM III<\/p>\n<p>Kleiderordnungskonforme Lederschuhe f\u00fcr Barfu\u00dfgehen, spritzwassergesch\u00fctzt und leicht mit einem Tuch zu reinigen.<\/p>\n","protected":false},"featured_media":778483,"comment_status":"open","ping_status":"closed","template":"","meta":[],"product_brand":[],"product_cat":[851],"product_tag":[1362,1368,1373,1374,1375,1376,1377,1378,1379,1380,3011],"class_list":{"0":"post-778234","1":"product","2":"type-product","3":"status-publish","4":"has-post-thumbnail","6":"product_cat-lifestyle-3","7":"product_tag-groesse-36","8":"product_tag-groesse-37","9":"product_tag-groesse-38","10":"product_tag-groesse-39","11":"product_tag-groesse-40","12":"product_tag-groesse-41","13":"product_tag-groesse-42","14":"product_tag-groesse-43","15":"product_tag-groesse-44","16":"product_tag-groesse-45","17":"product_tag-marke-saguaro","19":"first","20":"instock","21":"taxable","22":"shipping-taxable","23":"purchasable","24":"product-type-variable"},"_links":{"self":[{"href":"https:\/\/schuhewiebarfuss.at\/shop\/wp-json\/wp\/v2\/product\/778234","targetHints":{"allow":["GET"]}}],"collection":[{"href":"https:\/\/schuhewiebarfuss.at\/shop\/wp-json\/wp\/v2\/product"}],"about":[{"href":"https:\/\/schuhewiebarfuss.at\/shop\/wp-json\/wp\/v2\/types\/product"}],"replies":[{"embeddable":true,"href":"https:\/\/schuhewiebarfuss.at\/shop\/wp-json\/wp\/v2\/comments?post=778234"}],"wp:featuredmedia":[{"embeddable":true,"href":"https:\/\/schuhewiebarfuss.at\/shop\/wp-json\/wp\/v2\/media\/778483"}],"wp:attachment":[{"href":"https:\/\/schuhewiebarfuss.at\/shop\/wp-json\/wp\/v2\/media?parent=778234"}],"wp:term":[{"taxonomy":"product_brand","embeddable":true,"href":"https:\/\/schuhewiebarfuss.at\/shop\/wp-json\/wp\/v2\/product_brand?post=778234"},{"taxonomy":"product_cat","embeddable":true,"href":"https:\/\/schuhewiebarfuss.at\/shop\/wp-json\/wp\/v2\/product_cat?post=778234"},{"taxonomy":"product_tag","embeddable":true,"href":"https:\/\/schuhewiebarfuss.at\/shop\/wp-json\/wp\/v2\/product_tag?post=778234"}],"curies":[{"name":"wp","href":"https:\/\/api.w.org\/{rel}","templated":true}]}}