{"id":777587,"date":"2025-05-03T16:21:38","date_gmt":"2025-05-03T14:21:38","guid":{"rendered":"https:\/\/schuhewiebarfuss.at\/shop\/produkt\/vapor-glove-6-boa-damen\/"},"modified":"2026-03-01T15:55:37","modified_gmt":"2026-03-01T14:55:37","slug":"vapor-glove-6-boa-damen","status":"publish","type":"product","link":"https:\/\/schuhewiebarfuss.at\/shop\/produkt\/vapor-glove-6-boa-damen\/","title":{"rendered":"Vapor Glove 6 BOA Damen"},"content":{"rendered":"<p>Die Merrell Damen Vapor Glove 6 Boa sind extrem leichte Barfu\u00dflaufschuhe und vermitteln durch ihre sehr d\u00fcnne Sohle in Verbindung mit flacher Fu\u00dfposition direkten Bodenkontakt. Egal, ob als Laufschuh f\u00fcr leichte Trails oder als Sneaker, der minimalistische Schuh erm\u00f6glicht eine neutrale K\u00f6rperhaltung und unterst\u00fctzt die nat\u00fcrliche Schrittbewegung sowie Fu\u00dfsensorik optimal.<\/p>\n<p>Die vorliegende Version punktet nat\u00fcrlich mit dem genialen Boa\u00ae Fit System. Das Drehrad erm\u00f6glicht eine schnelle, hochgenaue Einstellung und h\u00e4lt diese auch sehr stabil.<\/p>\n<p>F\u00fcr minimalistischen Schutz vor Verletzungen durch spitze Steine und andere, unangenehme Trailunebenheiten sorgt die mit einem neuen, 2,5 mm tiefen, aggressiveren Profil ausgestattete Sohle. Die F\u00fc\u00dfe k\u00f6nnen den Untergrund aber trotzdem sehr sensibel wahrnehmen &#8211; eine wichtige Voraussetzung f\u00fcr die schnelle und pr\u00e4zise Bewegungskoordination. Zudem wird eine optimale Kr\u00e4ftigung von Fu\u00df- und Beinmuskulatur gef\u00f6rdert.<\/p>\n<p>Trotz einfachem Konzept, socken\u00e4hnlichem Sitz, leichtem, atmungsaktivem und schnell trocknendem Material besitzt der Vapor Glove 6 Boa mit seiner griffigen Vibram\u00ae Sohle ausreichend Grip und Schutz f\u00fcr kurze, intensive Trainingseinheiten im Gel\u00e4nde. <\/p>\n<p>Weiteres Highlight ist der Recycling-Anteil im Oberschuh und in der Laufsohle.<\/p>\n<p>Materialdetails:<\/p>\n<p>Obermaterial: leichtes Mesh-Obermaterial (100% recycelt), aus nat\u00fcrlichen und synthetischen Textilien, Polyester, Polyurethan<br \/>\nInnenfutter: 100% aus Recyclingmaterial, aus nat\u00fcrlichen und synthetischen Textilien, Polyester, Cleansport NXT\u2122<br \/>\nSohle: Vibram\u00ae EcoStep Gummi-Au\u00dfensohle (30% Recycling-Gummi) sorgt f\u00fcr optimalen Grip und Flexibilit\u00e4t<br \/>\nZwischensohle: FloatPro Foam-Mittelsohle f\u00fcr sanfte D\u00e4mpfung ohne Kompromisse<br \/>\nInnensohle: Decksohle der Innensohle aus 100% Recyclingmaterial, EVA der integrierten Innensohle (30% recycelt)<br \/>\nAbsatz: Nullabsatz, keine H\u00f6hendifferenz zwischen Ferse und Vorderfu\u00df<br \/>\nVerschluss: BOA-Drehschn\u00fcrsystem erm\u00f6glicht pr\u00e4zise Anpassung und sicheren Halt<br \/>\nBesonderheiten: Breite Zehenbox bietet Komfort und Bewegungsfreiheit<br \/>\nMaterialhinweis: atmungsaktiv, Schnell trocknend<br \/>\nSohlenh\u00f6he (Ferse): 6 mm<br \/>\nProfiltiefe: 2.50 mm<br \/>\nGewicht: 310 g (Gr\u00f6\u00dfe EU 38)<br \/>\nEinsatzbereich: Freizeit, Trailrunning, Wandern<\/p>\n<p>Innensohle &#8211; L\u00e4nge (mm):<\/p>\n<p>Gr\u00f6\u00dfe: 36 &#8211; L\u00e4nge: 230 mm<br \/>\nGr\u00f6\u00dfe: 37 &#8211; L\u00e4nge: 235 mm<br \/>\nGr\u00f6\u00dfe: 38 &#8211; L\u00e4nge: 245 mm<br \/>\nGr\u00f6\u00dfe: 39 &#8211; L\u00e4nge: 255 mm<br \/>\nGr\u00f6\u00dfe: 40 &#8211; L\u00e4nge: 260 mm<br \/>\nGr\u00f6\u00dfe: 41 &#8211; L\u00e4nge: 270 mm<br \/>\nGr\u00f6\u00dfe: 42 &#8211; L\u00e4nge: 275 mm<\/p>\n<p><b>Audio-Beschreibung<\/b><br \/><audio controls src=\"https:\/\/schuhewiebarfuss.at\/shop\/wp-content\/uploads\/lk\/9653_audio.wav\"><br \/>\n                                            Ihr Browser unterst\u00fctzt diese Audio-Ausgabe leider nicht.<br \/>\n                                            <\/ audio ><\/p>\n","protected":false},"excerpt":{"rendered":"<p>Merrell VAPOR GLOVE 6 BOA<\/p>\n<p>Extrem leichter Barfu\u00dflaufschuh mit Boa\u00ae-Drehschn\u00fcrung und d\u00fcnner Profilsohle f\u00fcr direkten Bodenkontakt auf leichten Trails &#8211; dieser Barfu\u00dfschuh l\u00e4sst Dich die Natur unter Deinen F\u00fc\u00dfen sp\u00fcren!<\/p>\n","protected":false},"featured_media":777639,"comment_status":"open","ping_status":"closed","template":"","meta":[],"product_brand":[],"product_cat":[832],"product_tag":[1408,1651,1362,1368,1373,1374,1375,1376,1377,2468],"class_list":{"0":"post-777587","1":"product","2":"type-product","3":"status-publish","4":"has-post-thumbnail","6":"product_cat-sport-1","7":"product_tag-farbe-schwarz","8":"product_tag-farbe-weiss","9":"product_tag-groesse-36","10":"product_tag-groesse-37","11":"product_tag-groesse-38","12":"product_tag-groesse-39","13":"product_tag-groesse-40","14":"product_tag-groesse-41","15":"product_tag-groesse-42","16":"product_tag-marke-merrell","18":"first","19":"instock","20":"taxable","21":"shipping-taxable","22":"purchasable","23":"product-type-variable"},"_links":{"self":[{"href":"https:\/\/schuhewiebarfuss.at\/shop\/wp-json\/wp\/v2\/product\/777587","targetHints":{"allow":["GET"]}}],"collection":[{"href":"https:\/\/schuhewiebarfuss.at\/shop\/wp-json\/wp\/v2\/product"}],"about":[{"href":"https:\/\/schuhewiebarfuss.at\/shop\/wp-json\/wp\/v2\/types\/product"}],"replies":[{"embeddable":true,"href":"https:\/\/schuhewiebarfuss.at\/shop\/wp-json\/wp\/v2\/comments?post=777587"}],"wp:featuredmedia":[{"embeddable":true,"href":"https:\/\/schuhewiebarfuss.at\/shop\/wp-json\/wp\/v2\/media\/777639"}],"wp:attachment":[{"href":"https:\/\/schuhewiebarfuss.at\/shop\/wp-json\/wp\/v2\/media?parent=777587"}],"wp:term":[{"taxonomy":"product_brand","embeddable":true,"href":"https:\/\/schuhewiebarfuss.at\/shop\/wp-json\/wp\/v2\/product_brand?post=777587"},{"taxonomy":"product_cat","embeddable":true,"href":"https:\/\/schuhewiebarfuss.at\/shop\/wp-json\/wp\/v2\/product_cat?post=777587"},{"taxonomy":"product_tag","embeddable":true,"href":"https:\/\/schuhewiebarfuss.at\/shop\/wp-json\/wp\/v2\/product_tag?post=777587"}],"curies":[{"name":"wp","href":"https:\/\/api.w.org\/{rel}","templated":true}]}}