{"id":777449,"date":"2025-05-03T15:15:07","date_gmt":"2025-05-03T13:15:07","guid":{"rendered":"https:\/\/schuhewiebarfuss.at\/shop\/produkt\/wrapt-buckle-nubuck-damen\/"},"modified":"2026-04-16T23:45:30","modified_gmt":"2026-04-16T21:45:30","slug":"wrapt-buckle-nubuck-damen","status":"publish","type":"product","link":"https:\/\/schuhewiebarfuss.at\/shop\/produkt\/wrapt-buckle-nubuck-damen\/","title":{"rendered":"Wrapt Buckle Nubuck Damen"},"content":{"rendered":"<p>Mit den Barfu\u00dfschuhen Merrell WRAPT BUCKLE NUBUCK kannst du bei jedem Schritt die Freiheit erleben. Dank der nat\u00fcrlichen Form, die sich den Konturen deines Fu\u00dfes anpasst, und der besonders griffigen Gummisohle hast du das Gef\u00fchl, barfu\u00df zu gehen. Die strapazierf\u00e4hige Merrell Quantum Grip\u2122-Gummiau\u00dfensohle sorgt selbst unter den extremsten Bedingungen auf dem Trail f\u00fcr Sicherheit. <\/p>\n<p>Dieser vielseitige Hybridschuh mit aggressiver Gummisohle hat die Passform unserer popul\u00e4ren Barefoot Kollektion: Das Design ahmt die Form des menschlichen Fu\u00dfes nach.<\/p>\n<p>Materialdetails:<\/p>\n<p>Obermaterial: Nubukleder<br \/>\nInnenfutter: Atmungsaktives Mesh-Innenfutter aus zu 100 % recyceltem Material<br \/>\nSohle: Langlebige Quantum Grip\u2122 Laufsohle aus Gummi von Merrell, die selbst in extremem Terrain Halt gibt, weicher und leichter durch innere EVA-Konstruktion<br \/>\nInnensohle: Mesh-Lage auf dem Fu\u00dfbett aus zu 100 % recyceltem Material, nicht herausnehmbar<br \/>\nAbsatz: Nullabsatz, keine H\u00f6hendifferenz zwischen Ferse und Vorderfu\u00df<br \/>\nVerschluss: Schnallenverschluss f\u00fcr einfaches An- und Ausziehen, zu 100 % recycelte B\u00e4nder<br \/>\nBesonderheiten: Nat\u00fcrlich geruchshemmende Cleansport NXT Technologie, Merrell Barefoot 2 Konstruktion unterst\u00fctzt die nat\u00fcrlichen Bewegungen der F\u00fc\u00dfe<br \/>\nMaterialhinweis: Mit NXT-Schutz behandelt, um unangenehme Ger\u00fcche zu verhindern, Gewebe aus zu 100 % recyceltem Material<br \/>\nH\u00f6he der Zwischensohle: 13 mm<br \/>\nGewicht: ca. 430 g<\/p>\n<p>BAREFOOT<\/p>\n<p>Bei der BAREFOOT Technologie geht man davon aus, dass der Mensch instinktiv richtig l\u00e4uft. Aus diesem Grunde gibt es bei diesen Schuhen in der H\u00f6he der Sohle zwischen Ferse und Fu\u00dfspitze keinen Unterschied. Dadurch wird der Mensch sozusagen zu seinem nat\u00fcrlichen Laufverhalten gezwungen und da alle notwendigen Muskeln mobilisiert werden, kommt es nicht zu \u00dcberlastungen in einzelnen Bereichen.<\/p>\n<p>Die Technologie wird eingesetzt von:<\/p>\n<p>CLEANSPORT NXT<\/p>\n<p>Cleansport NXT ist eine innovative Technologie, die Schuhe und Ausr\u00fcstung vor unangenehmen Ger\u00fcchen sch\u00fctzt. Sie wendet dabei ein fortschrittliches Verfahren mit n\u00fctzlichen Bakterien an, die auf jeden Quadratzentimeter des Gewebes aufgetragen werden. Beim Kontakt mit organischem Material (Schwei\u00df) werden sie aktiv und fangen an, Enzyme zu produzieren. Diese vernichten die geruchsverursachenden sch\u00e4dlichen Bakterien, bevor sie sich ans Werk machen. So bleibt Deine Ausr\u00fcstung stets frisch und geruchsfrei. Die Bakterien verbleiben w\u00e4hrend der gesamten Lebensdauer des Produkts auf der Oberfl\u00e4che. Diese v\u00f6llig nat\u00fcrliche Vorgehensweise ist aufgrund der Nichtnnutzung von Chemikalien gesundheitlich unbedenklich und belastet nicht die Umwelt.<\/p>\n<p>QUANTUM GRIP\u2122<\/p>\n<p>Die Quantum Grip Sohle beruht auf einer besonderen Gummimischung, die Dir auch in den Bergen Grip, Traktion und einen sicheren Stand bietet. <\/p>\n<p>Innensohle &#8211; L\u00e4nge (mm):<\/p>\n<p>Gr\u00f6\u00dfe: 36 &#8211; L\u00e4nge: 230 mm<br \/>\nGr\u00f6\u00dfe: 37 &#8211; L\u00e4nge: 235 mm<br \/>\nGr\u00f6\u00dfe: 38 &#8211; L\u00e4nge: 245 mm<br \/>\nGr\u00f6\u00dfe: 39 &#8211; L\u00e4nge: 255 mm<br \/>\nGr\u00f6\u00dfe: 40 &#8211; L\u00e4nge: 260 mm<br \/>\nGr\u00f6\u00dfe: 41 &#8211; L\u00e4nge: 270 mm<br \/>\nGr\u00f6\u00dfe: 42 &#8211; L\u00e4nge: 275 mm<\/p>\n<p><b>Audio-Beschreibung<\/b><br \/><audio controls src=\"https:\/\/schuhewiebarfuss.at\/shop\/wp-content\/uploads\/lk\/9646_audio.wav\"><br \/>\n                                            Ihr Browser unterst\u00fctzt diese Audio-Ausgabe leider nicht.<br \/>\n                                            <\/ audio ><\/p>\n","protected":false},"excerpt":{"rendered":"<p>Merrell WRAPT BUCKLE NUBUCK<\/p>\n<p>vielseitiger Trail-Hybridschuh f\u00fcr Alltag, spazieren gehen, wandern, und vieles mehr&#8230;<\/p>\n","protected":false},"featured_media":790301,"comment_status":"open","ping_status":"closed","template":"","meta":[],"product_brand":[],"product_cat":[828],"product_tag":[2026,1371,2308,1362,1368,1373,1374,1375,1376,1377,2468],"class_list":{"0":"post-777449","1":"product","2":"type-product","3":"status-publish","4":"has-post-thumbnail","6":"product_cat-ballerinas","7":"product_tag-farbe-beige","8":"product_tag-farbe-grau","9":"product_tag-farbe-rosa","10":"product_tag-groesse-36","11":"product_tag-groesse-37","12":"product_tag-groesse-38","13":"product_tag-groesse-39","14":"product_tag-groesse-40","15":"product_tag-groesse-41","16":"product_tag-groesse-42","17":"product_tag-marke-merrell","19":"first","20":"instock","21":"taxable","22":"shipping-taxable","23":"purchasable","24":"product-type-variable"},"_links":{"self":[{"href":"https:\/\/schuhewiebarfuss.at\/shop\/wp-json\/wp\/v2\/product\/777449","targetHints":{"allow":["GET"]}}],"collection":[{"href":"https:\/\/schuhewiebarfuss.at\/shop\/wp-json\/wp\/v2\/product"}],"about":[{"href":"https:\/\/schuhewiebarfuss.at\/shop\/wp-json\/wp\/v2\/types\/product"}],"replies":[{"embeddable":true,"href":"https:\/\/schuhewiebarfuss.at\/shop\/wp-json\/wp\/v2\/comments?post=777449"}],"wp:featuredmedia":[{"embeddable":true,"href":"https:\/\/schuhewiebarfuss.at\/shop\/wp-json\/wp\/v2\/media\/790301"}],"wp:attachment":[{"href":"https:\/\/schuhewiebarfuss.at\/shop\/wp-json\/wp\/v2\/media?parent=777449"}],"wp:term":[{"taxonomy":"product_brand","embeddable":true,"href":"https:\/\/schuhewiebarfuss.at\/shop\/wp-json\/wp\/v2\/product_brand?post=777449"},{"taxonomy":"product_cat","embeddable":true,"href":"https:\/\/schuhewiebarfuss.at\/shop\/wp-json\/wp\/v2\/product_cat?post=777449"},{"taxonomy":"product_tag","embeddable":true,"href":"https:\/\/schuhewiebarfuss.at\/shop\/wp-json\/wp\/v2\/product_tag?post=777449"}],"curies":[{"name":"wp","href":"https:\/\/api.w.org\/{rel}","templated":true}]}}