{"id":694282,"date":"2024-12-28T15:01:18","date_gmt":"2024-12-28T14:01:18","guid":{"rendered":"https:\/\/schuhewiebarfuss.at\/shop\/produkt\/affenzahn-comfy-wool-tuerkis\/"},"modified":"2026-03-01T18:17:52","modified_gmt":"2026-03-01T17:17:52","slug":"affenzahn-comfy-wool-tuerkis","status":"publish","type":"product","link":"https:\/\/schuhewiebarfuss.at\/shop\/produkt\/affenzahn-comfy-wool-tuerkis\/","title":{"rendered":"Affenzahn Comfy Wool T\u00fcrkis"},"content":{"rendered":"<p>Wasserdicht und atmungsaktiv: Dank der speziellen AffenTex Membran kommt keine Feuchtigkeit von au\u00dfen in die Schuhe und die F\u00fc\u00dfe bleiben auch nach dem Pf\u00fctzenspringen trocken und warm.<br \/>\nWarm und weich: Barfu\u00dfschuhe im Winter? Na klar! Dank robuster, wetterfester Materialien und weichem Futter bleiben die F\u00fc\u00dfe auch Schnee und Eis kuschelig warm.<br \/>\nD\u00fcnne, flexible Sohle: Die Sohle der Affenzahn Sandale ist nur so dick wie n\u00f6tig. Sie ist nicht ged\u00e4mpft, damit Kinder ihre Umgebung und den Untergrund sp\u00fcren, auch wenn sie Schuhe tragen.<br \/>\nSuper leicht: So leicht und so bequem! Man k\u00f6nnte meinen, man hat gar keine Schuhe an.<br \/>\nKinderleichter Verschluss: Schnelles An- und Ausziehen leicht gemacht! Mit diesem Klettverschluss sitzen die Sandalen fest am Fu\u00df und lassen sich kinderleicht schlie\u00dfen und \u00f6ffnen!<br \/>\nReflektierend: Die Schuhe sind mit Reflektoren ausgestattet, welche das Licht bei Dunkelheit reflektieren.<br \/>\nRechts-Links Unterscheiden: Clever gemacht! So kommt es garantiert nicht mehr zu Entenf\u00fc\u00dfen. Einfach hinten auf das Tierpuzzle achten und in die Schuhe schl\u00fcpfen.<br \/>\nRutschfest: Die Affenzahn Sohle bietet extra Halt f\u00fcr Kinderf\u00fc\u00dfe und hinterl\u00e4sst ein super Motiv. Damit gewinnt man sicher jedes Wettrennen, versprochen!<br \/>\nGenug Platz zum Wachsen: Die Naturform der Schuhe bietet genung Platz f\u00fcr jeden Zeh, so dass die F\u00fc\u00dfe nicht eingeengt werden und sich gesund entwickeln k\u00f6nnen.<\/p>\n<p>F\u00fcr das Ober- und Futtermaterial verwendet Affenzahn teilweise bluesign\u00ae-zertifiziertes Polyester. Hier wird sehr darauf geachtet, die Umweltbelastung so gering wie m\u00f6glich zu halten.<br \/>\nDas Obermaterial dieses Schuhes besteht aus recycelter Wolle. Recycelte Wolle hat im Vergleich zu herk\u00f6mmlicher Wolle einen um 95% geringeren CO2-Fu\u00dfabdruck.<br \/>\nDas recycelte Polyester im Innenfutter spart ca. 50% Energie, ungef\u00e4hr 70% CO2-Emissionen und reduziert das Abwasser um ca. 20% im Vergleich zu herk\u00f6mmlichem Polyester.<\/p>\n<p>Obermaterial: recycelte Wolle (70% recycelte Wolle, 25% Polyamid, 5% andere Fasern)<br \/>\nFuttermaterial: Warmfutter aus recyceltem Polyester<br \/>\nSohle: 70% synthetisches Gummi und 30% nat\u00fcrliches Gummi<br \/>\nWasserdichte AffenTex Membran<br \/>\nGewicht: ca. 132.2 g<br \/>\nNat\u00fcrliche Materialien sind langlebig und einzigartig, daher kann es zu Unterschieden in der Verarbeitung kommen.<\/p>\n<p>Struktur und F\u00e4rbung k\u00f6nnen Unregelm\u00e4\u00dfigkeiten aufweisen, ggf. kann das Material leicht abf\u00e4rben.<\/p>\n<p>Unsere Empfehlung: Schuhe h\u00e4ndisch reinigen und vor dem ersten Tragen impr\u00e4gnieren. Weitere Pflegehinweise hier: https:\/\/www.affenzahn.com\/de\/blog\/schuhe-reinigen<\/p>\n<p>Innensohle &#8211; L\u00e4nge\/Breite (mm):<\/p>\n<p>Gr\u00f6\u00dfe: 21 &#8211; ideale Fu\u00dfl\u00e4nge: 126 mm &#8211; Fersen-Zehenbereich: 123-129 mm &#8211; Fu\u00dfbreite: 59 mm<br \/>\nGr\u00f6\u00dfe: 22 &#8211; ideale Fu\u00dfl\u00e4nge: 133 mm &#8211; Fersen-Zehenbereich: 130-136 mm &#8211; Fu\u00dfbreite: 60 mm<br \/>\nGr\u00f6\u00dfe: 23 &#8211; ideale Fu\u00dfl\u00e4nge: 139 mm &#8211; Fersen-Zehenbereich: 137-142 mm &#8211; Fu\u00dfbreite: 61 mm<br \/>\nGr\u00f6\u00dfe: 24 &#8211; ideale Fu\u00dfl\u00e4nge: 145 mm &#8211; Fersen-Zehenbereich: 143-148 mm &#8211; Fu\u00dfbreite: 63 mm<br \/>\nGr\u00f6\u00dfe: 25 &#8211; ideale Fu\u00dfl\u00e4nge: 153 mm &#8211; Fersen-Zehenbereich: 149-156 mm &#8211; Fu\u00dfbreite: 64 mm<br \/>\nGr\u00f6\u00dfe: 26 &#8211; ideale Fu\u00dfl\u00e4nge: 159 mm &#8211; Fersen-Zehenbereich: 157-162 mm &#8211; Fu\u00dfbreite: 66 mm<br \/>\nGr\u00f6\u00dfe: 27 &#8211; ideale Fu\u00dfl\u00e4nge: 166 mm &#8211; Fersen-Zehenbereich: 163-169 mm &#8211; Fu\u00dfbreite: 67 mm<br \/>\nGr\u00f6\u00dfe: 28 &#8211; ideale Fu\u00dfl\u00e4nge: 173 mm &#8211; Fersen-Zehenbereich: 170-176 mm &#8211; Fu\u00dfbreite: 69 mm<br \/>\nGr\u00f6\u00dfe: 29 &#8211; ideale Fu\u00dfl\u00e4nge: 179 mm &#8211; Fersen-Zehenbereich: 177-182 mm &#8211; Fu\u00dfbreite: 70 mm<br \/>\nGr\u00f6\u00dfe: 30 &#8211; ideale Fu\u00dfl\u00e4nge: 185 mm &#8211; Fersen-Zehenbereich: 183-188 mm &#8211; Fu\u00dfbreite: 71 mm<br \/>\nGr\u00f6\u00dfe: 31 &#8211; ideale Fu\u00dfl\u00e4nge: 192 mm &#8211; Fersen-Zehenbereich: 189-195 mm &#8211; Fu\u00dfbreite: 73 mm<br \/>\nGr\u00f6\u00dfe: 32 &#8211; ideale Fu\u00dfl\u00e4nge: 199 mm &#8211; Fersen-Zehenbereich: 196-202 mm &#8211; Fu\u00dfbreite: 75 mm<\/p>\n<p><b>Audio-Beschreibung<\/b><br \/><audio controls src=\"https:\/\/schuhewiebarfuss.at\/shop\/wp-content\/uploads\/lk\/9571_audio.wav\"><br \/>\n                                            Ihr Browser unterst\u00fctzt diese Audio-Ausgabe leider nicht.<br \/>\n                                            <\/ audio ><\/p>\n","protected":false},"excerpt":{"rendered":"<p>Affenzahn COMFY WOOL<\/p>\n<p>Der klassische Winterstiefel Comfy Wolle aus recycelter Wolle ist warm gef\u00fcttert und wasserdicht.<br \/>\nMIt zwei Klettverschl\u00fcssen kinderleicht zu \u00d6ffnen und zu Schlie\u00dfen.<br \/>\nDieser Schuh ist Wasserdicht.<\/p>\n<p>Obermaterial: recycelte Wolle (70% recycelte Wolle, 25% Polyamid, 5% andere Fasern)<br \/>\nFuttermaterial: Warmfutter aus recyceltem Polyester<br \/>\nSohle: 70% synthetisches Gummi und 30% nat\u00fcrliches Gummi<br \/>\nWasserdichte AffenTex Membran<br \/>\nGewicht: ca. 132.2 g<\/p>\n","protected":false},"featured_media":694272,"comment_status":"open","ping_status":"closed","template":"","meta":[],"product_brand":[],"product_cat":[848],"product_tag":[1390,1391,1392,1393,1394,1395,1396,1397,1398,1399,1400,1401,2975],"class_list":{"0":"post-694282","1":"product","2":"type-product","3":"status-publish","4":"has-post-thumbnail","6":"product_cat-winterschuhe-1","7":"product_tag-groesse-21","8":"product_tag-groesse-22","9":"product_tag-groesse-23","10":"product_tag-groesse-24","11":"product_tag-groesse-25","12":"product_tag-groesse-26","13":"product_tag-groesse-27","14":"product_tag-groesse-28","15":"product_tag-groesse-29","16":"product_tag-groesse-30","17":"product_tag-groesse-31","18":"product_tag-groesse-32","19":"product_tag-marke-affenzahn","21":"first","22":"instock","23":"taxable","24":"shipping-taxable","25":"purchasable","26":"product-type-variable"},"_links":{"self":[{"href":"https:\/\/schuhewiebarfuss.at\/shop\/wp-json\/wp\/v2\/product\/694282","targetHints":{"allow":["GET"]}}],"collection":[{"href":"https:\/\/schuhewiebarfuss.at\/shop\/wp-json\/wp\/v2\/product"}],"about":[{"href":"https:\/\/schuhewiebarfuss.at\/shop\/wp-json\/wp\/v2\/types\/product"}],"replies":[{"embeddable":true,"href":"https:\/\/schuhewiebarfuss.at\/shop\/wp-json\/wp\/v2\/comments?post=694282"}],"wp:featuredmedia":[{"embeddable":true,"href":"https:\/\/schuhewiebarfuss.at\/shop\/wp-json\/wp\/v2\/media\/694272"}],"wp:attachment":[{"href":"https:\/\/schuhewiebarfuss.at\/shop\/wp-json\/wp\/v2\/media?parent=694282"}],"wp:term":[{"taxonomy":"product_brand","embeddable":true,"href":"https:\/\/schuhewiebarfuss.at\/shop\/wp-json\/wp\/v2\/product_brand?post=694282"},{"taxonomy":"product_cat","embeddable":true,"href":"https:\/\/schuhewiebarfuss.at\/shop\/wp-json\/wp\/v2\/product_cat?post=694282"},{"taxonomy":"product_tag","embeddable":true,"href":"https:\/\/schuhewiebarfuss.at\/shop\/wp-json\/wp\/v2\/product_tag?post=694282"}],"curies":[{"name":"wp","href":"https:\/\/api.w.org\/{rel}","templated":true}]}}