{"id":681121,"date":"2024-11-29T17:49:49","date_gmt":"2024-11-29T16:49:49","guid":{"rendered":"https:\/\/schuhewiebarfuss.at\/shop\/produkt\/peu-touring-damen\/"},"modified":"2026-03-11T22:30:50","modified_gmt":"2026-03-11T21:30:50","slug":"peu-touring-damen","status":"publish","type":"product","link":"https:\/\/schuhewiebarfuss.at\/shop\/produkt\/peu-touring-damen\/","title":{"rendered":"Peu Touring Damen"},"content":{"rendered":"<p>CAMPER Peu Touring Ledersneaker wurde mit viel Liebe zum Detail und hochwerigen Materialien gefertigt. Die Peu Touring-Turnschuhe sind eine sportliche Version des legend\u00e4ren Peu. Ihr Design ist einzigartig, w\u00e4hrend das Obermaterial aus recyceltem PET oder Leder jedem Ihrer Outfits eine besondere Note verleiht. Sie bestehen aus einer OrthoLite\u00ae-Einlegesohle zum Schutz vor Vibrationen und einem Stofffutter f\u00fcr einen leichten Auftritt! 360\u00b0-N\u00e4hte sorgen f\u00fcr eine lange Haltbarkeit, w\u00e4hrend die zu 75 % recycelten elastischen Schn\u00fcrsenkel und der seitliche rei\u00dfverschluss ein einfaches An- und Ausziehen erm\u00f6glichen. Ausgestattet mit einer leichten EVA-Au\u00dfensohle, die mit der Contact Earth-Technologie hergestellt wurde, sind diese Sneaker von Camper ein Muss.<\/p>\n<p>Der Peu Terren Ledersneaker der legend\u00e4ren Peu-Familie, vereint alle Vorz\u00fcge des Barfu\u00dflaufens in einem einzigartige Design. Diese fantastischen Schuhe sitzen leicht und bequem an den Beinen und sind daher vielseitig einsetzbar.<\/p>\n<p>SCHWARZER DAMENSCHUH &#8211; Modellnummer: K400374-009<\/p>\n<p>Materialdetails:<\/p>\n<p>Obermaterial: Recyceltes PET<br \/>\nInnenfutter: 100% recycelter Polyester<br \/>\nSohle: EVA-Laufsohle (20% Recyclinganteil) f\u00fcr geringes Gewicht mit Contact Earth-Technologie<br \/>\nInnensohle: OrthoLite\u00ae Recycled\u2122 f\u00fcr mehr D\u00e4mpfung<br \/>\nAbsatz: Nullabsatz, keine H\u00f6hendifferenz zwischen Ferse und Vorderfu\u00df<br \/>\nVerschluss: 75 % recycelte elastische Schn\u00fcrsenkel und seitlicher Rei\u00dfverschluss<br \/>\nBesonderheiten: super leicht und flexibel, Rundumnaht f\u00fcr hohe Langlebigkeit<br \/>\nFarbe: Black<\/p>\n<p>SCHWARZ\/WEISS DAMENSCHUH &#8211; Modellnummer: K400422-021<\/p>\n<p>Materialdetails:<\/p>\n<p>Obermaterial: Leder von der LWG-Gerberei<br \/>\nInnenfutter: 100% recycelter Polyester<br \/>\nSohle: EVA (20% recyceltes EVA) f\u00fcr geringes Gewicht mit Contact Earth-Technologie<br \/>\nInnensohle: OrthoLite\u00ae  Recycled\u2122 f\u00fcr mehr D\u00e4mpfung<br \/>\nAbsatz: Nullabsatz, keine H\u00f6hendifferenz zwischen Ferse und Vorderfu\u00df<br \/>\nVerschluss: 75 % recycelte elastische Schn\u00fcrsenkel und seitlicher Rei\u00dfverschluss<br \/>\nBesonderheiten: super leicht und flexibel, Rundumnaht f\u00fcr hohe Langlebigkeit<br \/>\nFarbe: Black\/White<\/p>\n<p>GRAUER DAMENSCHUH &#8211; Modellnummer: K400422-024<\/p>\n<p>Materialdetails:<\/p>\n<p>Obermaterial: Nubukleder von der LWG-Gerberei<br \/>\nInnenfutter: 100% recycelter Polyester<br \/>\nSohle: EVA (20% recyceltes EVA) f\u00fcr geringes Gewicht mit Contact Earth-Technologie<br \/>\nInnensohle: OrthoLite\u00ae Recycled\u2122 f\u00fcr mehr D\u00e4mpfung<br \/>\nAbsatz: Nullabsatz, keine H\u00f6hendifferenz zwischen Ferse und Vorderfu\u00df<br \/>\nVerschluss: 75 % recycelte elastische Schn\u00fcrsenkel und seitlicher Rei\u00dfverschluss<br \/>\nBesonderheiten: super leicht und flexibel, Rundumnaht f\u00fcr hohe Langlebigkeit<br \/>\nFarbe: Dark Gray<\/p>\n<p>Pflegehinweis:<\/p>\n<p>Diese Schuhe sind aus sorgf\u00e4ltig ausgew\u00e4hlten, hochwertigen Materialien gefertigt. Die Verwendung der richtigen Schuhpflegeprodukte sorgt f\u00fcr hohen Schutz und Langlebigkeit dieser Produkte.<\/p>\n<p>1. Schmutz und Staub zun\u00e4chst mit einem weichen Tuch entfernen.<br \/>\n2. Leder mit einer Lotion reinigen und pflegen.<br \/>\n3. Leder mit einer Schuhcreme pflegen. D\u00fcnn auftragen und einige Minuten trocknen lassen.<br \/>\n4. Leder mit einem Tuch polieren.<br \/>\n5. Impr\u00e4gnieren Sie das Leder mit Impr\u00e4gnierspray gegen Schmutz und Feuchtigkeit.<\/p>\n<p><b>Audio-Beschreibung<\/b><br \/><audio controls src=\"https:\/\/schuhewiebarfuss.at\/shop\/wp-content\/uploads\/lk\/9570_audio.wav\"><br \/>\n                                            Ihr Browser unterst\u00fctzt diese Audio-Ausgabe leider nicht.<br \/>\n                                            <\/ audio ><\/p>\n","protected":false},"excerpt":{"rendered":"<p>Camper PEU TOURING Sneaker-Boot<\/p>\n<p>Verschiedene Varianten Peu Touring Sneaker-Boots mit kontrastierender EVA-Laufsohle, recyceltem OrthoLite\u00ae-Fu\u00dfbett und elastischen Schn\u00fcrsenkeln.<br \/>\nPeu Touring ist die sportlichere Version unseres legend\u00e4ren Peu mit technischen Upgrades und der unverkennbaren Kurvenlinie der Laufsohle.<\/p>\n","protected":false},"featured_media":682436,"comment_status":"open","ping_status":"closed","template":"","meta":[],"product_brand":[],"product_cat":[830],"product_tag":[1371,1408,1651,1362,1368,1373,1374,1375,1376,2721],"class_list":{"0":"post-681121","1":"product","2":"type-product","3":"status-publish","4":"has-post-thumbnail","6":"product_cat-lifestyle-4","7":"product_tag-farbe-grau","8":"product_tag-farbe-schwarz","9":"product_tag-farbe-weiss","10":"product_tag-groesse-36","11":"product_tag-groesse-37","12":"product_tag-groesse-38","13":"product_tag-groesse-39","14":"product_tag-groesse-40","15":"product_tag-groesse-41","16":"product_tag-marke-camper","18":"first","19":"instock","20":"taxable","21":"shipping-taxable","22":"purchasable","23":"product-type-variable"},"_links":{"self":[{"href":"https:\/\/schuhewiebarfuss.at\/shop\/wp-json\/wp\/v2\/product\/681121","targetHints":{"allow":["GET"]}}],"collection":[{"href":"https:\/\/schuhewiebarfuss.at\/shop\/wp-json\/wp\/v2\/product"}],"about":[{"href":"https:\/\/schuhewiebarfuss.at\/shop\/wp-json\/wp\/v2\/types\/product"}],"replies":[{"embeddable":true,"href":"https:\/\/schuhewiebarfuss.at\/shop\/wp-json\/wp\/v2\/comments?post=681121"}],"wp:featuredmedia":[{"embeddable":true,"href":"https:\/\/schuhewiebarfuss.at\/shop\/wp-json\/wp\/v2\/media\/682436"}],"wp:attachment":[{"href":"https:\/\/schuhewiebarfuss.at\/shop\/wp-json\/wp\/v2\/media?parent=681121"}],"wp:term":[{"taxonomy":"product_brand","embeddable":true,"href":"https:\/\/schuhewiebarfuss.at\/shop\/wp-json\/wp\/v2\/product_brand?post=681121"},{"taxonomy":"product_cat","embeddable":true,"href":"https:\/\/schuhewiebarfuss.at\/shop\/wp-json\/wp\/v2\/product_cat?post=681121"},{"taxonomy":"product_tag","embeddable":true,"href":"https:\/\/schuhewiebarfuss.at\/shop\/wp-json\/wp\/v2\/product_tag?post=681121"}],"curies":[{"name":"wp","href":"https:\/\/api.w.org\/{rel}","templated":true}]}}