{"id":680910,"date":"2024-11-28T15:55:10","date_gmt":"2024-11-28T14:55:10","guid":{"rendered":"https:\/\/schuhewiebarfuss.at\/shop\/produkt\/blusun-blsn-020-braun\/"},"modified":"2026-03-06T07:18:42","modified_gmt":"2026-03-06T06:18:42","slug":"blusun-blsn-020-braun","status":"publish","type":"product","link":"https:\/\/schuhewiebarfuss.at\/shop\/produkt\/blusun-blsn-020-braun\/","title":{"rendered":"Blusun BLSN-020 Braun"},"content":{"rendered":"<p>Barfu\u00dfgef\u00fchl selbst bei niedrigen Temperaturen? Mit unserem robusten Barfu\u00df-Boot BLSN-020 wird das Wirklichkeit! Das Obermaterial aus nachhaltig gegerbtem Nubukleder ist langlebig und wasserabweisend. Recycelte, mulesingfreie Wolle, eine atmungsaktive PrimaLoft\u00ae-Isolationsschicht und eine weiche, herausnehmbare Innensohle sorgen f\u00fcr warme, gut klimatisierte F\u00fc\u00dfe. Das in Deutschland produzierte Nubukleder sch\u00fctzt zuverl\u00e4ssig vor Feuchtigkeit und ist hochgradig wasserabweisend. F\u00fcr sicheren Halt an nasskalten Tagen sorgt die TPU-Sohle mit griffigem Profil, die das authentische Barfu\u00dfgef\u00fchl ideal unterst\u00fctzt. W\u00e4hrend die robuste Sohle in Deutschland gefertigt wird, entsteht der \u00fcbrige Schuh in einem portugiesischen Familienbetrieb in sorgf\u00e4ltiger Handarbeit.<\/p>\n<p>Materialdetails:<\/p>\n<p>Obermaterial: Wasserabweisendes Nubuk-, und Verloursleder<br \/>\nInnenfutter: 100% recycelte Wolle aus der EU &amp; PrimaLoft\u00ae- Isolierschicht<br \/>\nSohle: TPU, 5mm + 2mm Profil, Made in Germany<br \/>\nInnensohle: herausnehmbare Einlegesohle BluGrip TGS01<br \/>\nAbsatz: Nullabsatz, keine H\u00f6hendifferenz zwischen Ferse und Vorderfu\u00df<br \/>\nVerschluss: Schn\u00fcrsenkel<br \/>\nBesonderheiten: Extrem Wetterfest, PrimaLoft\u00ae- Isolierschicht, Terracare\u00ae zertifiziertes Leder (Made in Germany)<\/p>\n<p>Perfekt f\u00fcr den Alltag: Bietet maximalen Komfort und Flexibilit\u00e4t in jeder Situation.<\/p>\n<p>Nachhaltig und umweltfreundlich: In Zusammenarbeit mit zertifizierten Lieferanten und Produzenten hergestellt.<\/p>\n<p>Optimales Fu\u00dfklima: Dank atmungsaktiver und anpassungsf\u00e4higer Materialien.<\/p>\n<p>Langlebig und robust: Mit einer hochwertigen, abriebfesten Sohle aus Deutschland.<\/p>\n<p>Pflegehinweis:<\/p>\n<p>Trocknen lassen und anschlie\u00dfend abb\u00fcrsten. Dieser Barfu\u00dfschuh muss nach dem Kauf nicht zus\u00e4tzlich impr\u00e4gniert werden, da das Leder bereits wasserabweisend gegerbt ist. Seife sollte vermieden werden, um die wasserabweisende \u00d6lschicht im Leder nicht zu beeintr\u00e4chtigen. Bei Bedarf und sichtbaren Tragespuren kann das Leder nachgefettet werden.<\/p>\n<p>Innensohle &#8211; L\u00e4nge\/Breite (mm):<\/p>\n<p>Gr\u00f6\u00dfe: 37 &#8211; L\u00e4nge: 244 mm &#8211; Breite: 90 mm<br \/>\nGr\u00f6\u00dfe: 38 &#8211; L\u00e4nge: 251 mm &#8211; Breite: 92 mm<br \/>\nGr\u00f6\u00dfe: 39 &#8211; L\u00e4nge: 258 mm &#8211; Breite: 93 mm<br \/>\nGr\u00f6\u00dfe: 40 &#8211; L\u00e4nge: 264 mm &#8211; Breite: 95 mm<br \/>\nGr\u00f6\u00dfe: 41 &#8211; L\u00e4nge: 271 mm &#8211; Breite: 97 mm<br \/>\nGr\u00f6\u00dfe: 42 &#8211; L\u00e4nge: 278 mm &#8211; Breite: 101 mm<br \/>\nGr\u00f6\u00dfe: 43 &#8211; L\u00e4nge: 283 mm &#8211; Breite: 103 mm<br \/>\nGr\u00f6\u00dfe: 44 &#8211; L\u00e4nge: 292 mm &#8211; Breite: 104 mm<br \/>\nGr\u00f6\u00dfe: 45 &#8211; L\u00e4nge: 298 mm &#8211; Breite: 105 mm<\/p>\n<p><b>Audio-Beschreibung<\/b><br \/><audio controls src=\"https:\/\/schuhewiebarfuss.at\/shop\/wp-content\/uploads\/lk\/9594_audio.wav\"><br \/>\n                                            Ihr Browser unterst\u00fctzt diese Audio-Ausgabe leider nicht.<br \/>\n                                            <\/ audio ><\/p>\n","protected":false},"excerpt":{"rendered":"<p>Blusun BLSN-020<\/p>\n<p>Robuster Damen-Barfu\u00df-Boot f\u00fcr Herbst und Winter.<br \/>\nWasserabweisendes, ge\u00f6ltes Nubukleder und ein weiches Innenfutter mit PrimaLoft\u00ae- Isolierschicht sorgen f\u00fcr warme F\u00fc\u00dfe und hohen Komfort.<\/p>\n<p>Obermaterial: Nubuk-, und Verloursleder<br \/>\nInnenfutter: 100% Wolle<br \/>\nSohle: TPU<br \/>\nInnensohle: herausnehmbar, BluGrip TGS01<br \/>\nAbsatz: Nullabsatz<br \/>\nVerschluss: Schn\u00fcrsenkel<br \/>\nBesonderheiten: Extrem Wetterfest<\/p>\n","protected":false},"featured_media":683066,"comment_status":"open","ping_status":"closed","template":"","meta":[],"product_brand":[],"product_cat":[855],"product_tag":[1368,1373,1374,1375,1376,1377,1378,1379,1380,3010,1382],"class_list":{"0":"post-680910","1":"product","2":"type-product","3":"status-publish","4":"has-post-thumbnail","6":"product_cat-winterschuhe-2","7":"product_tag-groesse-37","8":"product_tag-groesse-38","9":"product_tag-groesse-39","10":"product_tag-groesse-40","11":"product_tag-groesse-41","12":"product_tag-groesse-42","13":"product_tag-groesse-43","14":"product_tag-groesse-44","15":"product_tag-groesse-45","16":"product_tag-marke-blusun","17":"product_tag-neu","19":"first","20":"instock","21":"taxable","22":"shipping-taxable","23":"purchasable","24":"product-type-variable"},"_links":{"self":[{"href":"https:\/\/schuhewiebarfuss.at\/shop\/wp-json\/wp\/v2\/product\/680910","targetHints":{"allow":["GET"]}}],"collection":[{"href":"https:\/\/schuhewiebarfuss.at\/shop\/wp-json\/wp\/v2\/product"}],"about":[{"href":"https:\/\/schuhewiebarfuss.at\/shop\/wp-json\/wp\/v2\/types\/product"}],"replies":[{"embeddable":true,"href":"https:\/\/schuhewiebarfuss.at\/shop\/wp-json\/wp\/v2\/comments?post=680910"}],"wp:featuredmedia":[{"embeddable":true,"href":"https:\/\/schuhewiebarfuss.at\/shop\/wp-json\/wp\/v2\/media\/683066"}],"wp:attachment":[{"href":"https:\/\/schuhewiebarfuss.at\/shop\/wp-json\/wp\/v2\/media?parent=680910"}],"wp:term":[{"taxonomy":"product_brand","embeddable":true,"href":"https:\/\/schuhewiebarfuss.at\/shop\/wp-json\/wp\/v2\/product_brand?post=680910"},{"taxonomy":"product_cat","embeddable":true,"href":"https:\/\/schuhewiebarfuss.at\/shop\/wp-json\/wp\/v2\/product_cat?post=680910"},{"taxonomy":"product_tag","embeddable":true,"href":"https:\/\/schuhewiebarfuss.at\/shop\/wp-json\/wp\/v2\/product_tag?post=680910"}],"curies":[{"name":"wp","href":"https:\/\/api.w.org\/{rel}","templated":true}]}}