{"id":680477,"date":"2024-11-27T16:42:38","date_gmt":"2024-11-27T15:42:38","guid":{"rendered":"https:\/\/schuhewiebarfuss.at\/shop\/produkt\/vancouver-herren\/"},"modified":"2026-03-01T15:38:49","modified_gmt":"2026-03-01T14:38:49","slug":"vancouver-herren","status":"publish","type":"product","link":"https:\/\/schuhewiebarfuss.at\/shop\/produkt\/vancouver-herren\/","title":{"rendered":"Vancouver Herren"},"content":{"rendered":"<p>Stylisch und wohlig gef\u00fcttert: Unser Groundies Schn\u00fcr-Barfu\u00dfschuh Vancouver verbindet unvergleichlichen Tragekomfort mit modischem Statement. Dieser stylische Schn\u00fcrboot ist dank weichem Velourleder und wohlig warmem Innenfutter aus 100 % Wolle der perfekte Herbst- und Winterbarfu\u00dfschuh f\u00fcr Herren. F\u00fchl dich optimal ausgestattet und gut gesch\u00fctzt, ohne auf ein naturnahes Barfu\u00dffeeling verzichten zu m\u00fcssen.<\/p>\n<p>HIGHLIGHTS<\/p>\n<p>Gef\u00fctterter Schn\u00fcr-Barfu\u00dfschuh<br \/>\nWarmfutter aus Wolle<br \/>\nWeiches Velourleder<\/p>\n<p>Materialdetails:<\/p>\n<p>Obermaterial: weichem, hochwertigem Velourleder<br \/>\nInnenfutter: Warmfutter aus 100 % Wolle<br \/>\nSohle: TrueSense\u00ae GS1 Sohle mit 3 mm Basis und 3,9 mm Profil<br \/>\nInnensohle: nicht herausnehmbar<br \/>\nAbsatz: Nullabsatz, keine H\u00f6hendifferenz zwischen Ferse und Vorderfu\u00df<br \/>\nVerschluss: Schn\u00fcrsenkel<br \/>\nBesonderheiten: Flexibel, rutsch- und abriebfest<br \/>\nPassform: weite Passform im Zehenbereich, Kn\u00f6chelhoch<br \/>\nDesigned in Germany. Made in Portugal<br \/>\nGr\u00f6\u00dfenhinweis: Dieses Modell f\u00e4llt gr\u00f6\u00dfengerecht aus<\/p>\n<p>Pflegehinweis:<\/p>\n<p>Bitte verwende zum Reinigen deiner Groundies ein mit kaltem, klarem Wasser angefeuchtetes Tuch oder einen Schwamm. Besonders bei Leder- und Kunstleder-Modellen ist eine Impr\u00e4gnierung unbedingt empfehlenswert, um die Schuhe vor Feuchtigkeit, Verschmutzung und Umwelteinfl\u00fcssen zu sch\u00fctzen.<\/p>\n<p><b>Audio-Beschreibung<\/b><br \/><audio controls src=\"https:\/\/schuhewiebarfuss.at\/shop\/wp-content\/uploads\/lk\/9560_audio.wav\"><br \/>\n                                            Ihr Browser unterst\u00fctzt diese Audio-Ausgabe leider nicht.<br \/>\n                                            <\/ audio ><\/p>\n","protected":false},"excerpt":{"rendered":"<p>Groundies VANCOUVER Herren-Winterschuh<\/p>\n<p>Obermaterial: Velourleder<br \/>\nInnenfutter: 100 % Wolle<br \/>\nSohle: TrueSense\u00ae GS1<br \/>\nInnensohle: nicht herausnehmbar<br \/>\nAbsatz: Nullabsatz<br \/>\nVerschluss: Schn\u00fcrsenkel<br \/>\nBesonderheiten: Flexibel, rutsch- und abriebfest<br \/>\nPassform: weite Passform im Zehenbereich, Kn\u00f6chelhoch<br \/>\nGr\u00f6\u00dfenhinweis: Dieses Modell f\u00e4llt gr\u00f6\u00dfengerecht aus<\/p>\n","protected":false},"featured_media":682323,"comment_status":"open","ping_status":"closed","template":"","meta":[],"product_brand":[],"product_cat":[3121],"product_tag":[1479,1544,1375,1376,1377,1378,1379,1380,2953,1450],"class_list":{"0":"post-680477","1":"product","2":"type-product","3":"status-publish","4":"has-post-thumbnail","6":"product_cat-sale","7":"product_tag-farbe-blau","8":"product_tag-farbe-braun","9":"product_tag-groesse-40","10":"product_tag-groesse-41","11":"product_tag-groesse-42","12":"product_tag-groesse-43","13":"product_tag-groesse-44","14":"product_tag-groesse-45","15":"product_tag-marke-groundies","16":"product_tag-sale","18":"first","19":"instock","20":"sale","21":"taxable","22":"shipping-taxable","23":"purchasable","24":"product-type-variable"},"_links":{"self":[{"href":"https:\/\/schuhewiebarfuss.at\/shop\/wp-json\/wp\/v2\/product\/680477","targetHints":{"allow":["GET"]}}],"collection":[{"href":"https:\/\/schuhewiebarfuss.at\/shop\/wp-json\/wp\/v2\/product"}],"about":[{"href":"https:\/\/schuhewiebarfuss.at\/shop\/wp-json\/wp\/v2\/types\/product"}],"replies":[{"embeddable":true,"href":"https:\/\/schuhewiebarfuss.at\/shop\/wp-json\/wp\/v2\/comments?post=680477"}],"wp:featuredmedia":[{"embeddable":true,"href":"https:\/\/schuhewiebarfuss.at\/shop\/wp-json\/wp\/v2\/media\/682323"}],"wp:attachment":[{"href":"https:\/\/schuhewiebarfuss.at\/shop\/wp-json\/wp\/v2\/media?parent=680477"}],"wp:term":[{"taxonomy":"product_brand","embeddable":true,"href":"https:\/\/schuhewiebarfuss.at\/shop\/wp-json\/wp\/v2\/product_brand?post=680477"},{"taxonomy":"product_cat","embeddable":true,"href":"https:\/\/schuhewiebarfuss.at\/shop\/wp-json\/wp\/v2\/product_cat?post=680477"},{"taxonomy":"product_tag","embeddable":true,"href":"https:\/\/schuhewiebarfuss.at\/shop\/wp-json\/wp\/v2\/product_tag?post=680477"}],"curies":[{"name":"wp","href":"https:\/\/api.w.org\/{rel}","templated":true}]}}