{"id":674630,"date":"2024-11-15T16:12:10","date_gmt":"2024-11-15T15:12:10","guid":{"rendered":"https:\/\/schuhewiebarfuss.at\/shop\/produkt\/all-terrein-high-wp-damen-schwarz\/"},"modified":"2026-03-21T17:49:38","modified_gmt":"2026-03-21T16:49:38","slug":"all-terrein-high-wp-damen-schwarz","status":"publish","type":"product","link":"https:\/\/schuhewiebarfuss.at\/shop\/produkt\/all-terrein-high-wp-damen-schwarz\/","title":{"rendered":"All Terrein High WP Damen Schwarz"},"content":{"rendered":"<p>Trail \u2019n\u2019 Hike with the ALL TERRAIN HIGH<\/p>\n<p>Be outdoor. Be healthy. Be real!<\/p>\n<p>Nur in der Natur f\u00fchlst Du Dich wohl? Und das egal bei welchem Wetter? Dann brauchst Du unseren All Terrain High. Ein Schuh, der so konzipiert ist, dass er selbst anspruchsvollstem Gel\u00e4nde standh\u00e4lt und dabei stets das Beste aus Dir und Deinem K\u00f6rper herausholt. Dank der neuen TrueSense\u00ae-Outdoorsohle ist Dein Fu\u00df sicher gesch\u00fctzt und gibt Dir optimalen Grip, egal ob beim Wandern oder Trail-Running. Ebenso kann Deine Fu\u00dfmuskulatur dank der absatzlosen, flexiblen Sohle und der breiten Zehenbox ganz nat\u00fcrlich arbeiten. Das Ergebnis: sowohl die Regenerationsf\u00e4higkeit Deines K\u00f6rpers und seine Balance als auch Deine nat\u00fcrliche Haltung werden unterst\u00fctzt. Dar\u00fcber hinaus bietet der All Terrain High ein H\u00f6chstma\u00df an Qualit\u00e4t und Komfort wie das wasserdichte Obermaterial, eine angenehm weiche Kn\u00f6chelpolsterung, stabile Schn\u00fcrzonen am Rist und schnelles An- und Ausziehen dank Fersenschlaufe.<\/p>\n<p>HIGHLIGHTS<\/p>\n<p>Wasserdichter Barfu\u00dfschuh<br \/>\nRobuste, rutschfeste Multi-Terrain-Sohle<br \/>\nAbsolutes Leichtgewicht: nur knapp 300g pro Schuh (Gr. 39)<\/p>\n<p>Materialdetails:<\/p>\n<p>Obermaterial: recyceltem Textil und TPU<br \/>\nInnenfutter: recyceltem Textil und Mikrofaser<br \/>\nSohle: TrueSense\u00ae All Terrain Sohle mit 2,5 mm Basis und 3,0 mm Profil<br \/>\nInnensohle: herausnehmbar<br \/>\nAbsatz: Nullabsatz, keine H\u00f6hendifferenz zwischen Ferse und Vorderfu\u00df<br \/>\nVerschluss: Schn\u00fcrsenkel<br \/>\nBesonderheiten: Flexibel, rutsch- und abriebfest<br \/>\nAnatomische Zehenbox: Fu\u00dfgerechte, weitere Passform im Zehenbereich<br \/>\nVollst\u00e4ndig veganer Style<br \/>\nEntwickelt in Deutschland. Made in Vietnam<br \/>\nGr\u00f6\u00dfenhinweis: Dieses Modell f\u00e4llt eine Nummer kleiner aus.<\/p>\n<p>Pflegehinweise:<\/p>\n<p>Bitte verwende zum Reinigen deiner Groundies ein mit kaltem, klarem Wasser angefeuchtetes Tuch oder einen Schwamm. Besonders bei Leder- und Kunstleder-Modellen ist eine Impr\u00e4gnierung unbedingt empfehlenswert, um die Schuhe vor Feuchtigkeit, Verschmutzung und Umwelteinfl\u00fcssen zu sch\u00fctzen.<\/p>\n<p><b>Audio-Beschreibung<\/b><br \/><audio controls src=\"https:\/\/schuhewiebarfuss.at\/shop\/wp-content\/uploads\/lk\/9549_audio.wav\"><br \/>\n                                            Ihr Browser unterst\u00fctzt diese Audio-Ausgabe leider nicht.<br \/>\n                                            <\/ audio ><\/p>\n","protected":false},"excerpt":{"rendered":"<p>Groundies ALL TERRAIN HIGH Barfu\u00df-Sportschuh<\/p>\n<p>Obermaterial: Textil und TPU<br \/>\nInnenfutter: Textil und Mikrofaser<br \/>\nSohle: TrueSense\u00ae All Terrain<br \/>\nInnensohle: herausnehmbar<br \/>\nAbsatz: Nullabsatz<br \/>\nVerschluss: Schn\u00fcrsenkel<br \/>\nBesonderheiten: Flexibel, rutsch- und abriebfest, Vegan<br \/>\nGr\u00f6\u00dfenhinweis: Dieses Modell f\u00e4llt eine Nummer kleiner aus.<\/p>\n","protected":false},"featured_media":681195,"comment_status":"open","ping_status":"closed","template":"","meta":[],"product_brand":[],"product_cat":[833],"product_tag":[1362,1368,1373,1374,1375,1376,1377,2953],"class_list":{"0":"post-674630","1":"product","2":"type-product","3":"status-publish","4":"has-post-thumbnail","6":"product_cat-wanderschuhe-1","7":"product_tag-groesse-36","8":"product_tag-groesse-37","9":"product_tag-groesse-38","10":"product_tag-groesse-39","11":"product_tag-groesse-40","12":"product_tag-groesse-41","13":"product_tag-groesse-42","14":"product_tag-marke-groundies","16":"first","17":"instock","18":"taxable","19":"shipping-taxable","20":"purchasable","21":"product-type-variable"},"_links":{"self":[{"href":"https:\/\/schuhewiebarfuss.at\/shop\/wp-json\/wp\/v2\/product\/674630","targetHints":{"allow":["GET"]}}],"collection":[{"href":"https:\/\/schuhewiebarfuss.at\/shop\/wp-json\/wp\/v2\/product"}],"about":[{"href":"https:\/\/schuhewiebarfuss.at\/shop\/wp-json\/wp\/v2\/types\/product"}],"replies":[{"embeddable":true,"href":"https:\/\/schuhewiebarfuss.at\/shop\/wp-json\/wp\/v2\/comments?post=674630"}],"wp:featuredmedia":[{"embeddable":true,"href":"https:\/\/schuhewiebarfuss.at\/shop\/wp-json\/wp\/v2\/media\/681195"}],"wp:attachment":[{"href":"https:\/\/schuhewiebarfuss.at\/shop\/wp-json\/wp\/v2\/media?parent=674630"}],"wp:term":[{"taxonomy":"product_brand","embeddable":true,"href":"https:\/\/schuhewiebarfuss.at\/shop\/wp-json\/wp\/v2\/product_brand?post=674630"},{"taxonomy":"product_cat","embeddable":true,"href":"https:\/\/schuhewiebarfuss.at\/shop\/wp-json\/wp\/v2\/product_cat?post=674630"},{"taxonomy":"product_tag","embeddable":true,"href":"https:\/\/schuhewiebarfuss.at\/shop\/wp-json\/wp\/v2\/product_tag?post=674630"}],"curies":[{"name":"wp","href":"https:\/\/api.w.org\/{rel}","templated":true}]}}