{"id":674615,"date":"2024-11-15T15:40:15","date_gmt":"2024-11-15T14:40:15","guid":{"rendered":"https:\/\/schuhewiebarfuss.at\/shop\/produkt\/cozy-boot-low-damen\/"},"modified":"2026-03-01T19:49:21","modified_gmt":"2026-03-01T18:49:21","slug":"cozy-boot-low-damen","status":"publish","type":"product","link":"https:\/\/schuhewiebarfuss.at\/shop\/produkt\/cozy-boot-low-damen\/","title":{"rendered":"Cozy Boot Low Damen"},"content":{"rendered":"<p>Groundies Cozy Boot Low<\/p>\n<p>Der Groundies Cozy Boot Low bringt den beliebten Cozy Boot in einer stylischen Low-Variante in deine Garderobe. Mit seinem warmen Wollfutter und der Innensohle aus einem pflegeleichten Mix aus synthetischer und nat\u00fcrlicher Wolle bleiben deine F\u00fc\u00dfe auch an k\u00fchlen Tagen angenehm warm. Der Mix aus Velours- und Nubukleder verleiht dem Schuh eine luxuri\u00f6se und moderne Optik, w\u00e4hrend die Ziern\u00e4hte f\u00fcr den gewissen Extra-Look sorgen. Dank der GS1 TrueSense\u00ae Sneaker Sohle bietet der Cozy Boot Low den bew\u00e4hrten Barfu\u00dfkomfort von Groundies. Perfekt f\u00fcr den Alltag und besondere Anl\u00e4sse &#8211; dieser Boot vereint Funktion und Stil.<\/p>\n<p>HIGHLIGHTS<\/p>\n<p>Trendiger Low-Boot f\u00fcr Herbst und Winter<br \/>\nW\u00e4rmendes Wollfutter f\u00fcr kuschelig warme F\u00fc\u00dfe<br \/>\nHochwertiger Materialmix aus Velours- und Nubukleder<\/p>\n<p>Materialdetails:<\/p>\n<p>Obermaterial: Ledermix aus Veloursleder und Nubuk mit eleganten Ziern\u00e4hten<br \/>\nInnenfutter: 100% Wolle f\u00fcr optimale W\u00e4rmeisolierung<br \/>\nSohle: GS1 TrueSense\u00ae Sneaker Sohle f\u00fcr flexiblen Barfu\u00dfkomfort<br \/>\nInnensohle: 100% Wolle f\u00fcr optimale W\u00e4rmeisolierung, nicht herausnehmbar<br \/>\nAbsatz: Nullabsatz, keine H\u00f6hendifferenz zwischen Ferse und Vorderfu\u00df<br \/>\nVerschluss: Schlupfschuh<br \/>\nBesonderheiten: Flexibel, rutsch- und abriebfest<br \/>\nHandgefertigt in Portugal, entworfen in Deutschland<br \/>\nGr\u00f6\u00dfenhinweis: Dieses Modell f\u00e4llt gr\u00f6\u00dfengerecht aus<\/p>\n<p>Pflegehinweise:<\/p>\n<p>Bitte verwende zum Reinigen deiner Groundies ein mit kaltem, klarem Wasser angefeuchtetes Tuch oder einen Schwamm. Besonders bei Leder- und Kunstleder-Modellen ist eine Impr\u00e4gnierung unbedingt empfehlenswert, um die Schuhe vor Feuchtigkeit, Verschmutzung und Umwelteinfl\u00fcssen zu sch\u00fctzen.<\/p>\n<p><b>Audio-Beschreibung<\/b><br \/><audio controls src=\"https:\/\/schuhewiebarfuss.at\/shop\/wp-content\/uploads\/lk\/9556_audio.wav\"><br \/>\n                                            Ihr Browser unterst\u00fctzt diese Audio-Ausgabe leider nicht.<br \/>\n                                            <\/ audio ><\/p>\n","protected":false},"excerpt":{"rendered":"<p>Groundies COZY BOOT LOW<\/p>\n<p>Obermaterial: Veloursleder und Nubuk<br \/>\nInnenfutter: 100% Wolle<br \/>\nSohle: GS1 TrueSense\u00ae<br \/>\nInnensohle: 100% Wolle, nicht herausnehmbar<br \/>\nAbsatz: Nullabsatz<br \/>\nVerschluss: Schlupfschuh<br \/>\nBesonderheiten: Flexibel, rutsch- und abriebfest<br \/>\nGr\u00f6\u00dfenhinweis: Dieses Modell f\u00e4llt gr\u00f6\u00dfengerecht aus<\/p>\n","protected":false},"featured_media":674645,"comment_status":"open","ping_status":"closed","template":"","meta":[],"product_brand":[],"product_cat":[834],"product_tag":[2026,3013,1408,1362,1368,1373,1374,1375,1376,1377,2953],"class_list":{"0":"post-674615","1":"product","2":"type-product","3":"status-publish","4":"has-post-thumbnail","6":"product_cat-winterschuhe-4","7":"product_tag-farbe-beige","8":"product_tag-farbe-dark-brown","9":"product_tag-farbe-schwarz","10":"product_tag-groesse-36","11":"product_tag-groesse-37","12":"product_tag-groesse-38","13":"product_tag-groesse-39","14":"product_tag-groesse-40","15":"product_tag-groesse-41","16":"product_tag-groesse-42","17":"product_tag-marke-groundies","19":"first","20":"instock","21":"taxable","22":"shipping-taxable","23":"purchasable","24":"product-type-variable"},"_links":{"self":[{"href":"https:\/\/schuhewiebarfuss.at\/shop\/wp-json\/wp\/v2\/product\/674615","targetHints":{"allow":["GET"]}}],"collection":[{"href":"https:\/\/schuhewiebarfuss.at\/shop\/wp-json\/wp\/v2\/product"}],"about":[{"href":"https:\/\/schuhewiebarfuss.at\/shop\/wp-json\/wp\/v2\/types\/product"}],"replies":[{"embeddable":true,"href":"https:\/\/schuhewiebarfuss.at\/shop\/wp-json\/wp\/v2\/comments?post=674615"}],"wp:featuredmedia":[{"embeddable":true,"href":"https:\/\/schuhewiebarfuss.at\/shop\/wp-json\/wp\/v2\/media\/674645"}],"wp:attachment":[{"href":"https:\/\/schuhewiebarfuss.at\/shop\/wp-json\/wp\/v2\/media?parent=674615"}],"wp:term":[{"taxonomy":"product_brand","embeddable":true,"href":"https:\/\/schuhewiebarfuss.at\/shop\/wp-json\/wp\/v2\/product_brand?post=674615"},{"taxonomy":"product_cat","embeddable":true,"href":"https:\/\/schuhewiebarfuss.at\/shop\/wp-json\/wp\/v2\/product_cat?post=674615"},{"taxonomy":"product_tag","embeddable":true,"href":"https:\/\/schuhewiebarfuss.at\/shop\/wp-json\/wp\/v2\/product_tag?post=674615"}],"curies":[{"name":"wp","href":"https:\/\/api.w.org\/{rel}","templated":true}]}}