{"id":672892,"date":"2024-11-14T16:37:34","date_gmt":"2024-11-14T15:37:34","guid":{"rendered":"https:\/\/schuhewiebarfuss.at\/shop\/produkt\/odessa-go1-damen\/"},"modified":"2026-03-01T19:47:11","modified_gmt":"2026-03-01T18:47:11","slug":"odessa-go1-damen","status":"publish","type":"product","link":"https:\/\/schuhewiebarfuss.at\/shop\/produkt\/odessa-go1-damen\/","title":{"rendered":"Odessa GO1 Damen"},"content":{"rendered":"<p>Groundies Barfu\u00dfstiefel Odessa<\/p>\n<p>Superl\u00e4ssig: Mit dem Odessa machst du es dir auch an k\u00fchlen Herbst- und Wintertagen absolut gem\u00fctlich. Den Kurzstiefel aus weichem Rauleder kombinierst du zu Rock und Kleid genauso wie zur Skinny Jeans. Der geknautschte Schaft unterstreicht den entspannten Look. Die typische Groundies TrueSense\u00ae-Barfu\u00dfsohle ist komplett flach, d\u00fcnn und absolut flexibel. So f\u00fchlst du mit jedem Schritt den Kontakt zum Boden. Du gehst gesund und nat\u00fcrlich.<\/p>\n<p>HIGHLIGHTS<\/p>\n<p>Rei\u00dfverschluss f\u00fcr einfaches An- und Ausziehen<br \/>\nSchaftweite: 31 cm (Gr. 39)<br \/>\nAtmungsaktives Innenfutter aus OnSteam\u00ae<\/p>\n<p>Materialdetails:<\/p>\n<p>Obermaterial: 100% Rauleder<br \/>\nInnenfutter: OnSteam\u00ae Mikrofaser, atmungsaktiv<br \/>\nSohle: TrueSense\u00ae GO1 Sohle mit 3,3 mm Basis und 3 mm Profil<br \/>\nInnensohle: nicht herausnehmbar<br \/>\nAbsatz: Nullabsatz, keine H\u00f6hendifferenz zwischen Ferse und Vorderfu\u00df<br \/>\nVerschluss: Rei\u00dfverschluss<br \/>\nBesonderheiten: Flexibel, rutsch- und abriebfest<br \/>\nDesigned in Germany. Made in Portugal<br \/>\nGr\u00f6\u00dfenhinweis: Dieses Modell f\u00e4llt gr\u00f6\u00dfengerecht aus<br \/>\nAnatomische Zehenbox: Fu\u00dfgerechte, weitere Passform im Zehenbereich<br \/>\nSchafth\u00f6he: 20cm, Schaftweite: 31cm (Gr\u00f6\u00dfe 39)<\/p>\n<p>Pflegehinweise:<\/p>\n<p>Mit Bedacht solltest du deine Lederschuhe behandeln. Wir bitten dich hier die \u00fcblichen Hinweise zur richtigen Pflege von Lederschuhen zu beachten. Leder darf nicht mit Reinigungsmittel ges\u00e4ubert werden und ben\u00f6tigt immer mal wieder Feuchtigkeit. <\/p>\n<p><b>Audio-Beschreibung<\/b><br \/><audio controls src=\"https:\/\/schuhewiebarfuss.at\/shop\/wp-content\/uploads\/lk\/9541_audio.wav\"><br \/>\n                                            Ihr Browser unterst\u00fctzt diese Audio-Ausgabe leider nicht.<br \/>\n                                            <\/ audio ><\/p>\n","protected":false},"excerpt":{"rendered":"<p>Groundies ODESSA GO1<\/p>\n<p>Obermaterial: 100% Rauleder<br \/>\nInnenfutter: OnSteam\u00ae Mikrofaser<br \/>\nSohle: TrueSense\u00ae GO1<br \/>\nInnensohle: nicht herausnehmbar<br \/>\nAbsatz: Nullabsatz<br \/>\nVerschluss: Rei\u00dfverschluss<br \/>\nBesonderheiten: Flexibel, rutsch- und abriebfest<br \/>\nDesigned in Germany. Made in Portugal<br \/>\nGr\u00f6\u00dfenhinweis: Dieses Modell f\u00e4llt gr\u00f6\u00dfengerecht aus<\/p>\n","protected":false},"featured_media":677124,"comment_status":"open","ping_status":"closed","template":"","meta":[],"product_brand":[],"product_cat":[3121],"product_tag":[1544,1798,1408,1362,1368,1373,1374,1375,1376,1377,2953,1450],"class_list":{"0":"post-672892","1":"product","2":"type-product","3":"status-publish","4":"has-post-thumbnail","6":"product_cat-sale","7":"product_tag-farbe-braun","8":"product_tag-farbe-hellbraun","9":"product_tag-farbe-schwarz","10":"product_tag-groesse-36","11":"product_tag-groesse-37","12":"product_tag-groesse-38","13":"product_tag-groesse-39","14":"product_tag-groesse-40","15":"product_tag-groesse-41","16":"product_tag-groesse-42","17":"product_tag-marke-groundies","18":"product_tag-sale","20":"first","21":"instock","22":"sale","23":"taxable","24":"shipping-taxable","25":"purchasable","26":"product-type-variable"},"_links":{"self":[{"href":"https:\/\/schuhewiebarfuss.at\/shop\/wp-json\/wp\/v2\/product\/672892","targetHints":{"allow":["GET"]}}],"collection":[{"href":"https:\/\/schuhewiebarfuss.at\/shop\/wp-json\/wp\/v2\/product"}],"about":[{"href":"https:\/\/schuhewiebarfuss.at\/shop\/wp-json\/wp\/v2\/types\/product"}],"replies":[{"embeddable":true,"href":"https:\/\/schuhewiebarfuss.at\/shop\/wp-json\/wp\/v2\/comments?post=672892"}],"wp:featuredmedia":[{"embeddable":true,"href":"https:\/\/schuhewiebarfuss.at\/shop\/wp-json\/wp\/v2\/media\/677124"}],"wp:attachment":[{"href":"https:\/\/schuhewiebarfuss.at\/shop\/wp-json\/wp\/v2\/media?parent=672892"}],"wp:term":[{"taxonomy":"product_brand","embeddable":true,"href":"https:\/\/schuhewiebarfuss.at\/shop\/wp-json\/wp\/v2\/product_brand?post=672892"},{"taxonomy":"product_cat","embeddable":true,"href":"https:\/\/schuhewiebarfuss.at\/shop\/wp-json\/wp\/v2\/product_cat?post=672892"},{"taxonomy":"product_tag","embeddable":true,"href":"https:\/\/schuhewiebarfuss.at\/shop\/wp-json\/wp\/v2\/product_tag?post=672892"}],"curies":[{"name":"wp","href":"https:\/\/api.w.org\/{rel}","templated":true}]}}