{"id":664375,"date":"2024-10-28T18:49:19","date_gmt":"2024-10-28T17:49:19","guid":{"rendered":"https:\/\/schuhewiebarfuss.at\/shop\/produkt\/slipstop-kinder\/"},"modified":"2026-03-13T20:38:32","modified_gmt":"2026-03-13T19:38:32","slug":"slipstop-kinder","status":"publish","type":"product","link":"https:\/\/schuhewiebarfuss.at\/shop\/produkt\/slipstop-kinder\/","title":{"rendered":"Slipstop Kinder"},"content":{"rendered":"<p>Dank seiner griffigen Antirutsch-Sohle bietet Slipstop Sicherheit auf nassen und rutschigen B\u00f6den.<br \/>\nSchuhe mit Antirutsch-Sohle f\u00fcr viele Nutzungsbereiche geeignet.<br \/>\nSchutz vor heissem Sand am Strand, Insekten, Bienen, Bakterien und Keimen.<\/p>\n<p>&#8211; Schuhe mit Antirutsch-Sohle f\u00fcr viele Nutzungsbereiche geeignet.<br \/>\n&#8211; Schutz vor heissem Sand am Strand, Insekten, Bienen, Bakterien und Keimen<br \/>\n&#8211; leicht, flexibel und bequem<br \/>\n&#8211; einfach an- und auszuziehen wie eine Socke<br \/>\n&#8211; aus atmungsaktivem und schnell trocknendem Stoff<br \/>\n&#8211; ohne gef\u00e4hrliche Weichmacher und Klebstoffe<br \/>\n&#8211; Sonnenschutzfaktor 50+<br \/>\n&#8211; ideale Begleiter f\u00fcr junge und \u00e4ltere Personen<\/p>\n<p>MATERIALIEN:<br \/>\n&#8211; Oberstoff: 91% Polyamid, 9% Elastan<br \/>\n&#8211; Sohle: 87% PVC, 13% Baumwolle<\/p>\n<p>NUTZUNGSBEREICHE:<br \/>\nPool, See, Meer, Strand, Boot, Surfbrett, Krabbelgruppe, Kindergarten, Schule, Spielplatz, Ballett, Fitnessstudio, Pilates &amp; Yoga, Zuhause, Garten, Badezimmer, Sauna, Planschbecken<\/p>\n<p>VORSICHT:<br \/>\nMit Slipstop sinkt die Rutschgefahr auf nassen und rutschigen Oberfl\u00e4chen im Vergleich zum Barfuss laufen. Rutschgefahr gibt es trotzdem immer.<\/p>\n<p>Innensohle &#8211; L\u00e4nge\/Breite (mm):<\/p>\n<p>Gr\u00f6\u00dfe: 18-20 &#8211; Fu\u00dfl\u00e4nge: 125 mm &#8211; Fu\u00dfbreite: 61 mm<br \/>\nGr\u00f6\u00dfe: 21-23 &#8211; Fu\u00dfl\u00e4nge: 145 mm &#8211; Fu\u00dfbreite: 65 mm<br \/>\nGr\u00f6\u00dfe: 24-26 &#8211; Fu\u00dfl\u00e4nge: 165 mm &#8211; Fu\u00dfbreite: 70 mm<br \/>\nGr\u00f6\u00dfe: 27-29 &#8211; Fu\u00dfl\u00e4nge: 185 mm &#8211; Fu\u00dfbreite: 75 mm<br \/>\nGr\u00f6\u00dfe: 30-32 &#8211; Fu\u00dfl\u00e4nge: 205 mm &#8211; Fu\u00dfbreite: 80 mm<br \/>\nGr\u00f6\u00dfe: 33-35 &#8211; Fu\u00dfl\u00e4nge: 225 mm &#8211; Fu\u00dfbreite: 85 mm<\/p>\n<p><b>Audio-Beschreibung<\/b><br \/><audio controls src=\"https:\/\/schuhewiebarfuss.at\/shop\/wp-content\/uploads\/lk\/9592_audio.wav\"><br \/>\n                                            Ihr Browser unterst\u00fctzt diese Audio-Ausgabe leider nicht.<br \/>\n                                            <\/ audio ><\/p>\n","protected":false},"excerpt":{"rendered":"<p>SLIPSTOP KINDER<\/p>\n<p>Schuhe mit Antirutsch-Sohle f\u00fcr viele Nutzungsbereiche geeignet.<br \/>\nSchutz vor heissem Sand am Strand, Insekten, Bienen, Bakterien und Keimen.<\/p>\n<p>&#8211; Oberstoff: 91% Polyamid, 9% Elastan<br \/>\n&#8211; Sohle: 87% PVC, 13% Baumwolle<br \/>\n&#8211; leicht, flexibel und bequem<br \/>\n&#8211; atmungsaktiv und schnell trocknend<br \/>\n&#8211; ohne gef\u00e4hrliche Weichmacher und Klebstoffe<br \/>\n&#8211; Sonnenschutzfaktor 50+<br \/>\n&#8211; f\u00fcr junge und \u00e4ltere Personen<\/p>\n","protected":false},"featured_media":664356,"comment_status":"open","ping_status":"closed","template":"","meta":[],"product_brand":[],"product_cat":[841],"product_tag":[1479,1426,2563,1480,1481,2308,3008,1599,1601,1602,1593,1594,3007],"class_list":{"0":"post-664375","1":"product","2":"type-product","3":"status-publish","4":"has-post-thumbnail","6":"product_cat-badeschuhe-4","7":"product_tag-farbe-blau","8":"product_tag-farbe-dunkelblau","9":"product_tag-farbe-hellblau","10":"product_tag-farbe-orange","11":"product_tag-farbe-pink","12":"product_tag-farbe-rosa","13":"product_tag-groesse-18-20","14":"product_tag-groesse-21-23","15":"product_tag-groesse-24-26","16":"product_tag-groesse-27-29","17":"product_tag-groesse-30-32","18":"product_tag-groesse-33-35","19":"product_tag-marke-slipstop","21":"first","22":"instock","23":"taxable","24":"shipping-taxable","25":"purchasable","26":"product-type-variable"},"_links":{"self":[{"href":"https:\/\/schuhewiebarfuss.at\/shop\/wp-json\/wp\/v2\/product\/664375","targetHints":{"allow":["GET"]}}],"collection":[{"href":"https:\/\/schuhewiebarfuss.at\/shop\/wp-json\/wp\/v2\/product"}],"about":[{"href":"https:\/\/schuhewiebarfuss.at\/shop\/wp-json\/wp\/v2\/types\/product"}],"replies":[{"embeddable":true,"href":"https:\/\/schuhewiebarfuss.at\/shop\/wp-json\/wp\/v2\/comments?post=664375"}],"wp:featuredmedia":[{"embeddable":true,"href":"https:\/\/schuhewiebarfuss.at\/shop\/wp-json\/wp\/v2\/media\/664356"}],"wp:attachment":[{"href":"https:\/\/schuhewiebarfuss.at\/shop\/wp-json\/wp\/v2\/media?parent=664375"}],"wp:term":[{"taxonomy":"product_brand","embeddable":true,"href":"https:\/\/schuhewiebarfuss.at\/shop\/wp-json\/wp\/v2\/product_brand?post=664375"},{"taxonomy":"product_cat","embeddable":true,"href":"https:\/\/schuhewiebarfuss.at\/shop\/wp-json\/wp\/v2\/product_cat?post=664375"},{"taxonomy":"product_tag","embeddable":true,"href":"https:\/\/schuhewiebarfuss.at\/shop\/wp-json\/wp\/v2\/product_tag?post=664375"}],"curies":[{"name":"wp","href":"https:\/\/api.w.org\/{rel}","templated":true}]}}