{"id":607714,"date":"2024-08-15T01:02:59","date_gmt":"2024-08-14T23:02:59","guid":{"rendered":"https:\/\/schuhewiebarfuss.at\/shop\/produkt\/affenzahn-babyshoe-leather-crawly\/"},"modified":"2026-03-11T22:24:00","modified_gmt":"2026-03-11T21:24:00","slug":"affenzahn-babyshoe-leather-crawly","status":"publish","type":"product","link":"https:\/\/schuhewiebarfuss.at\/shop\/produkt\/affenzahn-babyshoe-leather-crawly\/","title":{"rendered":"Affenzahn Babyshoe Leather Crawly"},"content":{"rendered":"<p>Die Krabbelschuhe Crawly von Affenzahn sind aus besonders weichem Leder gefertigt. Sie sind \u00e4u\u00dferst flexibel und passen sich der Fu\u00dfform perfekt an, so k\u00f6nnen sich die kleinen F\u00fc\u00dfe frei bewegen. Die Form der Schuhe l\u00e4sst genug Platz f\u00fcr die Zehen, so werden die F\u00fc\u00dfe nicht eingeengt und k\u00f6nnen sich normal entwickeln. Der Krabbelschuh l\u00e4sst sich extra weit \u00f6ffnen und so ganz einfach \u00fcber den Babyfu\u00df ziehen. Der breite Klettverschlussriemen sorgt daf\u00fcr, dass alles ideal sitzt und nichts verrutscht. Mit diesen weichen und strapazierf\u00e4higen Schuhen machen die ersten Krabbelabenteuer gleich viel mehr Spa\u00df!<\/p>\n<p>Weich und Flexibel: Das leder des Krabbelschuhs ist super weich und flexibel. So k\u00f6nnen sich die kleinen F\u00fc\u00dfe frei bewegen und es ist angenehm zu tragen.<br \/>\nGenug Platz zum Wachsen: Die Naturform und das weiche Leder der Krabbelschuhe bieten genug Platz f\u00fcr die Zehen. Die F\u00fc\u00dfe werden nicht eingeengt und k\u00f6nnen sich somit gesund entwickeln.<br \/>\nSuper leicht: So leicht und so bequem! Man k\u00f6nnte meinen, man hat gar keine Schuhe an.<br \/>\nEinfacher Einstieg: Anziehen leicht gemacht. Der Krabbelschuh l\u00e4sst sich extra weit \u00f6ffnen und so ganz einfach \u00fcber den Babyfu\u00df ziehen.<br \/>\nKinderleichter Verschluss: Schnelles An- und Ausziehen leicht gemacht! Mit dem breiten Klettverschluss sitzen die Krabbelschuhe fest am Fu\u00df und lassen sich kinderleicht schlie\u00dfen und \u00f6ffnen!<\/p>\n<p>Affenzahn ist Mitglied der Leather Working Group. Das bedeutet, dass sie bei ihren Schuhen darauf achten, Leder aus verantwortungsvoller Herstellung zu verwenden. Mehr Informationen unter www.leatherworkinggroup.com.<\/p>\n<p>Ober- und Innenmaterial: Glattes und angerautes Leder (Leather Working Group zertifiziert)<br \/>\nMaterialhinweis: Enth\u00e4lt nichttextile Teile tierischen Ursprungs<br \/>\nHinweis: Nat\u00fcrliche Materialien sind langlebig und einzigartig, daher kann es zu Unterschieden in der Verarbeitung kommen.<br \/>\nSohle und innensohle: Leder<br \/>\nVerschluss: Klettverschluss<br \/>\nGewicht: ca. 44 g<\/p>\n<p>Unsere Empfehlung: Schuhe h\u00e4ndisch reinigen. Weitere Pflegehinweise hier: https:\/\/www.affenzahn.com\/de\/blog\/schuhe-reinigen<\/p>\n<p>Innensohle &#8211; L\u00e4nge (mm): Die Breite der Barfu\u00dfschuhe passen sich der nat\u00fcrlichen Form der F\u00fc\u00dfe an!<\/p>\n<p>Gr\u00f6\u00dfe: 18\/19 &#8211; Innenl\u00e4nge: 125 mm<br \/>\nGr\u00f6\u00dfe: 20\/21 &#8211; Innenl\u00e4nge: 138 mm<\/p>\n<p>Weitere Information erhalten Sie <a href=\"https:\/\/schuhewiebarfuss.at\/shop\/wp-content\/uploads\/lk\/Gr\u00f6\u00dfenschablone Affenzahn Crawly.pdf\" target=\"_blank\">hier<\/a><\/p>\n<p><b>Audio-Beschreibung<\/b><br \/><audio controls src=\"https:\/\/schuhewiebarfuss.at\/shop\/wp-content\/uploads\/lk\/9519_audio.wav\"><br \/>\n                                            Ihr Browser unterst\u00fctzt diese Audio-Ausgabe leider nicht.<br \/>\n                                            <\/ audio ><\/p>\n","protected":false},"excerpt":{"rendered":"<p>Affenzahn CRAWLY Krabbelschuh<\/p>\n<p>Super weicher, flexibler Krabbelschuh aus Leder aus verantwortungsvoller Herstellung mit gro\u00dfem Klettverschluss und liebevollen Details. Der Crawly sitzt gut am Fu\u00df und l\u00e4sst dabei genug Platz zum Wachsen.<\/p>\n","protected":false},"featured_media":639360,"comment_status":"open","ping_status":"closed","template":"","meta":[],"product_brand":[],"product_cat":[844],"product_tag":[1479,1427,1570,2308,1550,1483,1385,1390,2975],"class_list":{"0":"post-607714","1":"product","2":"type-product","3":"status-publish","4":"has-post-thumbnail","6":"product_cat-lauflernschuhe","7":"product_tag-farbe-blau","8":"product_tag-farbe-gelb","9":"product_tag-farbe-gruen","10":"product_tag-farbe-rosa","11":"product_tag-groesse-18","12":"product_tag-groesse-19","13":"product_tag-groesse-20","14":"product_tag-groesse-21","15":"product_tag-marke-affenzahn","17":"first","18":"instock","19":"taxable","20":"shipping-taxable","21":"purchasable","22":"product-type-variable"},"_links":{"self":[{"href":"https:\/\/schuhewiebarfuss.at\/shop\/wp-json\/wp\/v2\/product\/607714","targetHints":{"allow":["GET"]}}],"collection":[{"href":"https:\/\/schuhewiebarfuss.at\/shop\/wp-json\/wp\/v2\/product"}],"about":[{"href":"https:\/\/schuhewiebarfuss.at\/shop\/wp-json\/wp\/v2\/types\/product"}],"replies":[{"embeddable":true,"href":"https:\/\/schuhewiebarfuss.at\/shop\/wp-json\/wp\/v2\/comments?post=607714"}],"wp:featuredmedia":[{"embeddable":true,"href":"https:\/\/schuhewiebarfuss.at\/shop\/wp-json\/wp\/v2\/media\/639360"}],"wp:attachment":[{"href":"https:\/\/schuhewiebarfuss.at\/shop\/wp-json\/wp\/v2\/media?parent=607714"}],"wp:term":[{"taxonomy":"product_brand","embeddable":true,"href":"https:\/\/schuhewiebarfuss.at\/shop\/wp-json\/wp\/v2\/product_brand?post=607714"},{"taxonomy":"product_cat","embeddable":true,"href":"https:\/\/schuhewiebarfuss.at\/shop\/wp-json\/wp\/v2\/product_cat?post=607714"},{"taxonomy":"product_tag","embeddable":true,"href":"https:\/\/schuhewiebarfuss.at\/shop\/wp-json\/wp\/v2\/product_tag?post=607714"}],"curies":[{"name":"wp","href":"https:\/\/api.w.org\/{rel}","templated":true}]}}