{"id":576495,"date":"2024-06-26T10:17:29","date_gmt":"2024-06-26T08:17:29","guid":{"rendered":"https:\/\/schuhewiebarfuss.at\/shop\/produkt\/plus12-messgeraet\/"},"modified":"2026-03-17T19:03:32","modified_gmt":"2026-03-17T18:03:32","slug":"plus12-messgeraet-mm-skala-bis-310-mm-ca-gr-45-blau","status":"publish","type":"product","link":"https:\/\/schuhewiebarfuss.at\/shop\/produkt\/plus12-messgeraet-mm-skala-bis-310-mm-ca-gr-45-blau\/","title":{"rendered":"Plus12 Messger\u00e4t &#8211; mm Skala (bis 310 mm, ca. Gr. 45), Blau"},"content":{"rendered":"<p>Das plus12 ist das erste schuhgr\u00f6\u00dfen- und markenunabh\u00e4ngige Messger\u00e4t f\u00fcr die Passformkontrolle (L\u00e4nge) von Kinderschuhen<br \/>\nWas das plus12 kann<br \/>\nDas innovative Messger\u00e4t f\u00fcr passende Kinderschuhe. Mit dem plus12 lassen sich F\u00fc\u00dfe und die Innenl\u00e4nge von Schuhen vermessen (Millimeterskala).<\/p>\n<p>    Misst die L\u00e4nge von Kinderf\u00fc\u00dfen und f\u00fcgt automatisch 12 mm Spielraum f\u00fcr passende Schuhe dazu<br \/>\n    Misst die Innenl\u00e4nge von Schuhen (in Millimetern, von Gr\u00f6\u00dfe 18 bis Gr\u00f6\u00dfe 45)<\/p>\n<p>Info zu Schuhgr\u00f6\u00dfen: Lassen Sie sich nicht irritieren, wenn es einen Unterschied zwischen der Schuhgr\u00f6\u00dfe auf dem Schuh und Ihrer Berechnung gibt. Die Untersuchungen des Kinderf\u00fcsse-Kinderschuhe Forschungsteam zeigen, dass mehr als 90% der Schuhgr\u00f6\u00dfen auf Kinderschuhen falsch sind. Die durchschnittliche Abweichung betr\u00e4gt 2 Schuhgr\u00f6\u00dfen: Wo also Gr\u00f6\u00dfe 30 draufsteht, ist meistens nur Gr\u00f6\u00dfe 28 drinnen.<\/p>\n<p>Mehr als die H\u00e4lfte unserer Kinder steckt in zu kurzen Schuhen: Zu kurze Kinderschuhe k\u00f6nnen Kinderf\u00fc\u00dfe sch\u00e4digen! Passende Schuhe sind mindestens 12 mm l\u00e4nger als die F\u00fc\u00dfe.<\/p>\n<p>Hinweis: Beim Fu\u00df messen f\u00fcgt das plus12 automatisch 12 mm zur Fu\u00dfl\u00e4nge hinzu!<\/p>\n<p><b>Audio-Beschreibung<\/b><br \/><audio controls src=\"https:\/\/schuhewiebarfuss.at\/shop\/wp-content\/uploads\/lk\/9513_audio.wav\"><br \/>\n                                            Ihr Browser unterst\u00fctzt diese Audio-Ausgabe leider nicht.<br \/>\n                                            <\/ audio ><\/p>\n","protected":false},"excerpt":{"rendered":"<p>plus12: Damit Kinderschuhe passen!<\/p>\n<p>plus12 &#8211; Blau &#8211; mm Skala (bis 310 mm, ca. Gr. 45)<\/p>\n","protected":false},"featured_media":576494,"comment_status":"open","ping_status":"closed","template":"","meta":[],"product_brand":[],"product_cat":[827],"product_tag":[2467],"class_list":{"0":"post-576495","1":"product","2":"type-product","3":"status-publish","4":"has-post-thumbnail","6":"product_cat-badeschuhe-1","7":"product_tag-marke-plus12socks","9":"first","10":"outofstock","11":"taxable","12":"shipping-taxable","13":"purchasable","14":"product-type-simple"},"_links":{"self":[{"href":"https:\/\/schuhewiebarfuss.at\/shop\/wp-json\/wp\/v2\/product\/576495","targetHints":{"allow":["GET"]}}],"collection":[{"href":"https:\/\/schuhewiebarfuss.at\/shop\/wp-json\/wp\/v2\/product"}],"about":[{"href":"https:\/\/schuhewiebarfuss.at\/shop\/wp-json\/wp\/v2\/types\/product"}],"replies":[{"embeddable":true,"href":"https:\/\/schuhewiebarfuss.at\/shop\/wp-json\/wp\/v2\/comments?post=576495"}],"wp:featuredmedia":[{"embeddable":true,"href":"https:\/\/schuhewiebarfuss.at\/shop\/wp-json\/wp\/v2\/media\/576494"}],"wp:attachment":[{"href":"https:\/\/schuhewiebarfuss.at\/shop\/wp-json\/wp\/v2\/media?parent=576495"}],"wp:term":[{"taxonomy":"product_brand","embeddable":true,"href":"https:\/\/schuhewiebarfuss.at\/shop\/wp-json\/wp\/v2\/product_brand?post=576495"},{"taxonomy":"product_cat","embeddable":true,"href":"https:\/\/schuhewiebarfuss.at\/shop\/wp-json\/wp\/v2\/product_cat?post=576495"},{"taxonomy":"product_tag","embeddable":true,"href":"https:\/\/schuhewiebarfuss.at\/shop\/wp-json\/wp\/v2\/product_tag?post=576495"}],"curies":[{"name":"wp","href":"https:\/\/api.w.org\/{rel}","templated":true}]}}