{"id":573266,"date":"2024-06-20T08:47:29","date_gmt":"2024-06-20T06:47:29","guid":{"rendered":"https:\/\/schuhewiebarfuss.at\/shop\/produkt\/verona\/"},"modified":"2026-03-07T19:02:34","modified_gmt":"2026-03-07T18:02:34","slug":"verona","status":"publish","type":"product","link":"https:\/\/schuhewiebarfuss.at\/shop\/produkt\/verona\/","title":{"rendered":"Verona"},"content":{"rendered":"<p>Super softes Barfu\u00dffeeling gef\u00e4llig? Dann ist unsere Groundies\u00ae Barfu\u00df-Sandale Verona genau das Richtige f\u00fcr dich. Die hochwertige Leder\/Lederimitat-Sandale hat eine weiche Innenpolsterung, einen elastischen Fersenriemen und viel Zehenfreiheit. Die gekreuzten Riemen machen aus der sonst schlicht gehaltenen Sommersandale einen modischen Begleiter, der deine Sommergarderobe dezent aufpeppt. Die d\u00fcnne und flexible Barfu\u00dfsohle macht dabei den sp\u00fcrbaren Unterschied. Diese Barfu\u00dfsandale ist auch als vegane Variante mit veganem Leder in der Farbe Braun (Apricot) erh\u00e4ltlich!<\/p>\n<p>Materialdetails:<\/p>\n<p>Obermaterial: hochwertiges Leder oder hochwertiges veganes Lederimitat<br \/>\nInnenfutter: weiches, atmungsaktives und widerstandsf\u00e4higes Innenfutter aus hochwertigem Leder oder hochwertigem veganem Lederimitat<br \/>\nSohle: TrueSense\u00ae Ballerinasohle mit 3 mm Basis und 1 mm Profil<br \/>\nAbsatz: Nullabsatz, keine H\u00f6hendifferenz zwischen Ferse und Vorderfu\u00df<br \/>\nBesonderheiten: Flexibel, rutsch- und abriebfest, Anatomische Zehenbox f\u00fcr eine fu\u00dfgerechte, weitere Passform im Zehenbereich<br \/>\nMaterialhinweis: Frei von sch\u00e4dlichen Materialien (gepr\u00fcft!)<br \/>\nGr\u00f6\u00dfenhinweis: Dieses Modell f\u00e4llt gr\u00f6\u00dfengerecht aus<br \/>\nHergestellt in Portugal, designed in Deutschland<\/p>\n<p>!! Auswahl zwischen Leder und veganem Lederimitat: !!<\/p>\n<p>Farbe Silber &#8211; Leder<br \/>\nFarbe Braun &#8211; Veganes Lederimitat<\/p>\n<p>Pflegehinweise:<\/p>\n<p>Bitte verwende zum Reinigen deiner Groundies ein mit kaltem, klarem Wasser angefeuchtetes Tuch oder einen Schwamm. Besonders bei Leder- und Kunstleder-Modellen ist eine Impr\u00e4gnierung unbedingt empfehlenswert, um die Schuhe vor Feuchtigkeit, Verschmutzung und Umwelteinfl\u00fcssen zu sch\u00fctzen.<\/p>\n<p><b>Audio-Beschreibung<\/b><br \/><audio controls src=\"https:\/\/schuhewiebarfuss.at\/shop\/wp-content\/uploads\/lk\/9449_audio.wav\"><br \/>\n                                            Ihr Browser unterst\u00fctzt diese Audio-Ausgabe leider nicht.<br \/>\n                                            <\/ audio ><\/p>\n","protected":false},"excerpt":{"rendered":"<p>Groundies VERONA Barfu\u00df-Sandale<\/p>\n","protected":false},"featured_media":573265,"comment_status":"open","ping_status":"closed","template":"","meta":[],"product_brand":[],"product_cat":[831],"product_tag":[1544,1657,1362,1368,1373,1374,1375,1376,1377,2953],"class_list":{"0":"post-573266","1":"product","2":"type-product","3":"status-publish","4":"has-post-thumbnail","6":"product_cat-sandalen-1","7":"product_tag-farbe-braun","8":"product_tag-farbe-silber","9":"product_tag-groesse-36","10":"product_tag-groesse-37","11":"product_tag-groesse-38","12":"product_tag-groesse-39","13":"product_tag-groesse-40","14":"product_tag-groesse-41","15":"product_tag-groesse-42","16":"product_tag-marke-groundies","18":"first","19":"instock","20":"taxable","21":"shipping-taxable","22":"purchasable","23":"product-type-variable"},"_links":{"self":[{"href":"https:\/\/schuhewiebarfuss.at\/shop\/wp-json\/wp\/v2\/product\/573266","targetHints":{"allow":["GET"]}}],"collection":[{"href":"https:\/\/schuhewiebarfuss.at\/shop\/wp-json\/wp\/v2\/product"}],"about":[{"href":"https:\/\/schuhewiebarfuss.at\/shop\/wp-json\/wp\/v2\/types\/product"}],"replies":[{"embeddable":true,"href":"https:\/\/schuhewiebarfuss.at\/shop\/wp-json\/wp\/v2\/comments?post=573266"}],"wp:featuredmedia":[{"embeddable":true,"href":"https:\/\/schuhewiebarfuss.at\/shop\/wp-json\/wp\/v2\/media\/573265"}],"wp:attachment":[{"href":"https:\/\/schuhewiebarfuss.at\/shop\/wp-json\/wp\/v2\/media?parent=573266"}],"wp:term":[{"taxonomy":"product_brand","embeddable":true,"href":"https:\/\/schuhewiebarfuss.at\/shop\/wp-json\/wp\/v2\/product_brand?post=573266"},{"taxonomy":"product_cat","embeddable":true,"href":"https:\/\/schuhewiebarfuss.at\/shop\/wp-json\/wp\/v2\/product_cat?post=573266"},{"taxonomy":"product_tag","embeddable":true,"href":"https:\/\/schuhewiebarfuss.at\/shop\/wp-json\/wp\/v2\/product_tag?post=573266"}],"curies":[{"name":"wp","href":"https:\/\/api.w.org\/{rel}","templated":true}]}}