{"id":490188,"date":"2024-04-12T17:18:15","date_gmt":"2024-04-12T15:18:15","guid":{"rendered":"https:\/\/schuhewiebarfuss.at\/shop\/produkt\/classicstyle-fleece\/"},"modified":"2026-03-12T18:54:02","modified_gmt":"2026-03-12T17:54:02","slug":"classicstyle-fleece","status":"publish","type":"product","link":"https:\/\/schuhewiebarfuss.at\/shop\/produkt\/classicstyle-fleece\/","title":{"rendered":"classicStyle Fleece"},"content":{"rendered":"<p>Zeitloses Design, nachhaltige Materialien und ein unvergleichlicher Tragekomfort: Das ist unser \u201eclassicSTYLE\u201c. Der sch\u00f6ne Klassiker l\u00e4sst sich zu jeder Gelegenheit perfekt tragen und besticht nicht nur durch sein klares Design, sondern ist durch die spezielle Behandlung des Bioveloursleder auch noch wasserabweisend und sehr unempfindlich. Im Innenbereich des Klassikers findest du ein mulesingfreies Bio Wollvlies, denn f\u00fcr deine F\u00fc\u00dfe verwenden wir nur die besten Materialien!<\/p>\n<p><b>Audio-Beschreibung<\/b><br \/><audio controls src=\"https:\/\/schuhewiebarfuss.at\/shop\/wp-content\/uploads\/lk\/6013_audio.wav\"><br \/>\n                                            Ihr Browser unterst\u00fctzt diese Audio-Ausgabe leider nicht.<br \/>\n                                            <\/ audio ><\/p>\n","protected":false},"excerpt":{"rendered":"<p>Obermaterial: Bio-Veloursleder (gewachst)<br \/>\nInnenfutter: Wollvlies<br \/>\nVerschlussart: Schn\u00fcrung<br \/>\nWasserabweisend<br \/>\nUnisex <\/p>\n","protected":false},"featured_media":490187,"comment_status":"open","ping_status":"closed","template":"","meta":[],"product_brand":[],"product_cat":[3121],"product_tag":[1479,1544,2561,1371,1798,1408,1362,1368,1373,1374,1375,1376,1377,1378,1379,1380,1381,2447,1450],"class_list":{"0":"post-490188","1":"product","2":"type-product","3":"status-publish","4":"has-post-thumbnail","6":"product_cat-sale","7":"product_tag-farbe-blau","8":"product_tag-farbe-braun","9":"product_tag-farbe-dunkelgruen","10":"product_tag-farbe-grau","11":"product_tag-farbe-hellbraun","12":"product_tag-farbe-schwarz","13":"product_tag-groesse-36","14":"product_tag-groesse-37","15":"product_tag-groesse-38","16":"product_tag-groesse-39","17":"product_tag-groesse-40","18":"product_tag-groesse-41","19":"product_tag-groesse-42","20":"product_tag-groesse-43","21":"product_tag-groesse-44","22":"product_tag-groesse-45","23":"product_tag-groesse-46","24":"product_tag-marke-blifestyle","25":"product_tag-sale","27":"first","28":"instock","29":"taxable","30":"shipping-taxable","31":"purchasable","32":"product-type-variable"},"_links":{"self":[{"href":"https:\/\/schuhewiebarfuss.at\/shop\/wp-json\/wp\/v2\/product\/490188","targetHints":{"allow":["GET"]}}],"collection":[{"href":"https:\/\/schuhewiebarfuss.at\/shop\/wp-json\/wp\/v2\/product"}],"about":[{"href":"https:\/\/schuhewiebarfuss.at\/shop\/wp-json\/wp\/v2\/types\/product"}],"replies":[{"embeddable":true,"href":"https:\/\/schuhewiebarfuss.at\/shop\/wp-json\/wp\/v2\/comments?post=490188"}],"wp:featuredmedia":[{"embeddable":true,"href":"https:\/\/schuhewiebarfuss.at\/shop\/wp-json\/wp\/v2\/media\/490187"}],"wp:attachment":[{"href":"https:\/\/schuhewiebarfuss.at\/shop\/wp-json\/wp\/v2\/media?parent=490188"}],"wp:term":[{"taxonomy":"product_brand","embeddable":true,"href":"https:\/\/schuhewiebarfuss.at\/shop\/wp-json\/wp\/v2\/product_brand?post=490188"},{"taxonomy":"product_cat","embeddable":true,"href":"https:\/\/schuhewiebarfuss.at\/shop\/wp-json\/wp\/v2\/product_cat?post=490188"},{"taxonomy":"product_tag","embeddable":true,"href":"https:\/\/schuhewiebarfuss.at\/shop\/wp-json\/wp\/v2\/product_tag?post=490188"}],"curies":[{"name":"wp","href":"https:\/\/api.w.org\/{rel}","templated":true}]}}