{"id":489441,"date":"2024-04-12T13:51:35","date_gmt":"2024-04-12T11:51:35","guid":{"rendered":"https:\/\/schuhewiebarfuss.at\/shop\/produkt\/chenoa\/"},"modified":"2026-02-28T20:40:30","modified_gmt":"2026-02-28T19:40:30","slug":"chenoa","status":"publish","type":"product","link":"https:\/\/schuhewiebarfuss.at\/shop\/produkt\/chenoa\/","title":{"rendered":"Chenoa"},"content":{"rendered":"<p>Der Mokassin gilt als eines der \u00e4ltesten Schuhmodelle der Menschheit dessen Schaft unter dem Fu\u00df herum gef\u00fchrt und auf der Oberseite per Handnaht wieder zusammengen\u00e4ht wird.<br \/>\nBei diesem Modell handelt es sich aus einem extrem handschuhweichen Oberleder aus Ziegenvelours, das sehr angenehm am Fu\u00df sitzt. <\/p>\n<p>Das Leder, wasserabweisend und atmungsaktiv ist nicht mit Deckfarbe behandelt und dadurch noch weicher und anschmiegsamer.<br \/>\nZur Pflege dieses feinen Leders empfehlen handels\u00fcbliches Impr\u00e4gnierspray, Farbauffrischer f\u00fcr Veloursleder und eine Cr\u00e9peb\u00fcrste.<\/p>\n<p>Da ein Fu\u00df im Schuh beim Gehen immer noch etwas nach vorn rutscht, bitte zu der gemessenen Fu\u00dfl\u00e4nge noch ca. 3-5 mm addieren.<\/p>\n<p>Obermaterial: feinstes Ziegenvelours, wasserabweisend<br \/>\nVerschluss: Schn\u00fcrsenkel<br \/>\nForm: Normal (Weite G)<br \/>\nGr\u00f6\u00dfen: 36-47<br \/>\nGewicht: 100 gr. Gr\u00f6sse 41<br \/>\nLaufsohle: ca.3,5mm Gummi, Non Marking (nicht abf\u00e4rbend).<br \/>\nErlaubt einen m\u00f6glichst direkten Kontakt zum Boden. Fast wie Gehen auf der eigenen Fu\u00dfsohle<\/p>\n<p><b>Audio-Beschreibung<\/b><br \/><audio controls src=\"https:\/\/schuhewiebarfuss.at\/shop\/wp-content\/uploads\/lk\/6125_audio.wav\"><br \/>\n                                            Ihr Browser unterst\u00fctzt diese Audio-Ausgabe leider nicht.<br \/>\n                                            <\/ audio ><\/p>\n","protected":false},"excerpt":{"rendered":"<p>Barfu\u00dfschuh Chenoa<\/p>\n<p>Der Mokassin gilt als eines der \u00e4ltesten Schuhmodelle der Menschheit. Der Handgen\u00e4hte Sole Runner Mokassin Chenoa aus feinstem Ziegenvelours ist super leicht und sitzt am Fu\u00df wie eine zweite Haut. <\/p>\n<p>Weite: G<br \/>\nModell: Chenoa Black<br \/>\nHersteller: Sole Runner<br \/>\nInhalt: 1 Paar<\/p>\n","protected":false},"featured_media":489440,"comment_status":"open","ping_status":"closed","template":"","meta":[],"product_brand":[],"product_cat":[3121],"product_tag":[1371,1600,1408,1362,1368,1373,1374,1375,1376,1377,1378,1379,1380,1381,1449,2449,1450],"class_list":{"0":"post-489441","1":"product","2":"type-product","3":"status-publish","4":"has-post-thumbnail","6":"product_cat-sale","7":"product_tag-farbe-grau","8":"product_tag-farbe-rot","9":"product_tag-farbe-schwarz","10":"product_tag-groesse-36","11":"product_tag-groesse-37","12":"product_tag-groesse-38","13":"product_tag-groesse-39","14":"product_tag-groesse-40","15":"product_tag-groesse-41","16":"product_tag-groesse-42","17":"product_tag-groesse-43","18":"product_tag-groesse-44","19":"product_tag-groesse-45","20":"product_tag-groesse-46","21":"product_tag-groesse-47","22":"product_tag-marke-sole-runner","23":"product_tag-sale","25":"first","26":"instock","27":"taxable","28":"shipping-taxable","29":"purchasable","30":"product-type-variable"},"_links":{"self":[{"href":"https:\/\/schuhewiebarfuss.at\/shop\/wp-json\/wp\/v2\/product\/489441","targetHints":{"allow":["GET"]}}],"collection":[{"href":"https:\/\/schuhewiebarfuss.at\/shop\/wp-json\/wp\/v2\/product"}],"about":[{"href":"https:\/\/schuhewiebarfuss.at\/shop\/wp-json\/wp\/v2\/types\/product"}],"replies":[{"embeddable":true,"href":"https:\/\/schuhewiebarfuss.at\/shop\/wp-json\/wp\/v2\/comments?post=489441"}],"wp:featuredmedia":[{"embeddable":true,"href":"https:\/\/schuhewiebarfuss.at\/shop\/wp-json\/wp\/v2\/media\/489440"}],"wp:attachment":[{"href":"https:\/\/schuhewiebarfuss.at\/shop\/wp-json\/wp\/v2\/media?parent=489441"}],"wp:term":[{"taxonomy":"product_brand","embeddable":true,"href":"https:\/\/schuhewiebarfuss.at\/shop\/wp-json\/wp\/v2\/product_brand?post=489441"},{"taxonomy":"product_cat","embeddable":true,"href":"https:\/\/schuhewiebarfuss.at\/shop\/wp-json\/wp\/v2\/product_cat?post=489441"},{"taxonomy":"product_tag","embeddable":true,"href":"https:\/\/schuhewiebarfuss.at\/shop\/wp-json\/wp\/v2\/product_tag?post=489441"}],"curies":[{"name":"wp","href":"https:\/\/api.w.org\/{rel}","templated":true}]}}