{"id":488788,"date":"2024-04-12T13:01:46","date_gmt":"2024-04-12T11:01:46","guid":{"rendered":"https:\/\/schuhewiebarfuss.at\/shop\/produkt\/coolstyle\/"},"modified":"2026-03-16T18:28:01","modified_gmt":"2026-03-16T17:28:01","slug":"coolstyle","status":"publish","type":"product","link":"https:\/\/schuhewiebarfuss.at\/shop\/produkt\/coolstyle\/","title":{"rendered":"coolStyle"},"content":{"rendered":"<p>Der coolSTYLE setzt deine F\u00fc\u00dfe elegant und l\u00e4ssig in Szene. Dieser nachhaltige High-Cut Barfu\u00dfschuh macht Dein Outfit zu einem Statement. F\u00fcr das Au\u00dfenmaterial des Schuhs verwenden wir feines, wasserabweisendes Nappaleder. Die optimierte Barfu\u00dfsohle garantiert Dir ein nat\u00fcrliches und gesundes Lauferlebnis mit optimalem Halt.<\/p>\n<p><b>Audio-Beschreibung<\/b><br \/><audio controls src=\"https:\/\/schuhewiebarfuss.at\/shop\/wp-content\/uploads\/lk\/6007_audio.wav\"><br \/>\n                                            Ihr Browser unterst\u00fctzt diese Audio-Ausgabe leider nicht.<br \/>\n                                            <\/ audio ><\/p>\n","protected":false},"excerpt":{"rendered":"<p>Obermaterial: Nappaleder<br \/>\nInnenmaterial: Leder<br \/>\nVerschlussart: Schn\u00fcrung <\/p>\n","protected":false},"featured_media":488787,"comment_status":"open","ping_status":"closed","template":"","meta":[],"product_brand":[],"product_cat":[3121],"product_tag":[1544,1570,1480,1600,2963,1362,1368,1373,1374,1375,1376,1377,2447,1450],"class_list":{"0":"post-488788","1":"product","2":"type-product","3":"status-publish","4":"has-post-thumbnail","6":"product_cat-sale","7":"product_tag-farbe-braun","8":"product_tag-farbe-gruen","9":"product_tag-farbe-orange","10":"product_tag-farbe-rot","11":"product_tag-farbe-steingrau","12":"product_tag-groesse-36","13":"product_tag-groesse-37","14":"product_tag-groesse-38","15":"product_tag-groesse-39","16":"product_tag-groesse-40","17":"product_tag-groesse-41","18":"product_tag-groesse-42","19":"product_tag-marke-blifestyle","20":"product_tag-sale","22":"first","23":"instock","24":"taxable","25":"shipping-taxable","26":"purchasable","27":"product-type-variable"},"_links":{"self":[{"href":"https:\/\/schuhewiebarfuss.at\/shop\/wp-json\/wp\/v2\/product\/488788","targetHints":{"allow":["GET"]}}],"collection":[{"href":"https:\/\/schuhewiebarfuss.at\/shop\/wp-json\/wp\/v2\/product"}],"about":[{"href":"https:\/\/schuhewiebarfuss.at\/shop\/wp-json\/wp\/v2\/types\/product"}],"replies":[{"embeddable":true,"href":"https:\/\/schuhewiebarfuss.at\/shop\/wp-json\/wp\/v2\/comments?post=488788"}],"wp:featuredmedia":[{"embeddable":true,"href":"https:\/\/schuhewiebarfuss.at\/shop\/wp-json\/wp\/v2\/media\/488787"}],"wp:attachment":[{"href":"https:\/\/schuhewiebarfuss.at\/shop\/wp-json\/wp\/v2\/media?parent=488788"}],"wp:term":[{"taxonomy":"product_brand","embeddable":true,"href":"https:\/\/schuhewiebarfuss.at\/shop\/wp-json\/wp\/v2\/product_brand?post=488788"},{"taxonomy":"product_cat","embeddable":true,"href":"https:\/\/schuhewiebarfuss.at\/shop\/wp-json\/wp\/v2\/product_cat?post=488788"},{"taxonomy":"product_tag","embeddable":true,"href":"https:\/\/schuhewiebarfuss.at\/shop\/wp-json\/wp\/v2\/product_tag?post=488788"}],"curies":[{"name":"wp","href":"https:\/\/api.w.org\/{rel}","templated":true}]}}