{"id":488568,"date":"2024-04-12T12:45:43","date_gmt":"2024-04-12T10:45:43","guid":{"rendered":"https:\/\/schuhewiebarfuss.at\/shop\/produkt\/gobi-ii-damen-canvas-schwarz-orange\/"},"modified":"2026-02-28T17:58:49","modified_gmt":"2026-02-28T16:58:49","slug":"gobi-ii-damen-canvas-schwarz-orange","status":"publish","type":"product","link":"https:\/\/schuhewiebarfuss.at\/shop\/produkt\/gobi-ii-damen-canvas-schwarz-orange\/","title":{"rendered":"Gobi II Damen Canvas Schwarz\/Orange"},"content":{"rendered":"<p>Endlich ist der legend\u00e4re Desertboot wieder f\u00fcr Damen erh\u00e4ltlich &#8211; erstmals auch in der Eco Canvas Version. Der Gobi II Swimrun ist Teil unserer exklusiven Kollektion, die VIVOBAREFOOOT in Kooperation mit \u00d6till\u00f6 World Series herausgebracht hat. Das Obermaterial wird aus Baumwolle und aus recycelten PET-Flaschen gefertigt und ist zu 100% vegan. Der Gobi II ist seit vielen Jahren einer unserer unschlagbaren Bestseller der Casual-Kollektion &#8211; f\u00fcr Damen wie f\u00fcr Herren. Er hat eine einmalig bequeme Passform und passt im Alltag im B\u00fcro wie auch als schickes Freizeitmodell. Du wirst deinen neuen Gobi II Swimrun lieben! Das Modell kommt mit der Outlast-Thermoeinlegesohle, die die Temperatur im Schuh reguliert. Sie w\u00e4rmt, wenn es kalt ist und sie sorgt daf\u00fcr, dass deine F\u00fc\u00dfe nicht ins Schiwtzen kommen. F\u00fchl\u2018 dich barfu\u00df &#8211; immer und \u00fcberall! Der Gobi II ist ein absolutes Muss f\u00fcr jeden VIVOBAREFOOT-Fan!<\/p>\n<p><b>Audio-Beschreibung<\/b><br \/><audio controls src=\"https:\/\/schuhewiebarfuss.at\/shop\/wp-content\/uploads\/lk\/4972_audio.wav\"><br \/>\n                                            Ihr Browser unterst\u00fctzt diese Audio-Ausgabe leider nicht.<br \/>\n                                            <\/ audio ><\/p>\n","protected":false},"excerpt":{"rendered":"<p>neue, exklusive Swimrun-Edition<br \/>\nObermaterial: Eco Canvas<br \/>\nPro5: neue, durchstichfeste Sohlentechnologie<br \/>\nOutlast-Thermoeinlegesohle<br \/>\n100% vegan<br \/>\npatentierte, 3mm d\u00fcnne Casual-Au\u00dfensohle mit kleinen Profilnoppen<br \/>\nGewicht pro Schuh: 250g (Gr.37)<\/p>\n","protected":false},"featured_media":488567,"comment_status":"open","ping_status":"closed","template":"","meta":[],"product_brand":[],"product_cat":[3121],"product_tag":[1362,1368,1373,1374,1375,1376,1377,2451,1450],"class_list":{"0":"post-488568","1":"product","2":"type-product","3":"status-publish","4":"has-post-thumbnail","6":"product_cat-sale","7":"product_tag-groesse-36","8":"product_tag-groesse-37","9":"product_tag-groesse-38","10":"product_tag-groesse-39","11":"product_tag-groesse-40","12":"product_tag-groesse-41","13":"product_tag-groesse-42","14":"product_tag-marke-vivobarefoot","15":"product_tag-sale","17":"first","18":"instock","19":"sale","20":"taxable","21":"shipping-taxable","22":"purchasable","23":"product-type-variable"},"_links":{"self":[{"href":"https:\/\/schuhewiebarfuss.at\/shop\/wp-json\/wp\/v2\/product\/488568","targetHints":{"allow":["GET"]}}],"collection":[{"href":"https:\/\/schuhewiebarfuss.at\/shop\/wp-json\/wp\/v2\/product"}],"about":[{"href":"https:\/\/schuhewiebarfuss.at\/shop\/wp-json\/wp\/v2\/types\/product"}],"replies":[{"embeddable":true,"href":"https:\/\/schuhewiebarfuss.at\/shop\/wp-json\/wp\/v2\/comments?post=488568"}],"wp:featuredmedia":[{"embeddable":true,"href":"https:\/\/schuhewiebarfuss.at\/shop\/wp-json\/wp\/v2\/media\/488567"}],"wp:attachment":[{"href":"https:\/\/schuhewiebarfuss.at\/shop\/wp-json\/wp\/v2\/media?parent=488568"}],"wp:term":[{"taxonomy":"product_brand","embeddable":true,"href":"https:\/\/schuhewiebarfuss.at\/shop\/wp-json\/wp\/v2\/product_brand?post=488568"},{"taxonomy":"product_cat","embeddable":true,"href":"https:\/\/schuhewiebarfuss.at\/shop\/wp-json\/wp\/v2\/product_cat?post=488568"},{"taxonomy":"product_tag","embeddable":true,"href":"https:\/\/schuhewiebarfuss.at\/shop\/wp-json\/wp\/v2\/product_tag?post=488568"}],"curies":[{"name":"wp","href":"https:\/\/api.w.org\/{rel}","templated":true}]}}