{"id":488425,"date":"2024-04-12T12:35:21","date_gmt":"2024-04-12T10:35:21","guid":{"rendered":"https:\/\/schuhewiebarfuss.at\/shop\/produkt\/baumwollschuhband-duenn\/"},"modified":"2026-04-03T18:56:12","modified_gmt":"2026-04-03T16:56:12","slug":"baumwollschuhband-duenn","status":"publish","type":"product","link":"https:\/\/schuhewiebarfuss.at\/shop\/produkt\/baumwollschuhband-duenn\/","title":{"rendered":"Baumwollschuhband D\u00fcnn"},"content":{"rendered":"<p>Schn\u00fcrsenkel d\u00fcnn und rund, extrem rei\u00dffest und langlebig.<br \/>\nDie Schn\u00fcrsenkel der Firma Barth Schuhbandl aus Bayern sind f\u00fcr Ihre Spitzenqualit\u00e4t und gro\u00dfe Auswahl bekannt.<br \/>\nIn zwei Farben und St\u00e4rken, sowie  in den L\u00e4ngen von 75 cm bis 120 cm bei uns erh\u00e4ltlich.<br \/>\nDie Senkel werden paarweise in der Originalverpackung geliefert.<\/p>\n<p>75cm &#8211;&gt; 6-8 \u00d6sen, 90cm &#8211;&gt; 8-10 \u00d6sen, 120cm &#8211;&gt; 12-14 \u00d6sen<\/p>\n<p><b>Audio-Beschreibung<\/b><br \/><audio controls src=\"https:\/\/schuhewiebarfuss.at\/shop\/wp-content\/uploads\/lk\/6107_audio.wav\"><br \/>\n                                            Ihr Browser unterst\u00fctzt diese Audio-Ausgabe leider nicht.<br \/>\n                                            <\/ audio ><\/p>\n","protected":false},"excerpt":{"rendered":"<p>Farbe: Schwarz und Braun<br \/>\nEigenschaft: rund<br \/>\nMaterial: 67% Polyester und 33% Baumwolle<br \/>\nL\u00e4nge: 75cm, 90cm, 120cm<br \/>\nArtikelgewicht: 0,01 kg<br \/>\nAbmessungen ( Breite ): 0,25 cm <\/p>\n","protected":false},"featured_media":488424,"comment_status":"open","ping_status":"closed","template":"","meta":[],"product_brand":[],"product_cat":[825],"product_tag":[1544,1408,2681,2682,2683,3012,1360],"class_list":{"0":"post-488425","1":"product","2":"type-product","3":"status-publish","4":"has-post-thumbnail","6":"product_cat-schuhbnder","7":"product_tag-farbe-braun","8":"product_tag-farbe-schwarz","9":"product_tag-laenge-120-cm","10":"product_tag-laenge-75-cm","11":"product_tag-laenge-90-cm","12":"product_tag-marke-ludwig-seibel-e-u","13":"product_tag-standard","15":"first","16":"instock","17":"taxable","18":"shipping-taxable","19":"purchasable","20":"product-type-variable"},"_links":{"self":[{"href":"https:\/\/schuhewiebarfuss.at\/shop\/wp-json\/wp\/v2\/product\/488425","targetHints":{"allow":["GET"]}}],"collection":[{"href":"https:\/\/schuhewiebarfuss.at\/shop\/wp-json\/wp\/v2\/product"}],"about":[{"href":"https:\/\/schuhewiebarfuss.at\/shop\/wp-json\/wp\/v2\/types\/product"}],"replies":[{"embeddable":true,"href":"https:\/\/schuhewiebarfuss.at\/shop\/wp-json\/wp\/v2\/comments?post=488425"}],"wp:featuredmedia":[{"embeddable":true,"href":"https:\/\/schuhewiebarfuss.at\/shop\/wp-json\/wp\/v2\/media\/488424"}],"wp:attachment":[{"href":"https:\/\/schuhewiebarfuss.at\/shop\/wp-json\/wp\/v2\/media?parent=488425"}],"wp:term":[{"taxonomy":"product_brand","embeddable":true,"href":"https:\/\/schuhewiebarfuss.at\/shop\/wp-json\/wp\/v2\/product_brand?post=488425"},{"taxonomy":"product_cat","embeddable":true,"href":"https:\/\/schuhewiebarfuss.at\/shop\/wp-json\/wp\/v2\/product_cat?post=488425"},{"taxonomy":"product_tag","embeddable":true,"href":"https:\/\/schuhewiebarfuss.at\/shop\/wp-json\/wp\/v2\/product_tag?post=488425"}],"curies":[{"name":"wp","href":"https:\/\/api.w.org\/{rel}","templated":true}]}}

Baumwollschuhband Dünn

<p>Schnürsenkel dünn und rund, extrem reißfest und langlebig.<br />
Die Schnürsenkel der Firma Barth Schuhbandl aus Bayern sind für Ihre Spitzenqualität und große Auswahl bekannt.<br />
In zwei Farben und Stärken, sowie  in den Längen von 75 cm bis 120 cm bei uns erhältlich.<br />
Die Senkel werden paarweise in der Originalverpackung geliefert.</p>
<p>75cm &#8211;&gt; 6-8 Ösen, 90cm &#8211;&gt; 8-10 Ösen, 120cm &#8211;&gt; 12-14 Ösen</p>
<p><b>Audio-Beschreibung</b><br /><audio controls src="https://schuhewiebarfuss.at/shop/wp-content/uploads/lk/6107_audio.wav"><br />
                                            Ihr Browser unterstützt diese Audio-Ausgabe leider nicht.<br />
                                            </ audio ></p>

<p>Farbe: Schwarz und Braun<br />
Eigenschaft: rund<br />
Material: 67% Polyester und 33% Baumwolle<br />
Länge: 75cm, 90cm, 120cm<br />
Artikelgewicht: 0,01 kg<br />
Abmessungen ( Breite ): 0,25 cm </p>
