{"id":487887,"date":"2024-04-12T12:04:22","date_gmt":"2024-04-12T10:04:22","guid":{"rendered":"https:\/\/schuhewiebarfuss.at\/shop\/produkt\/tracker-decon-low-fg2-damen\/"},"modified":"2026-03-01T07:25:38","modified_gmt":"2026-03-01T06:25:38","slug":"tracker-decon-low-fg2-damen","status":"publish","type":"product","link":"https:\/\/schuhewiebarfuss.at\/shop\/produkt\/tracker-decon-low-fg2-damen\/","title":{"rendered":"Tracker Decon Low FG2 Damen"},"content":{"rendered":"<p>Der neueste Offroadschuh von Vivobarefoot ist von Kletterschuhen inspiriert und f\u00fcr wahre Abenteurerinnen gemacht.<br \/>\nDank nat\u00fcrlicher, robuster Materialien ist dieser Outdoorschuh komfortabel und langlebig. Mit der neuen, komplett \u00fcberarbeiteten Au\u00dfensohle erlebst du maximalen Grip auf unterschiedlichen Untergr\u00fcnden.<br \/>\nIdeal f\u00fcr Outdoor und Wanderen bei jedem Wind und Wetter.<\/p>\n<p><b>Audio-Beschreibung<\/b><br \/><audio controls src=\"https:\/\/schuhewiebarfuss.at\/shop\/wp-content\/uploads\/lk\/6208_audio.wav\"><br \/>\n                                            Ihr Browser unterst\u00fctzt diese Audio-Ausgabe leider nicht.<br \/>\n                                            <\/ audio ><\/p>\n","protected":false},"excerpt":{"rendered":"<p>Obermaterial: Wild Hide \/ Nubuk Leder f\u00fcr perfektes Fu\u00dfklima<br \/>\nKnit-Schaft und Spann aus atmungsaktiver Woolmark Merinowolle<br \/>\nPro 5: Durchstichfeste Sohlentechnologie<br \/>\nSohle: Firmground Sohle<br \/>\nThermoinnensohle<\/p>\n","protected":false},"featured_media":487886,"comment_status":"open","ping_status":"closed","template":"","meta":[],"product_brand":[],"product_cat":[3121],"product_tag":[1544,1408,1362,1368,1373,1374,1375,1376,1377,2451,1450],"class_list":{"0":"post-487887","1":"product","2":"type-product","3":"status-publish","4":"has-post-thumbnail","6":"product_cat-sale","7":"product_tag-farbe-braun","8":"product_tag-farbe-schwarz","9":"product_tag-groesse-36","10":"product_tag-groesse-37","11":"product_tag-groesse-38","12":"product_tag-groesse-39","13":"product_tag-groesse-40","14":"product_tag-groesse-41","15":"product_tag-groesse-42","16":"product_tag-marke-vivobarefoot","17":"product_tag-sale","19":"first","20":"instock","21":"taxable","22":"shipping-taxable","23":"purchasable","24":"product-type-variable"},"_links":{"self":[{"href":"https:\/\/schuhewiebarfuss.at\/shop\/wp-json\/wp\/v2\/product\/487887","targetHints":{"allow":["GET"]}}],"collection":[{"href":"https:\/\/schuhewiebarfuss.at\/shop\/wp-json\/wp\/v2\/product"}],"about":[{"href":"https:\/\/schuhewiebarfuss.at\/shop\/wp-json\/wp\/v2\/types\/product"}],"replies":[{"embeddable":true,"href":"https:\/\/schuhewiebarfuss.at\/shop\/wp-json\/wp\/v2\/comments?post=487887"}],"wp:featuredmedia":[{"embeddable":true,"href":"https:\/\/schuhewiebarfuss.at\/shop\/wp-json\/wp\/v2\/media\/487886"}],"wp:attachment":[{"href":"https:\/\/schuhewiebarfuss.at\/shop\/wp-json\/wp\/v2\/media?parent=487887"}],"wp:term":[{"taxonomy":"product_brand","embeddable":true,"href":"https:\/\/schuhewiebarfuss.at\/shop\/wp-json\/wp\/v2\/product_brand?post=487887"},{"taxonomy":"product_cat","embeddable":true,"href":"https:\/\/schuhewiebarfuss.at\/shop\/wp-json\/wp\/v2\/product_cat?post=487887"},{"taxonomy":"product_tag","embeddable":true,"href":"https:\/\/schuhewiebarfuss.at\/shop\/wp-json\/wp\/v2\/product_tag?post=487887"}],"curies":[{"name":"wp","href":"https:\/\/api.w.org\/{rel}","templated":true}]}}