{"id":487814,"date":"2024-04-12T11:53:59","date_gmt":"2024-04-12T09:53:59","guid":{"rendered":"https:\/\/schuhewiebarfuss.at\/shop\/produkt\/mini-primus-kinder-blau-orange\/"},"modified":"2026-02-28T18:44:07","modified_gmt":"2026-02-28T17:44:07","slug":"mini-primus-kinder-blau-orange","status":"publish","type":"product","link":"https:\/\/schuhewiebarfuss.at\/shop\/produkt\/mini-primus-kinder-blau-orange\/","title":{"rendered":"Mini Primus Kinder Blau\/Orange"},"content":{"rendered":"<p>Ihr Kind ist eine Miniaturkopie von Ihnen, deshalb haben wir f\u00fcr unsere Kleinen eine Miniaturversion Ihrer Primus-Schuhe vorbereitet. Geben Sie Ihren Kindern mit unseren Primus Kids-Schuhen von den ersten Schritten an die nat\u00fcrliche, barfu\u00df\u00e4hnliche Bewegung, die sie f\u00fcr ihre Entwicklung brauchen. Diese ersten Schuhe sind leicht, atmungsaktiv und langlebig. Schon die Kleinsten k\u00f6nnen die Welt erkunden und das Gef\u00fchl des Barfu\u00dflaufens erleben.<\/p>\n<p><b>Audio-Beschreibung<\/b><br \/><audio controls src=\"https:\/\/schuhewiebarfuss.at\/shop\/wp-content\/uploads\/lk\/5694_audio.wav\"><br \/>\n                                            Ihr Browser unterst\u00fctzt diese Audio-Ausgabe leider nicht.<br \/>\n                                            <\/ audio ><\/p>\n","protected":false},"excerpt":{"rendered":"<p>Obermaterial: Textil, Synthetik<br \/>\nFutter und Decksohle: Textil, Synthetik<br \/>\nSohle: 3 mm Gummisohle, mit patentiertem Durchtrittschutz. Eine ultrad\u00fcnne, abriebfeste, extra flexible und rutschfeste Sohle, mit der Sie den Untergrund, auf dem Sie jeden Tag gehen, perfekt sp\u00fcren k\u00f6nnen.<br \/>\nBefestigung: Klettverschluss<br \/>\nHerausnehmbares Innenfutter:\u00a0nein<br \/>\nVeganer: Ja<\/p>\n","protected":false},"featured_media":487813,"comment_status":"open","ping_status":"closed","template":"","meta":[],"product_brand":[],"product_cat":[3121],"product_tag":[1479,1480,1385,2451,1450],"class_list":{"0":"post-487814","1":"product","2":"type-product","3":"status-publish","4":"has-post-thumbnail","6":"product_cat-sale","7":"product_tag-farbe-blau","8":"product_tag-farbe-orange","9":"product_tag-groesse-20","10":"product_tag-marke-vivobarefoot","11":"product_tag-sale","13":"first","14":"instock","15":"sale","16":"taxable","17":"shipping-taxable","18":"purchasable","19":"product-type-variable"},"_links":{"self":[{"href":"https:\/\/schuhewiebarfuss.at\/shop\/wp-json\/wp\/v2\/product\/487814","targetHints":{"allow":["GET"]}}],"collection":[{"href":"https:\/\/schuhewiebarfuss.at\/shop\/wp-json\/wp\/v2\/product"}],"about":[{"href":"https:\/\/schuhewiebarfuss.at\/shop\/wp-json\/wp\/v2\/types\/product"}],"replies":[{"embeddable":true,"href":"https:\/\/schuhewiebarfuss.at\/shop\/wp-json\/wp\/v2\/comments?post=487814"}],"wp:featuredmedia":[{"embeddable":true,"href":"https:\/\/schuhewiebarfuss.at\/shop\/wp-json\/wp\/v2\/media\/487813"}],"wp:attachment":[{"href":"https:\/\/schuhewiebarfuss.at\/shop\/wp-json\/wp\/v2\/media?parent=487814"}],"wp:term":[{"taxonomy":"product_brand","embeddable":true,"href":"https:\/\/schuhewiebarfuss.at\/shop\/wp-json\/wp\/v2\/product_brand?post=487814"},{"taxonomy":"product_cat","embeddable":true,"href":"https:\/\/schuhewiebarfuss.at\/shop\/wp-json\/wp\/v2\/product_cat?post=487814"},{"taxonomy":"product_tag","embeddable":true,"href":"https:\/\/schuhewiebarfuss.at\/shop\/wp-json\/wp\/v2\/product_tag?post=487814"}],"curies":[{"name":"wp","href":"https:\/\/api.w.org\/{rel}","templated":true}]}}