{"id":486434,"date":"2024-04-12T10:49:28","date_gmt":"2024-04-12T08:49:28","guid":{"rendered":"https:\/\/schuhewiebarfuss.at\/shop\/produkt\/ababa-herren\/"},"modified":"2026-03-01T18:47:03","modified_gmt":"2026-03-01T17:47:03","slug":"ababa-herren","status":"publish","type":"product","link":"https:\/\/schuhewiebarfuss.at\/shop\/produkt\/ababa-herren\/","title":{"rendered":"Ababa Herren"},"content":{"rendered":"<p>Designt in London &#8211; produziert in \u00c4thiopien: In dieser Saison pr\u00e4sentieren wir euch ein brandneues Modell aus der Soul of Africa Kollektion &#8211; den Ababa. Ababa hat eine einzigartige neue \u2018Footprint\u2018-Sohle, die besonders flexibel ist und durchgehend bis zur Ferse verl\u00e4uft. Damit ist dieser Schuh auch speziell f\u00fcr Ferseng\u00e4nger hervorragend geeignet. Das bequeme Slipper-Design macht den Ababa zu einem wahren Wohlf\u00fchlschuh, der zudem durch sein hochwertiges Pittards Wild Hide Leder \u00fcberzeugt. Ein besonderer Hingucker ist die auff\u00e4llige rote Naht, die um den ganzen Schuh herum verl\u00e4uft. Das Leder wird lokal bezogen und von Hand auf die Sohle aufgen\u00e4ht. Das neue Slipper Modell ist praktisch, stilvoll und zugleich ultraleicht und flexibel. Die Soul of Africa Kollektion von VIVOBAREFOOT vereint die patentierte Barfu\u00dftechnologie mit nat\u00fcrlichen Ledern. Soul of Africa unterst\u00fctzt soziale Projekte f\u00fcr die Bildung und gesundheitliche Versorgung und Betreuung von Kindern und Jugendlichen aus Afrika. Zudem bietet Soul of Africa frei nach dem Motto \u2018Aid through Trade\u2018 benachteiligten Frauen einen Arbeitsplatz und l\u00e4sst sie das Schuhhandwerk erlernen. F\u00fchle einen Hauch von Afrika mit dem neuen Ababa und leiste zugleich einen Beitrag f\u00fcr Kinder, die in Armut leben.<\/p>\n<p>WICHTIGER HINWEIS ZUM LEDER!!!<br \/>\nDas hochwertige Leder des britischen Traditionsunternehmens Pittards hat eine besondere Struktur und stammt aus Afrika. Das Leder wird mit pflanzlichen Mitteln gegerbt und m\u00f6glichst in seiner nat\u00fcrlichen Form und Textur erhalten. Au\u00dferdem zeichnet es sich durch seine robuste Struktur aus. Da es sich hierbei um nat\u00fcrliches Leder von wilden Tieren handelt, ist jedes Paar ein Unikat. Somit kann es sein, das einzelne Schuhe Narben, Kratzer oder kleine Flecken aufweisen.<\/p>\n<p><b>Audio-Beschreibung<\/b><br \/><audio controls src=\"https:\/\/schuhewiebarfuss.at\/shop\/wp-content\/uploads\/lk\/6141_audio.wav\"><br \/>\n                                            Ihr Browser unterst\u00fctzt diese Audio-Ausgabe leider nicht.<br \/>\n                                            <\/ audio ><\/p>\n","protected":false},"excerpt":{"rendered":"<p>\u2022Obermaterial: 100% Pittards Wild Hide Leder<br \/>\n\u2022Pro5: durchstichfeste Sohlentechnologie<br \/>\n\u2022neue, besonders flexible \u2018Footprint\u2018-Barfu\u00dfsohle<br \/>\n\u2022Leder-Innensohle<br \/>\n\u2022Gewicht pro Schuh: 200g (Gr.42)<br \/>\n\u2022Das Modell hat eine weite Passform<\/p>\n","protected":false},"featured_media":486433,"comment_status":"open","ping_status":"closed","template":"","meta":[],"product_brand":[],"product_cat":[3121],"product_tag":[1544,1426,2561,1408,1375,1376,1377,1378,1379,1380,1381,1449,2451,1450],"class_list":{"0":"post-486434","1":"product","2":"type-product","3":"status-publish","4":"has-post-thumbnail","6":"product_cat-sale","7":"product_tag-farbe-braun","8":"product_tag-farbe-dunkelblau","9":"product_tag-farbe-dunkelgruen","10":"product_tag-farbe-schwarz","11":"product_tag-groesse-40","12":"product_tag-groesse-41","13":"product_tag-groesse-42","14":"product_tag-groesse-43","15":"product_tag-groesse-44","16":"product_tag-groesse-45","17":"product_tag-groesse-46","18":"product_tag-groesse-47","19":"product_tag-marke-vivobarefoot","20":"product_tag-sale","22":"first","23":"outofstock","24":"taxable","25":"shipping-taxable","26":"product-type-variable"},"_links":{"self":[{"href":"https:\/\/schuhewiebarfuss.at\/shop\/wp-json\/wp\/v2\/product\/486434","targetHints":{"allow":["GET"]}}],"collection":[{"href":"https:\/\/schuhewiebarfuss.at\/shop\/wp-json\/wp\/v2\/product"}],"about":[{"href":"https:\/\/schuhewiebarfuss.at\/shop\/wp-json\/wp\/v2\/types\/product"}],"replies":[{"embeddable":true,"href":"https:\/\/schuhewiebarfuss.at\/shop\/wp-json\/wp\/v2\/comments?post=486434"}],"wp:featuredmedia":[{"embeddable":true,"href":"https:\/\/schuhewiebarfuss.at\/shop\/wp-json\/wp\/v2\/media\/486433"}],"wp:attachment":[{"href":"https:\/\/schuhewiebarfuss.at\/shop\/wp-json\/wp\/v2\/media?parent=486434"}],"wp:term":[{"taxonomy":"product_brand","embeddable":true,"href":"https:\/\/schuhewiebarfuss.at\/shop\/wp-json\/wp\/v2\/product_brand?post=486434"},{"taxonomy":"product_cat","embeddable":true,"href":"https:\/\/schuhewiebarfuss.at\/shop\/wp-json\/wp\/v2\/product_cat?post=486434"},{"taxonomy":"product_tag","embeddable":true,"href":"https:\/\/schuhewiebarfuss.at\/shop\/wp-json\/wp\/v2\/product_tag?post=486434"}],"curies":[{"name":"wp","href":"https:\/\/api.w.org\/{rel}","templated":true}]}}