{"id":485930,"date":"2024-04-11T08:10:50","date_gmt":"2024-04-11T06:10:50","guid":{"rendered":"https:\/\/schuhewiebarfuss.at\/shop\/produkt\/chukka-grau\/"},"modified":"2026-03-10T18:25:25","modified_gmt":"2026-03-10T17:25:25","slug":"chukka-grau","status":"publish","type":"product","link":"https:\/\/schuhewiebarfuss.at\/shop\/produkt\/chukka-grau\/","title":{"rendered":"Chukka Grau"},"content":{"rendered":"<p>Unser klassischer W\u00fcstenstiefel. Alle Vorteile von Freet und smart genug f\u00fcr den Alltag in der Stadt oder auf dem Trail.<\/p>\n<p>Atmungsaktives, strapazierf\u00e4higes Obermaterial mit etwas Stretch und Wasserbest\u00e4ndigkeit aus unserem neuen Mikrofasermaterial \u2013 MicroF Stretch.<\/p>\n<p>Super glattes Futter zum Tragen barfu\u00df oder mit Socken.<\/p>\n<p>Freet 5in1 asymmetrischer Vorfu\u00df f\u00fcr eine nat\u00fcrliche Fu\u00dfform, die eine nat\u00fcrliche Spreizung der Zehen erm\u00f6glicht.<\/p>\n<p>Die ConnectComfort PORON\u00ae Zwischensohle unterst\u00fctzt die Sto\u00dfd\u00e4mpfung und gew\u00e4hrleistet gleichzeitig eine hervorragende Bodenverbindung.<\/p>\n<p>Konventionelle Spitze.<\/p>\n<p>MultiGrip2 Performance-Au\u00dfensohle f\u00fcr Grip und Strapazierf\u00e4higkeit auf Trails und Pflaster.<\/p>\n<p><b>Audio-Beschreibung<\/b><br \/><audio controls src=\"https:\/\/schuhewiebarfuss.at\/shop\/wp-content\/uploads\/lk\/5227_audio.wav\"><br \/>\n                                            Ihr Browser unterst\u00fctzt diese Audio-Ausgabe leider nicht.<br \/>\n                                            <\/ audio ><\/p>\n","protected":false},"excerpt":{"rendered":"<p>Geschlecht: Unisex<br \/>\nJahreszeit: Sommer<br \/>\nVegan: Ja<br \/>\nWasserfestigkeit: Nein<br \/>\nBreite: Weit<\/p>\n","protected":false},"featured_media":485929,"comment_status":"open","ping_status":"closed","template":"","meta":[],"product_brand":[],"product_cat":[3121],"product_tag":[1362,1368,1373,1374,1375,1376,1377,1378,1379,1380,1381,1449,1452,2444,1450],"class_list":{"0":"post-485930","1":"product","2":"type-product","3":"status-publish","4":"has-post-thumbnail","6":"product_cat-sale","7":"product_tag-groesse-36","8":"product_tag-groesse-37","9":"product_tag-groesse-38","10":"product_tag-groesse-39","11":"product_tag-groesse-40","12":"product_tag-groesse-41","13":"product_tag-groesse-42","14":"product_tag-groesse-43","15":"product_tag-groesse-44","16":"product_tag-groesse-45","17":"product_tag-groesse-46","18":"product_tag-groesse-47","19":"product_tag-groesse-48","20":"product_tag-marke-freet","21":"product_tag-sale","23":"first","24":"outofstock","25":"taxable","26":"shipping-taxable","27":"product-type-variable"},"_links":{"self":[{"href":"https:\/\/schuhewiebarfuss.at\/shop\/wp-json\/wp\/v2\/product\/485930","targetHints":{"allow":["GET"]}}],"collection":[{"href":"https:\/\/schuhewiebarfuss.at\/shop\/wp-json\/wp\/v2\/product"}],"about":[{"href":"https:\/\/schuhewiebarfuss.at\/shop\/wp-json\/wp\/v2\/types\/product"}],"replies":[{"embeddable":true,"href":"https:\/\/schuhewiebarfuss.at\/shop\/wp-json\/wp\/v2\/comments?post=485930"}],"wp:featuredmedia":[{"embeddable":true,"href":"https:\/\/schuhewiebarfuss.at\/shop\/wp-json\/wp\/v2\/media\/485929"}],"wp:attachment":[{"href":"https:\/\/schuhewiebarfuss.at\/shop\/wp-json\/wp\/v2\/media?parent=485930"}],"wp:term":[{"taxonomy":"product_brand","embeddable":true,"href":"https:\/\/schuhewiebarfuss.at\/shop\/wp-json\/wp\/v2\/product_brand?post=485930"},{"taxonomy":"product_cat","embeddable":true,"href":"https:\/\/schuhewiebarfuss.at\/shop\/wp-json\/wp\/v2\/product_cat?post=485930"},{"taxonomy":"product_tag","embeddable":true,"href":"https:\/\/schuhewiebarfuss.at\/shop\/wp-json\/wp\/v2\/product_tag?post=485930"}],"curies":[{"name":"wp","href":"https:\/\/api.w.org\/{rel}","templated":true}]}}