{"id":485233,"date":"2024-04-10T23:52:47","date_gmt":"2024-04-10T21:52:47","guid":{"rendered":"https:\/\/schuhewiebarfuss.at\/shop\/produkt\/hana-leder-herren-schwarz\/"},"modified":"2026-02-28T18:48:43","modified_gmt":"2026-02-28T17:48:43","slug":"hana-leder-herren-schwarz","status":"publish","type":"product","link":"https:\/\/schuhewiebarfuss.at\/shop\/produkt\/hana-leder-herren-schwarz\/","title":{"rendered":"Hana Leder Herren Schwarz"},"content":{"rendered":"<p>Nehmen Sie den l\u00e4ssigen Komfort des Hana mit, wo auch immer Sie hingehen, ob ins B\u00fcro oder um einen draufzumachen.<br \/>\nDas subtile, schlichte Design steht f\u00fcr &#8222;l\u00e4ssige Eleganz&#8220;. Das vollnarbige Leder bietet innen und au\u00dfen seidenweichen Komfort.<br \/>\n\u00a0<br \/>\nMit der 5,5 mm FeelTrue\u00ae-Gummisohle des Hana erhalten Sie genau die richtige Kombination aus Schutz und Bodengef\u00fchl, die Ihre F\u00fc\u00dfe lieben. Und mit der herausnehmbaren 3 mm Einlegesohle k\u00f6nnen Sie die gew\u00fcnschte St\u00e4rke des &#8222;Barfu\u00dfgef\u00fchls&#8220; einstellen.<br \/>\nEine breite Zehenbox sorgt daf\u00fcr, dass sich Ihre Zehen ausbreiten und entspannen k\u00f6nnen. Und die &#8222;XERO-drop&#8220;-Sohle (nicht erh\u00f6hte Ferse und bodennah) erm\u00f6glicht eine korrekte K\u00f6rperhaltung, Balance und Beweglichkeit.<\/p>\n<p><b>Audio-Beschreibung<\/b><br \/><audio controls src=\"https:\/\/schuhewiebarfuss.at\/shop\/wp-content\/uploads\/lk\/5503_audio.wav\"><br \/>\n                                            Ihr Browser unterst\u00fctzt diese Audio-Ausgabe leider nicht.<br \/>\n                                            <\/ audio ><\/p>\n","protected":false},"excerpt":{"rendered":"<p>Obermaterial: Leder<br \/>\nInnenmaterial: Leder<br \/>\nInnensohle: Herausnehmbar<br \/>\nSohle: 5,5 mm FeelTrue\u00ae Gummisohle<br \/>\nVerschlussart: Schn\u00fcrschuh <\/p>\n","protected":false},"featured_media":485232,"comment_status":"open","ping_status":"closed","template":"","meta":[],"product_brand":[],"product_cat":[836],"product_tag":[1375,1376,1377,1378,1379,1380,1381,1449,2446,1360],"class_list":{"0":"post-485233","1":"product","2":"type-product","3":"status-publish","4":"has-post-thumbnail","6":"product_cat-lifestyle-2","7":"product_tag-groesse-40","8":"product_tag-groesse-41","9":"product_tag-groesse-42","10":"product_tag-groesse-43","11":"product_tag-groesse-44","12":"product_tag-groesse-45","13":"product_tag-groesse-46","14":"product_tag-groesse-47","15":"product_tag-marke-xero","16":"product_tag-standard","18":"first","19":"instock","20":"taxable","21":"shipping-taxable","22":"purchasable","23":"product-type-variable"},"_links":{"self":[{"href":"https:\/\/schuhewiebarfuss.at\/shop\/wp-json\/wp\/v2\/product\/485233","targetHints":{"allow":["GET"]}}],"collection":[{"href":"https:\/\/schuhewiebarfuss.at\/shop\/wp-json\/wp\/v2\/product"}],"about":[{"href":"https:\/\/schuhewiebarfuss.at\/shop\/wp-json\/wp\/v2\/types\/product"}],"replies":[{"embeddable":true,"href":"https:\/\/schuhewiebarfuss.at\/shop\/wp-json\/wp\/v2\/comments?post=485233"}],"wp:featuredmedia":[{"embeddable":true,"href":"https:\/\/schuhewiebarfuss.at\/shop\/wp-json\/wp\/v2\/media\/485232"}],"wp:attachment":[{"href":"https:\/\/schuhewiebarfuss.at\/shop\/wp-json\/wp\/v2\/media?parent=485233"}],"wp:term":[{"taxonomy":"product_brand","embeddable":true,"href":"https:\/\/schuhewiebarfuss.at\/shop\/wp-json\/wp\/v2\/product_brand?post=485233"},{"taxonomy":"product_cat","embeddable":true,"href":"https:\/\/schuhewiebarfuss.at\/shop\/wp-json\/wp\/v2\/product_cat?post=485233"},{"taxonomy":"product_tag","embeddable":true,"href":"https:\/\/schuhewiebarfuss.at\/shop\/wp-json\/wp\/v2\/product_tag?post=485233"}],"curies":[{"name":"wp","href":"https:\/\/api.w.org\/{rel}","templated":true}]}}