{"id":484707,"date":"2024-04-10T22:54:45","date_gmt":"2024-04-10T20:54:45","guid":{"rendered":"https:\/\/schuhewiebarfuss.at\/shop\/produkt\/softfeet\/"},"modified":"2026-04-11T17:08:04","modified_gmt":"2026-04-11T15:08:04","slug":"softfeet","status":"publish","type":"product","link":"https:\/\/schuhewiebarfuss.at\/shop\/produkt\/softfeet\/","title":{"rendered":"SoftFeet"},"content":{"rendered":"<p>Munter flitzen gesunde Kinderf\u00fc\u00dfe die Wege rauf und runter, mit unserem Bio-Soft Feet gleich sehr viel fr\u00f6hlicher und bunter.<br \/>\nUnser butterweicher Bio-Feet-Toe ist ein farbenfroher Allrounder, der sich bestens f\u00fcr allt\u00e4gliche Abenteuer eignet. Ob in der Stadt, auf dem Spielplatz oder auch zu besonderen Gelegenheiten, immer perfekt ger\u00fcstet.<\/p>\n<p>Der modische Soft-Feet ist ein richtiger Hingucker und l\u00e4sst sich wunderbar in jede Alltagssituation kombinieren, das leuchtende Gelb bringt unseren Bio-Kletter zum Strahlen.<\/p>\n<p>Durch den praktischen Klettverschluss sind die Kinder ganz selbstst\u00e4ndig und k\u00f6nnen die Schuhe spielend leicht alleine anziehen.<\/p>\n<p>Diese Lederqualit\u00e4t ist nicht nur f\u00fcr Allergiker geeignet, sondern auch f\u00fcr alle kaufbewusste Kunden, welche sich biologisch ern\u00e4hren, anziehen und gerne was f\u00fcr die f\u00fcr die Umwelt tun m\u00f6chten.<\/p>\n<p>Die BIO-SOFTLINE KOLLEKTION besteht aus 100% pflanzlich gegerbtem Natur-Leder (Oberleder &amp; Innenfutter Made in EU). Als Gerbstoffe kommen Eichenextrakte zum Einsatz.<br \/>\nDas Naturleder ist sehr atmungsaktiv und ein idealer Lieblingsschuh f\u00fcrs ganze Jahr.<br \/>\nDas pflanzlich gegerbte Natur-Leder ist frei von Schwermetallen wie z.B. Chrom und wird umwelt-\/resourcenschonend gegerbt. Nat\u00fcrlich sind auch diese Leder schadstoffgetestet.<\/p>\n<p>Bei Filii-BAREFOOT sind alle Innensohlen herausnehmbar! Dadurch lassen sich die Gr\u00f6\u00dfen auch gut direkt am Fu\u00df messen. Dazu bitte die Innensohle heraus nehmen und das Kind mit der Ferse b\u00fcndig auf die Innensohle stellen. Nach der Empfehlung des Deutschen Schuh Instituts (WMS-System) sollten bei Laufanf\u00e4nger und Kleinkinder etwa 12-14mm Luft zwischen l\u00e4ngstem Zeh und Sohlenende sein, bei gr\u00f6\u00dferen Kindern max. 17mm (1-CENT-St\u00fcck).<\/p>\n<p>Unser Bioleder ist ein pflanzlich gegerbtes Produkt frei von Schwermetallen. Weder in der Produktion noch in der Entsorgung entstehen giftige R\u00fcckst\u00e4nde.<br \/>\nDadurch kann dieses Naturmaterial etwas schneller ausbleichen und wir empfehlen immer die Schuhe mit der passenden Pflege zu behandeln.<\/p>\n<p>Die sehr weiche und hoch-abriebfeste Kautschuksohle ist auch f\u00fcr Allergiker geeignet, da diese kein Latex beinhaltet. Nat\u00fcrlich haben alle unsere Schuhe keinen Fersenabsatz und auch kein Fu\u00dfbett.<br \/>\nUnsere Innensohle ist nat\u00fcrlich herausnehmbar und erm\u00f6glicht somit leicht die Kontrolle bei Wachstumssch\u00fcben.<\/p>\n<p><b>Audio-Beschreibung<\/b><br \/><audio controls src=\"https:\/\/schuhewiebarfuss.at\/shop\/wp-content\/uploads\/lk\/6055_audio.wav\"><br \/>\n                                            Ihr Browser unterst\u00fctzt diese Audio-Ausgabe leider nicht.<br \/>\n                                            <\/ audio ><\/p>\n","protected":false},"excerpt":{"rendered":"<p>Obermaterial: Bio-Glattleder<br \/>\nInnenmaterial: Leder<br \/>\nVerschlussart: Klettverschluss<br \/>\nWasserabweisend<\/p>\n","protected":false},"featured_media":484706,"comment_status":"open","ping_status":"closed","template":"","meta":[],"product_brand":[],"product_cat":[3121],"product_tag":[1427,1570,1385,1390,1391,1392,1393,1394,1395,1396,1397,1398,1399,2463,1450],"class_list":{"0":"post-484707","1":"product","2":"type-product","3":"status-publish","4":"has-post-thumbnail","6":"product_cat-sale","7":"product_tag-farbe-gelb","8":"product_tag-farbe-gruen","9":"product_tag-groesse-20","10":"product_tag-groesse-21","11":"product_tag-groesse-22","12":"product_tag-groesse-23","13":"product_tag-groesse-24","14":"product_tag-groesse-25","15":"product_tag-groesse-26","16":"product_tag-groesse-27","17":"product_tag-groesse-28","18":"product_tag-groesse-29","19":"product_tag-groesse-30","20":"product_tag-marke-filii","21":"product_tag-sale","23":"first","24":"instock","25":"sale","26":"taxable","27":"shipping-taxable","28":"purchasable","29":"product-type-variable"},"_links":{"self":[{"href":"https:\/\/schuhewiebarfuss.at\/shop\/wp-json\/wp\/v2\/product\/484707","targetHints":{"allow":["GET"]}}],"collection":[{"href":"https:\/\/schuhewiebarfuss.at\/shop\/wp-json\/wp\/v2\/product"}],"about":[{"href":"https:\/\/schuhewiebarfuss.at\/shop\/wp-json\/wp\/v2\/types\/product"}],"replies":[{"embeddable":true,"href":"https:\/\/schuhewiebarfuss.at\/shop\/wp-json\/wp\/v2\/comments?post=484707"}],"wp:featuredmedia":[{"embeddable":true,"href":"https:\/\/schuhewiebarfuss.at\/shop\/wp-json\/wp\/v2\/media\/484706"}],"wp:attachment":[{"href":"https:\/\/schuhewiebarfuss.at\/shop\/wp-json\/wp\/v2\/media?parent=484707"}],"wp:term":[{"taxonomy":"product_brand","embeddable":true,"href":"https:\/\/schuhewiebarfuss.at\/shop\/wp-json\/wp\/v2\/product_brand?post=484707"},{"taxonomy":"product_cat","embeddable":true,"href":"https:\/\/schuhewiebarfuss.at\/shop\/wp-json\/wp\/v2\/product_cat?post=484707"},{"taxonomy":"product_tag","embeddable":true,"href":"https:\/\/schuhewiebarfuss.at\/shop\/wp-json\/wp\/v2\/product_tag?post=484707"}],"curies":[{"name":"wp","href":"https:\/\/api.w.org\/{rel}","templated":true}]}}