{"id":484049,"date":"2024-04-10T20:52:42","date_gmt":"2024-04-10T18:52:42","guid":{"rendered":"https:\/\/schuhewiebarfuss.at\/shop\/produkt\/caprini\/"},"modified":"2026-03-01T11:55:44","modified_gmt":"2026-03-01T10:55:44","slug":"caprini","status":"publish","type":"product","link":"https:\/\/schuhewiebarfuss.at\/shop\/produkt\/caprini\/","title":{"rendered":"Caprini"},"content":{"rendered":"<p>Vor allem im Sommer sollen Waldtage und abenteuerliche Wanderungen nicht zu kurz kommen \u2013 zum Gl\u00fcck gibt es daf\u00fcr jetzt extra unseren CAPRINI, der sich auch perfekt f\u00fcr den Waldkindergarten eignet! Die besondere Materialzusammensetzung aus Veloursleder, synthetischen Textilien und einer Tex-Membran sorgt daf\u00fcr, dass dieser Schuh auch nassem und matschigem Untergrund Stand h\u00e4lt und die F\u00fc\u00dfe von unten nicht nass werden. Durch den zus\u00e4tzlichen Abriebschutz kann auch steiniger Untergrund dem Schuh nichts anhaben. Rutschfest wird der Schuh durch die weiche und flexible Sohle mit extra hohem Profil, der niedrige Schnitt ist perfekt gerade f\u00fcr warme Tage. Klingt alles super, aber du m\u00f6chtest einen h\u00f6her geschnittenen Schuh? Dann schau dir doch einmal das Modell CAPRA an!<\/p>\n<p>Material &amp; Pflegehinweis:<\/p>\n<p>Bioleder kann gewissen Merkmale wie Insektenstiche, Kratzer oder leichte Farbunterschiede aufweisen, welche aber zum einmaligen und nat\u00fcrlichen Charakter geh\u00f6ren. Jeder einzelne Schuh ist ein handgefertigtes Unikat, welcher die Handschrift des\/der Mitarbeiter*in tr\u00e4gt. Socken k\u00f6nnen sich bei starkem Schwitzen verf\u00e4rben. Um eine lange Haltbarkeit unseres Bioleders zu gew\u00e4hrleisten, ist ein guter Schutz vor N\u00e4sse und Feuchtigkeit essentiell.<\/p>\n<p>Bitte wasche deinen Schuh nicht in der Waschmaschine und s\u00e4ubere ihn nur mit einem geeigneten Reinigungsmittel. Wir empfehlen die Innensohle regelm\u00e4\u00dfig zum L\u00fcften aus dem Schuh zu nehmen und Staun\u00e4sse somit zu vermeiden. F\u00fcr optimale Produkteigenschaften sollten unsere Schuhe vor dem Einsatz impr\u00e4gniert werden, dies ist vor allem bei Schuhen mit Textilanteil wichtig.<\/p>\n<p><b>Audio-Beschreibung<\/b><br \/><audio controls src=\"https:\/\/schuhewiebarfuss.at\/shop\/wp-content\/uploads\/lk\/5921_audio.wav\"><br \/>\n                                            Ihr Browser unterst\u00fctzt diese Audio-Ausgabe leider nicht.<br \/>\n                                            <\/ audio ><\/p>\n","protected":false},"excerpt":{"rendered":"<p>Funktion: pflegeleicht, wasserfest (TEX-Membran)<br \/>\nObermaterial: Veloursleder<br \/>\nFutter: Synthetikfasern (atmungsaktiv)<br \/>\nInnensohle: Synthetikfasern (atmungsaktiv)<br \/>\nKragen: Textil synthetisch<br \/>\nLaufsohle: TPU<br \/>\nPassform: Mittel<br \/>\nProduktionsland: Portugal<br \/>\nRingbesatz: Synthetisch<\/p>\n","protected":false},"featured_media":484048,"comment_status":"open","ping_status":"closed","template":"","meta":[],"product_brand":[],"product_cat":[3121],"product_tag":[1479,1600,1408,1393,1394,1395,1396,1397,1398,1399,1400,1401,1402,1403,1404,1362,1368,1373,1374,1375,2447,1450],"class_list":{"0":"post-484049","1":"product","2":"type-product","3":"status-publish","4":"has-post-thumbnail","6":"product_cat-sale","7":"product_tag-farbe-blau","8":"product_tag-farbe-rot","9":"product_tag-farbe-schwarz","10":"product_tag-groesse-24","11":"product_tag-groesse-25","12":"product_tag-groesse-26","13":"product_tag-groesse-27","14":"product_tag-groesse-28","15":"product_tag-groesse-29","16":"product_tag-groesse-30","17":"product_tag-groesse-31","18":"product_tag-groesse-32","19":"product_tag-groesse-33","20":"product_tag-groesse-34","21":"product_tag-groesse-35","22":"product_tag-groesse-36","23":"product_tag-groesse-37","24":"product_tag-groesse-38","25":"product_tag-groesse-39","26":"product_tag-groesse-40","27":"product_tag-marke-blifestyle","28":"product_tag-sale","30":"first","31":"instock","32":"taxable","33":"shipping-taxable","34":"purchasable","35":"product-type-variable"},"_links":{"self":[{"href":"https:\/\/schuhewiebarfuss.at\/shop\/wp-json\/wp\/v2\/product\/484049","targetHints":{"allow":["GET"]}}],"collection":[{"href":"https:\/\/schuhewiebarfuss.at\/shop\/wp-json\/wp\/v2\/product"}],"about":[{"href":"https:\/\/schuhewiebarfuss.at\/shop\/wp-json\/wp\/v2\/types\/product"}],"replies":[{"embeddable":true,"href":"https:\/\/schuhewiebarfuss.at\/shop\/wp-json\/wp\/v2\/comments?post=484049"}],"wp:featuredmedia":[{"embeddable":true,"href":"https:\/\/schuhewiebarfuss.at\/shop\/wp-json\/wp\/v2\/media\/484048"}],"wp:attachment":[{"href":"https:\/\/schuhewiebarfuss.at\/shop\/wp-json\/wp\/v2\/media?parent=484049"}],"wp:term":[{"taxonomy":"product_brand","embeddable":true,"href":"https:\/\/schuhewiebarfuss.at\/shop\/wp-json\/wp\/v2\/product_brand?post=484049"},{"taxonomy":"product_cat","embeddable":true,"href":"https:\/\/schuhewiebarfuss.at\/shop\/wp-json\/wp\/v2\/product_cat?post=484049"},{"taxonomy":"product_tag","embeddable":true,"href":"https:\/\/schuhewiebarfuss.at\/shop\/wp-json\/wp\/v2\/product_tag?post=484049"}],"curies":[{"name":"wp","href":"https:\/\/api.w.org\/{rel}","templated":true}]}}