{"id":482867,"date":"2024-04-10T18:50:46","date_gmt":"2024-04-10T16:50:46","guid":{"rendered":"https:\/\/schuhewiebarfuss.at\/shop\/produkt\/puck\/"},"modified":"2026-04-18T18:24:47","modified_gmt":"2026-04-18T16:24:47","slug":"puck","status":"publish","type":"product","link":"https:\/\/schuhewiebarfuss.at\/shop\/produkt\/puck\/","title":{"rendered":"Puck"},"content":{"rendered":"<p>Unser Kinderschuh Klassiker aus weichem, strapazierf\u00e4higem Mesh, der sich durch den Klettverschluss leicht anziehen l\u00e4sst.  Wesentlicher Unterschied zu den Vorg\u00e4nger Modellen ist die noch abriebfestere, flexible 6 mm Laufsohle.<\/p>\n<p>Kinder haben einen nat\u00fcrlichen Hang zum Toben oder herum laufen. Kinder beginnen mit dem Gehen auf eine nat\u00fcrliche Art.<\/p>\n<p>Die Ferse eines Neugeborenen ist nicht f\u00fcr einen Fersengang konzipiert.<br \/>\nErst Schuhe mit dicken oder zu harten Laufsohlen bringen Kinder in den unnat\u00fcrlichen Fersengang.<\/p>\n<p>Diesem Artikel liegt kostenlos eine Einlegesohle bei.<br \/>\nBitte addieren\u00a0Sie zu der gemessenen Fu\u00dfl\u00e4nge eine Wachstumsreserve von 9-12 mm<\/p>\n<p>Obermaterial:\u00a0Mesh, schnelle R\u00fccktrocknung, hydrophobiert (Wasser abweisend). Lederbesatz als Schutzkante<br \/>\nVerschluss: Funktioneller Verschluss:\u00a0Klettverschluss<br \/>\nForm: Vorn breit geschnitten. Die Zehen haben optimale Bewegungsfreiheit<br \/>\nGr\u00f6\u00dfen: 25 &#8211; 35<br \/>\nGewicht: 180 gr.\/Paar Gr. 30<br \/>\nLaufsohle: 6 mm Gummi, Non Marking (nicht abf\u00e4rbend).<br \/>\nPflege: Spray<br \/>\nErlaubt einen m\u00f6glichst direkten Kontakt zum Boden. Fast wie Gehen auf der eigenen Fu\u00dfsohle<\/p>\n<p><b>Audio-Beschreibung<\/b><br \/><audio controls src=\"https:\/\/schuhewiebarfuss.at\/shop\/wp-content\/uploads\/lk\/6137_audio.wav\"><br \/>\n                                            Ihr Browser unterst\u00fctzt diese Audio-Ausgabe leider nicht.<br \/>\n                                            <\/ audio ><\/p>\n","protected":false},"excerpt":{"rendered":"<p>Sole Runner Puck, unser Kinder Barfu\u00dfschuh Klassiker f\u00fcr alle Kinder, die sich das nat\u00fcrliche Laufen erhalten wollen jetzt in einer weiteren Farbvariante. Aus weichem, strapazierf\u00e4higem Mesh, leichtes Anziehen durch Klettverschluss. <\/p>\n<p>Obermaterial:\u00a0Mesh, schnelle R\u00fccktrocknung, hydrophobiert (Wasser abweisend). Lederbesatz als Schutzkante<br \/>\nVerschluss: Funktioneller Verschluss:\u00a0Klettverschluss<br \/>\nForm: Vorn breit geschnitten. Die Zehen haben optimale Bewegungsfreiheit<br \/>\nGr\u00f6\u00dfen: 25 &#8211; 35<br \/>\nGewicht: 180 gr.\/Paar Gr. 30<br \/>\nLaufsohle: 6 mm Gummi, Non Marking (nicht abf\u00e4rbend).<br \/>\nPflege: Spray<br \/>\nVegan<\/p>\n<p>Weite: Weit<br \/>\nModell: Puck<br \/>\nHersteller: Sole Runner<br \/>\nInhalt: 1 Paar<\/p>\n","protected":false},"featured_media":482866,"comment_status":"open","ping_status":"closed","template":"","meta":[],"product_brand":[],"product_cat":[842],"product_tag":[1479,2563,1480,1600,1408,1394,1395,1396,1397,1398,1399,1400,1401,1402,1403,1404,2449,1360],"class_list":{"0":"post-482867","1":"product","2":"type-product","3":"status-publish","4":"has-post-thumbnail","6":"product_cat-freizeit","7":"product_tag-farbe-blau","8":"product_tag-farbe-hellblau","9":"product_tag-farbe-orange","10":"product_tag-farbe-rot","11":"product_tag-farbe-schwarz","12":"product_tag-groesse-25","13":"product_tag-groesse-26","14":"product_tag-groesse-27","15":"product_tag-groesse-28","16":"product_tag-groesse-29","17":"product_tag-groesse-30","18":"product_tag-groesse-31","19":"product_tag-groesse-32","20":"product_tag-groesse-33","21":"product_tag-groesse-34","22":"product_tag-groesse-35","23":"product_tag-marke-sole-runner","24":"product_tag-standard","26":"first","27":"instock","28":"taxable","29":"shipping-taxable","30":"purchasable","31":"product-type-variable"},"_links":{"self":[{"href":"https:\/\/schuhewiebarfuss.at\/shop\/wp-json\/wp\/v2\/product\/482867","targetHints":{"allow":["GET"]}}],"collection":[{"href":"https:\/\/schuhewiebarfuss.at\/shop\/wp-json\/wp\/v2\/product"}],"about":[{"href":"https:\/\/schuhewiebarfuss.at\/shop\/wp-json\/wp\/v2\/types\/product"}],"replies":[{"embeddable":true,"href":"https:\/\/schuhewiebarfuss.at\/shop\/wp-json\/wp\/v2\/comments?post=482867"}],"wp:featuredmedia":[{"embeddable":true,"href":"https:\/\/schuhewiebarfuss.at\/shop\/wp-json\/wp\/v2\/media\/482866"}],"wp:attachment":[{"href":"https:\/\/schuhewiebarfuss.at\/shop\/wp-json\/wp\/v2\/media?parent=482867"}],"wp:term":[{"taxonomy":"product_brand","embeddable":true,"href":"https:\/\/schuhewiebarfuss.at\/shop\/wp-json\/wp\/v2\/product_brand?post=482867"},{"taxonomy":"product_cat","embeddable":true,"href":"https:\/\/schuhewiebarfuss.at\/shop\/wp-json\/wp\/v2\/product_cat?post=482867"},{"taxonomy":"product_tag","embeddable":true,"href":"https:\/\/schuhewiebarfuss.at\/shop\/wp-json\/wp\/v2\/product_tag?post=482867"}],"curies":[{"name":"wp","href":"https:\/\/api.w.org\/{rel}","templated":true}]}}