{"id":482304,"date":"2024-04-10T17:54:22","date_gmt":"2024-04-10T15:54:22","guid":{"rendered":"https:\/\/schuhewiebarfuss.at\/shop\/produkt\/rauleder-reinigungsschaum\/"},"modified":"2026-03-16T18:34:52","modified_gmt":"2026-03-16T17:34:52","slug":"rauleder-reinigungsschaum","status":"publish","type":"product","link":"https:\/\/schuhewiebarfuss.at\/shop\/produkt\/rauleder-reinigungsschaum\/","title":{"rendered":"Rauleder Reinigungsschaum"},"content":{"rendered":"<p>Der ideale Fleckenentferner f\u00fcr Wildleder, Nubukleder und Textilien aller Art. Einfache Anwendung durch die praktische Schaumspr\u00fchflasche. Geeignet f\u00fcr die Reinigung von Schuhen, Taschen, Wildlederbekleidung, Nubukleder, Wildleder- und Polster m\u00f6beln.<\/p>\n<p><b>Audio-Beschreibung<\/b><br \/><audio controls src=\"https:\/\/schuhewiebarfuss.at\/shop\/wp-content\/uploads\/lk\/5301_audio.wav\"><br \/>\n                                            Ihr Browser unterst\u00fctzt diese Audio-Ausgabe leider nicht.<br \/>\n                                            <\/ audio ><\/p>\n","protected":false},"excerpt":{"rendered":"<p>Wildleder \u2013 Reinigungsschaum ist ohne S\u00e4uren und L\u00f6sungsmittel.<\/p>\n","protected":false},"featured_media":482303,"comment_status":"open","ping_status":"closed","template":"","meta":[],"product_brand":[],"product_cat":[824],"product_tag":[3012,1360],"class_list":{"0":"post-482304","1":"product","2":"type-product","3":"status-publish","4":"has-post-thumbnail","6":"product_cat-pflegemittel","7":"product_tag-marke-ludwig-seibel-e-u","8":"product_tag-standard","10":"first","11":"instock","12":"taxable","13":"shipping-taxable","14":"purchasable","15":"product-type-simple"},"_links":{"self":[{"href":"https:\/\/schuhewiebarfuss.at\/shop\/wp-json\/wp\/v2\/product\/482304","targetHints":{"allow":["GET"]}}],"collection":[{"href":"https:\/\/schuhewiebarfuss.at\/shop\/wp-json\/wp\/v2\/product"}],"about":[{"href":"https:\/\/schuhewiebarfuss.at\/shop\/wp-json\/wp\/v2\/types\/product"}],"replies":[{"embeddable":true,"href":"https:\/\/schuhewiebarfuss.at\/shop\/wp-json\/wp\/v2\/comments?post=482304"}],"wp:featuredmedia":[{"embeddable":true,"href":"https:\/\/schuhewiebarfuss.at\/shop\/wp-json\/wp\/v2\/media\/482303"}],"wp:attachment":[{"href":"https:\/\/schuhewiebarfuss.at\/shop\/wp-json\/wp\/v2\/media?parent=482304"}],"wp:term":[{"taxonomy":"product_brand","embeddable":true,"href":"https:\/\/schuhewiebarfuss.at\/shop\/wp-json\/wp\/v2\/product_brand?post=482304"},{"taxonomy":"product_cat","embeddable":true,"href":"https:\/\/schuhewiebarfuss.at\/shop\/wp-json\/wp\/v2\/product_cat?post=482304"},{"taxonomy":"product_tag","embeddable":true,"href":"https:\/\/schuhewiebarfuss.at\/shop\/wp-json\/wp\/v2\/product_tag?post=482304"}],"curies":[{"name":"wp","href":"https:\/\/api.w.org\/{rel}","templated":true}]}}