{"id":482235,"date":"2024-04-10T17:49:44","date_gmt":"2024-04-10T15:49:44","guid":{"rendered":"https:\/\/schuhewiebarfuss.at\/shop\/produkt\/funny-croco-hellbraun\/"},"modified":"2026-03-17T18:24:38","modified_gmt":"2026-03-17T17:24:38","slug":"funny-croco-hellbraun","status":"publish","type":"product","link":"https:\/\/schuhewiebarfuss.at\/shop\/produkt\/funny-croco-hellbraun\/","title":{"rendered":"Funny Croco Hellbraun"},"content":{"rendered":"<p>Kuschelbequeme\u00a0Hausschuhe f\u00fcr deinen Superhelden aus nat\u00fcrlicher atmungsaktiver Schurwolle von Nanga!<\/p>\n<p>Diese superleichten\u00a0Pantoffeln\u00a0halten prima am Fu\u00df und sind toll zu Hause, im Kindergarten, bei der Tagesmutter oder in der Schule.\u00a0<\/p>\n<p>Die Hausschuhe sind kuschelig weich und warm &#8230; und trotzdem gibt es keine Schwitzf\u00fc\u00dfe, denn die atmungsaktive Schurwolle wirkt temperaturausgleichend und l\u00e4\u00dft die Feuchtigkeit raus aus dem Schuh! F\u00fcr alle Jahreszeiten geeignet &#8211; nicht nur im Winter.<\/p>\n<p><b>Audio-Beschreibung<\/b><br \/><audio controls src=\"https:\/\/schuhewiebarfuss.at\/shop\/wp-content\/uploads\/lk\/5251_audio.wav\"><br \/>\n                                            Ihr Browser unterst\u00fctzt diese Audio-Ausgabe leider nicht.<br \/>\n                                            <\/ audio ><\/p>\n","protected":false},"excerpt":{"rendered":"<p>Obermaterial: Wolle<br \/>\nInnenmaterial: Schurwolle<br \/>\nInnensohle: Schurwolle<br \/>\nSohle: Naturkautschuk<br \/>\nSchuhspitze: Rund<br \/>\nVerschluss: Slip on<br \/>\nDetails: Elastisch<\/p>\n","protected":false},"featured_media":482234,"comment_status":"open","ping_status":"closed","template":"","meta":[],"product_brand":[],"product_cat":[3121],"product_tag":[1391,1392,1393,1394,1395,1396,1397,1398,1399,1400,1401,1402,1403,1404,2445],"class_list":{"0":"post-482235","1":"product","2":"type-product","3":"status-publish","4":"has-post-thumbnail","6":"product_cat-sale","7":"product_tag-groesse-22","8":"product_tag-groesse-23","9":"product_tag-groesse-24","10":"product_tag-groesse-25","11":"product_tag-groesse-26","12":"product_tag-groesse-27","13":"product_tag-groesse-28","14":"product_tag-groesse-29","15":"product_tag-groesse-30","16":"product_tag-groesse-31","17":"product_tag-groesse-32","18":"product_tag-groesse-33","19":"product_tag-groesse-34","20":"product_tag-groesse-35","21":"product_tag-marke-nanga","23":"first","24":"instock","25":"taxable","26":"shipping-taxable","27":"purchasable","28":"product-type-variable"},"_links":{"self":[{"href":"https:\/\/schuhewiebarfuss.at\/shop\/wp-json\/wp\/v2\/product\/482235","targetHints":{"allow":["GET"]}}],"collection":[{"href":"https:\/\/schuhewiebarfuss.at\/shop\/wp-json\/wp\/v2\/product"}],"about":[{"href":"https:\/\/schuhewiebarfuss.at\/shop\/wp-json\/wp\/v2\/types\/product"}],"replies":[{"embeddable":true,"href":"https:\/\/schuhewiebarfuss.at\/shop\/wp-json\/wp\/v2\/comments?post=482235"}],"wp:featuredmedia":[{"embeddable":true,"href":"https:\/\/schuhewiebarfuss.at\/shop\/wp-json\/wp\/v2\/media\/482234"}],"wp:attachment":[{"href":"https:\/\/schuhewiebarfuss.at\/shop\/wp-json\/wp\/v2\/media?parent=482235"}],"wp:term":[{"taxonomy":"product_brand","embeddable":true,"href":"https:\/\/schuhewiebarfuss.at\/shop\/wp-json\/wp\/v2\/product_brand?post=482235"},{"taxonomy":"product_cat","embeddable":true,"href":"https:\/\/schuhewiebarfuss.at\/shop\/wp-json\/wp\/v2\/product_cat?post=482235"},{"taxonomy":"product_tag","embeddable":true,"href":"https:\/\/schuhewiebarfuss.at\/shop\/wp-json\/wp\/v2\/product_tag?post=482235"}],"curies":[{"name":"wp","href":"https:\/\/api.w.org\/{rel}","templated":true}]}}