{"id":481787,"date":"2024-04-10T17:13:44","date_gmt":"2024-04-10T15:13:44","guid":{"rendered":"https:\/\/schuhewiebarfuss.at\/shop\/produkt\/salamandra-leder\/"},"modified":"2026-04-10T21:26:24","modified_gmt":"2026-04-10T19:26:24","slug":"salamandra-leder","status":"publish","type":"product","link":"https:\/\/schuhewiebarfuss.at\/shop\/produkt\/salamandra-leder\/","title":{"rendered":"Salamandra Leder"},"content":{"rendered":"<p>Entdeckt jetzt das perfekte Zusammenspiel von Stil und Komfort mit unserer Barfu\u00dfsandale  SALAMANDRA! Der geschlossene Zehenbereich des SALAMANDRAs sorgt f\u00fcr eine Extraportion Sicherheit und Schutz von empfindlichen Zehen. Gleichzeitig erm\u00f6glicht die Sandale durch ihre offenen Fl\u00e4chen eine optimale Luftzirkulation, damit die F\u00fc\u00dfe angenehm k\u00fchl und frisch bleiben, selbst an warmen Sommertagen. Mit ihrem zeitlosen Design und der sorgf\u00e4ltigen handwerklichen Verarbeitung ist unser SALAMANDRA nicht nur funktional, sondern auch modisch. Hergestellt aus hochwertigem Bio-Nappaleder und einem rein pflanzlich gegerbten Bioleder-Innenfutter bietet sie das ultimative Barfu\u00df-Erlebnis. Vor allem bei sommerlichen Temperaturen sorgt das Futter daf\u00fcr, dass sich kleine Kinderf\u00fc\u00dfe wohlf\u00fchlen: Leder ist gerade als Innenfutter f\u00fcr Sandalen perfekt geeignet, da die F\u00fc\u00dfe durch das von Natur aus atmungsaktive Material weniger schwitzen und die Sandalen somit auch problemlos barfu\u00df getragen werden k\u00f6nnen. <\/p>\n<p>Verschlussart: Klett<br \/>\nPassform: Mittel<br \/>\nFunktion: atmungsaktivpflegeleicht<br \/>\nFutter: Weiches Bioleder (pflanzlich gegerbt)<br \/>\nObermaterial: Bio-Nappaleder<br \/>\nLaufsohle: 70% synth. Kautschuk \/ 30%Kork<br \/>\nKragen: Veloursleder<br \/>\nInnensohle: weiches Bioleder (pflanzlich gegerbt)<\/p>\n<p>Fotos k\u00f6nnen vom Original abweichen!<\/p>\n<p><b>Audio-Beschreibung<\/b><br \/><audio controls src=\"https:\/\/schuhewiebarfuss.at\/shop\/wp-content\/uploads\/lk\/5916_audio.wav\"><br \/>\n                                            Ihr Browser unterst\u00fctzt diese Audio-Ausgabe leider nicht.<br \/>\n                                            <\/ audio ><\/p>\n","protected":false},"excerpt":{"rendered":"<p>Barfu\u00dfschuh bLIFESTYLE SALAMANDRA<\/p>\n<p>Obermaterial: Bio-Nappaleder<br \/>\nFutter: Weiches Bioleder<br \/>\nKragen: Veloursleder<br \/>\nLaufsohle: 70% synth. Kautschuk \/ 30%Kork<br \/>\nInnensohle: weiches Bioleder<br \/>\nVerschlussart: Klett<br \/>\nPassform: Mittel<br \/>\nAtmungsaktiv<br \/>\nPflegeleicht<\/p>\n<p>Fotos k\u00f6nnen vom Original abweichen!<\/p>\n","protected":false},"featured_media":514542,"comment_status":"open","ping_status":"closed","template":"","meta":[],"product_brand":[],"product_cat":[846],"product_tag":[1479,1544,1371,3046,1570,1429,1557,1600,1385,1390,1391,1392,1393,1394,1395,1396,1397,1398,1399,1400,1401,1402,1403,1404,1362,2447,1360],"class_list":{"0":"post-481787","1":"product","2":"type-product","3":"status-publish","4":"has-post-thumbnail","6":"product_cat-sandalen-4","7":"product_tag-farbe-blau","8":"product_tag-farbe-braun","9":"product_tag-farbe-grau","10":"product_tag-farbe-grau-schmal","11":"product_tag-farbe-gruen","12":"product_tag-farbe-hellgrau","13":"product_tag-farbe-hellgruen","14":"product_tag-farbe-rot","15":"product_tag-groesse-20","16":"product_tag-groesse-21","17":"product_tag-groesse-22","18":"product_tag-groesse-23","19":"product_tag-groesse-24","20":"product_tag-groesse-25","21":"product_tag-groesse-26","22":"product_tag-groesse-27","23":"product_tag-groesse-28","24":"product_tag-groesse-29","25":"product_tag-groesse-30","26":"product_tag-groesse-31","27":"product_tag-groesse-32","28":"product_tag-groesse-33","29":"product_tag-groesse-34","30":"product_tag-groesse-35","31":"product_tag-groesse-36","32":"product_tag-marke-blifestyle","33":"product_tag-standard","35":"first","36":"instock","37":"taxable","38":"shipping-taxable","39":"purchasable","40":"product-type-variable"},"_links":{"self":[{"href":"https:\/\/schuhewiebarfuss.at\/shop\/wp-json\/wp\/v2\/product\/481787","targetHints":{"allow":["GET"]}}],"collection":[{"href":"https:\/\/schuhewiebarfuss.at\/shop\/wp-json\/wp\/v2\/product"}],"about":[{"href":"https:\/\/schuhewiebarfuss.at\/shop\/wp-json\/wp\/v2\/types\/product"}],"replies":[{"embeddable":true,"href":"https:\/\/schuhewiebarfuss.at\/shop\/wp-json\/wp\/v2\/comments?post=481787"}],"wp:featuredmedia":[{"embeddable":true,"href":"https:\/\/schuhewiebarfuss.at\/shop\/wp-json\/wp\/v2\/media\/514542"}],"wp:attachment":[{"href":"https:\/\/schuhewiebarfuss.at\/shop\/wp-json\/wp\/v2\/media?parent=481787"}],"wp:term":[{"taxonomy":"product_brand","embeddable":true,"href":"https:\/\/schuhewiebarfuss.at\/shop\/wp-json\/wp\/v2\/product_brand?post=481787"},{"taxonomy":"product_cat","embeddable":true,"href":"https:\/\/schuhewiebarfuss.at\/shop\/wp-json\/wp\/v2\/product_cat?post=481787"},{"taxonomy":"product_tag","embeddable":true,"href":"https:\/\/schuhewiebarfuss.at\/shop\/wp-json\/wp\/v2\/product_tag?post=481787"}],"curies":[{"name":"wp","href":"https:\/\/api.w.org\/{rel}","templated":true}]}}