{"id":481744,"date":"2024-04-10T17:08:45","date_gmt":"2024-04-10T15:08:45","guid":{"rendered":"https:\/\/schuhewiebarfuss.at\/shop\/produkt\/surtur-leder-wp\/"},"modified":"2026-04-18T17:52:12","modified_gmt":"2026-04-18T15:52:12","slug":"surtur-leder-wp","status":"publish","type":"product","link":"https:\/\/schuhewiebarfuss.at\/shop\/produkt\/surtur-leder-wp\/","title":{"rendered":"Surtur Leder WP"},"content":{"rendered":"<p>Der Stiefel f\u00fcr jede Jahreszeit. Der neue Trekkingstiefel Sole Runner Surtur verf\u00fcgt \u00fcber wasserabweisendes, atmungsaktives angenehm weiches Leder Obermaterial aus ge\u00f6ltem Nubuk sowie eine Wasserlasche (die Zunge ist am Stiefel festgen\u00e4ht).<br \/>\nSomit wird dieser Sole Runner Stiefel zu einer echten Alternative f\u00fcr schwerere, mit einer dicken Sohle ausgestattete Wanderstiefel.<\/p>\n<p>Doch nicht nur zum Wandern, auch zur Jeans macht der Boot einen coolen Eindruck.<\/p>\n<p>Der Schaftrand ist gepolstert und das leichtg\u00e4ngige Sole Runner Schn\u00fcrsystem wird durch 2 Haken am Schaftrand erg\u00e4nzt. Die nur 6mm d\u00fcnne Laufsohle mit Profil bietet einen festen Halt.<br \/>\nPassend zu diesem Stiefel empfehlen wir die wasserdichte Socke von Sealskinz f\u00fcr kalte oder feuchte Situationen und unsere Knitido Hiking Zehensocke.<\/p>\n<p>Da ein Fu\u00df im Schuh beim Gehen immer noch etwas nach vorn rutscht, bitte zu der gemessenen Fu\u00dfl\u00e4nge noch ca. 3-5 mm addieren<\/p>\n<p>Obermaterial: Leder, hydrophobiert (wasserabweisend, nicht wasserdicht)<br \/>\nVerschluss: Funktioneller Verschluss: leichtg\u00e4ngiger Schn\u00fcrsenkel<br \/>\nForm: Weit f\u00fcr normal bis kr\u00e4ftige F\u00fc\u00dfe. Vorn breit geschnitten. Weite H, Zehen haben optimale Bewegungsfreiheit<br \/>\nGr\u00f6\u00dfen: 36 &#8211; 47<br \/>\nGewicht: 500 gr.\/PaarGr. 40<br \/>\nLaufsohle: ca. 6mm Gummi Laufsohle f\u00fcr einen m\u00f6glichst direkten Kontakt zum Boden. Fast wie Gehen auf der eigenen Fu\u00dfsohle<br \/>\nBesonderheit: herausnehmbare Innensohle<br \/>\nPflege: Impr\u00e4gnierspray<\/p>\n<p><b>Audio-Beschreibung<\/b><br \/><audio controls src=\"https:\/\/schuhewiebarfuss.at\/shop\/wp-content\/uploads\/lk\/5093_audio.wav\"><br \/>\n                                            Ihr Browser unterst\u00fctzt diese Audio-Ausgabe leider nicht.<br \/>\n                                            <\/ audio ><\/p>\n","protected":false},"excerpt":{"rendered":"<p>Obermaterial: Leder, hydrophobiert<br \/>\nVerschluss: leichtg\u00e4ngiger Schn\u00fcrsenkel<br \/>\nForm: Weit f\u00fcr normal bis kr\u00e4ftige F\u00fc\u00dfe. Weite H,<br \/>\nGr\u00f6\u00dfen: 36 &#8211; 47<br \/>\nGewicht: 500 gr.\/PaarGr. 40<br \/>\nLaufsohle: ca. 6mm Gummi Laufsohle<br \/>\nBesonderheit: herausnehmbare Innensohle<br \/>\nPflege: Impr\u00e4gnierspray<\/p>\n","protected":false},"featured_media":481743,"comment_status":"open","ping_status":"closed","template":"","meta":[],"product_brand":[],"product_cat":[3121],"product_tag":[1544,1408,1362,1368,1373,1374,1375,1376,1377,1378,1379,1380,1381,1449,2449,1450],"class_list":{"0":"post-481744","1":"product","2":"type-product","3":"status-publish","4":"has-post-thumbnail","6":"product_cat-sale","7":"product_tag-farbe-braun","8":"product_tag-farbe-schwarz","9":"product_tag-groesse-36","10":"product_tag-groesse-37","11":"product_tag-groesse-38","12":"product_tag-groesse-39","13":"product_tag-groesse-40","14":"product_tag-groesse-41","15":"product_tag-groesse-42","16":"product_tag-groesse-43","17":"product_tag-groesse-44","18":"product_tag-groesse-45","19":"product_tag-groesse-46","20":"product_tag-groesse-47","21":"product_tag-marke-sole-runner","22":"product_tag-sale","24":"first","25":"instock","26":"taxable","27":"shipping-taxable","28":"purchasable","29":"product-type-variable"},"_links":{"self":[{"href":"https:\/\/schuhewiebarfuss.at\/shop\/wp-json\/wp\/v2\/product\/481744","targetHints":{"allow":["GET"]}}],"collection":[{"href":"https:\/\/schuhewiebarfuss.at\/shop\/wp-json\/wp\/v2\/product"}],"about":[{"href":"https:\/\/schuhewiebarfuss.at\/shop\/wp-json\/wp\/v2\/types\/product"}],"replies":[{"embeddable":true,"href":"https:\/\/schuhewiebarfuss.at\/shop\/wp-json\/wp\/v2\/comments?post=481744"}],"wp:featuredmedia":[{"embeddable":true,"href":"https:\/\/schuhewiebarfuss.at\/shop\/wp-json\/wp\/v2\/media\/481743"}],"wp:attachment":[{"href":"https:\/\/schuhewiebarfuss.at\/shop\/wp-json\/wp\/v2\/media?parent=481744"}],"wp:term":[{"taxonomy":"product_brand","embeddable":true,"href":"https:\/\/schuhewiebarfuss.at\/shop\/wp-json\/wp\/v2\/product_brand?post=481744"},{"taxonomy":"product_cat","embeddable":true,"href":"https:\/\/schuhewiebarfuss.at\/shop\/wp-json\/wp\/v2\/product_cat?post=481744"},{"taxonomy":"product_tag","embeddable":true,"href":"https:\/\/schuhewiebarfuss.at\/shop\/wp-json\/wp\/v2\/product_tag?post=481744"}],"curies":[{"name":"wp","href":"https:\/\/api.w.org\/{rel}","templated":true}]}}