{"id":481715,"date":"2024-04-10T17:06:53","date_gmt":"2024-04-10T15:06:53","guid":{"rendered":"https:\/\/schuhewiebarfuss.at\/shop\/produkt\/janus-schwarz\/"},"modified":"2026-03-01T06:44:45","modified_gmt":"2026-03-01T05:44:45","slug":"janus-schwarz","status":"publish","type":"product","link":"https:\/\/schuhewiebarfuss.at\/shop\/produkt\/janus-schwarz\/","title":{"rendered":"Janus Schwarz"},"content":{"rendered":"<p>Weiches Oberleder ist auf nat\u00fcrlichem Wege wunderbar weich gearbeitet worden.<br \/>\nMit dem Janus kommt eine ganz neue Optik in die Sole Runner Kollektion. Somit passt dieser in Weit geschnittene Schuh zum sportlichen Anzug genauso wie zur Jeans.<br \/>\nDas Leder des &#8222;etwas feineren&#8220; Sole Runner Schuhs ist wie immer wasserabweisend und atmungsaktiv vorbehandelt.<\/p>\n<p>Der Schuh ist vorn breit geschnitten, so dass die Zehen optimale Bewegungsfreiheit haben.<br \/>\nDie Laufsohle ist ca. 2,5mm d\u00fcnn, erlaubt einen fast direkten Kontakt zum Boden und erm\u00f6glicht ein gesch\u00fctztes barfu\u00df laufen fast wie auf der eigenen Fu\u00dfsohle.<\/p>\n<p>Sole Runner Barfu\u00dfschuhe erm\u00f6glichen gesch\u00fctztes barfusslaufen und werden nach dem ISO zertifizierten Mondopoint Gr\u00f6\u00dfensystem gefertigt.<\/p>\n<p><b>Audio-Beschreibung<\/b><br \/><audio controls src=\"https:\/\/schuhewiebarfuss.at\/shop\/wp-content\/uploads\/lk\/6131_audio.wav\"><br \/>\n                                            Ihr Browser unterst\u00fctzt diese Audio-Ausgabe leider nicht.<br \/>\n                                            <\/ audio ><\/p>\n","protected":false},"excerpt":{"rendered":"<p>Obermaterial: wasserabweisendes und atmungsaktives Glattleder<br \/>\nInnen: Stoff<br \/>\nLaufsohle: Gummilaufsohle, Non Marking (nicht abf\u00e4rbend)<br \/>\nInnensohle: beiliegende, herausnehmbare Innensohle<br \/>\nVerschluss: Schn\u00fcrverschluss<br \/>\nForm: vorn weit geschnitten, hoher Spann, mittlere Breite, mittlere Spannh\u00f6he<br \/>\nGr\u00f6\u00dfen: 40 &#8211; 47<br \/>\nGewicht: ca. 190 gr. Gr. 40<\/p>\n","protected":false},"featured_media":481714,"comment_status":"open","ping_status":"closed","template":"","meta":[],"product_brand":[],"product_cat":[3121],"product_tag":[1408,1375,1376,1377,1378,1379,1380,1381,1449,2449,1450],"class_list":{"0":"post-481715","1":"product","2":"type-product","3":"status-publish","4":"has-post-thumbnail","6":"product_cat-sale","7":"product_tag-farbe-schwarz","8":"product_tag-groesse-40","9":"product_tag-groesse-41","10":"product_tag-groesse-42","11":"product_tag-groesse-43","12":"product_tag-groesse-44","13":"product_tag-groesse-45","14":"product_tag-groesse-46","15":"product_tag-groesse-47","16":"product_tag-marke-sole-runner","17":"product_tag-sale","19":"first","20":"instock","21":"taxable","22":"shipping-taxable","23":"purchasable","24":"product-type-variable"},"_links":{"self":[{"href":"https:\/\/schuhewiebarfuss.at\/shop\/wp-json\/wp\/v2\/product\/481715","targetHints":{"allow":["GET"]}}],"collection":[{"href":"https:\/\/schuhewiebarfuss.at\/shop\/wp-json\/wp\/v2\/product"}],"about":[{"href":"https:\/\/schuhewiebarfuss.at\/shop\/wp-json\/wp\/v2\/types\/product"}],"replies":[{"embeddable":true,"href":"https:\/\/schuhewiebarfuss.at\/shop\/wp-json\/wp\/v2\/comments?post=481715"}],"wp:featuredmedia":[{"embeddable":true,"href":"https:\/\/schuhewiebarfuss.at\/shop\/wp-json\/wp\/v2\/media\/481714"}],"wp:attachment":[{"href":"https:\/\/schuhewiebarfuss.at\/shop\/wp-json\/wp\/v2\/media?parent=481715"}],"wp:term":[{"taxonomy":"product_brand","embeddable":true,"href":"https:\/\/schuhewiebarfuss.at\/shop\/wp-json\/wp\/v2\/product_brand?post=481715"},{"taxonomy":"product_cat","embeddable":true,"href":"https:\/\/schuhewiebarfuss.at\/shop\/wp-json\/wp\/v2\/product_cat?post=481715"},{"taxonomy":"product_tag","embeddable":true,"href":"https:\/\/schuhewiebarfuss.at\/shop\/wp-json\/wp\/v2\/product_tag?post=481715"}],"curies":[{"name":"wp","href":"https:\/\/api.w.org\/{rel}","templated":true}]}}