{"id":481514,"date":"2024-04-10T16:50:47","date_gmt":"2024-04-10T14:50:47","guid":{"rendered":"https:\/\/schuhewiebarfuss.at\/shop\/produkt\/primus-knit-lux-ii-damen\/"},"modified":"2026-03-01T07:50:14","modified_gmt":"2026-03-01T06:50:14","slug":"primus-knit-lux-ii-damen","status":"publish","type":"product","link":"https:\/\/schuhewiebarfuss.at\/shop\/produkt\/primus-knit-lux-ii-damen\/","title":{"rendered":"Primus Knit Lux II Damen"},"content":{"rendered":"<p>Der neue PRIMUS KNIT LUX ist unser premium Barfu\u00df-Lifestyle-Schuh im sportlichen Design.<\/p>\n<p>Die gestrickte Innensocke aus reiner Schurwolle der Woolmark Company erlaubt ein angenehmes Tragegef\u00fchl, mehr Flexibilit\u00e4t und Bewegungsfreiheit und bietet eine hervorragende Temperaturregulierung. Durch das Obermaterial und die Innensohle aus Leder kann der Schuh zu allen Jahreszeiten getragen werden.<\/p>\n<p>Unsere durchsto\u00dffeste 3mm PRO5 Active Sohle gibt dem PRIMUS KNIT LUX II die Flexibilit\u00e4t eines echten Barfu\u00dfschuhs und erm\u00f6glicht es dir, jeden Tag wie barfu\u00df zu erleben. Die entfernbare 3mm Performance Einlegesohle l\u00e4sst die Luft im Schuh zirkulieren und hilft an kalten Tagen, die F\u00fc\u00dfe warm zu halten.<\/p>\n<p>Dies ist unsere Alternative zu steifen und gepolsterten Turnschuhen, die Ihre Beinmuskulatur und Ihr Bodengef\u00fchl schw\u00e4chen.<\/p>\n<p>Gehen mit einem nat\u00fcrlichen Gef\u00fchl!<\/p>\n<p>Die BREITE erm\u00f6glicht eine optimale Balance<br \/>\nDie D\u00dcNNE erm\u00f6glicht es Ihnen, mehr zu f\u00fchlen<br \/>\nDie FLEXIBILIT\u00c4T h\u00e4lt die Bewegung nat\u00fcrlich<\/p>\n<p><b>Audio-Beschreibung<\/b><br \/><audio controls src=\"https:\/\/schuhewiebarfuss.at\/shop\/wp-content\/uploads\/lk\/6169_audio.wav\"><br \/>\n                                            Ihr Browser unterst\u00fctzt diese Audio-Ausgabe leider nicht.<br \/>\n                                            <\/ audio ><\/p>\n","protected":false},"excerpt":{"rendered":"<p>Obermaterial: Wildleder &#8211; das nat\u00fcrlich vernarbte Leder von freilaufenden Rindern aus kleinb\u00e4uerlichen Betrieben und Woolmark\u00a9-zertifizierte Merinowolle mit nat\u00fcrlicher Atmungsaktivit\u00e4t und temperaturregulierenden Eigenschaften<br \/>\nInnenmaterial: Mesh aus recycelten PET Flaschen<br \/>\nInnensohle: Leder<br \/>\nSohle: 3 mm d\u00fcnne Active-Laufsohle sorgt f\u00fcr ein gutes Barfu\u00dfgef\u00fchl und Halt im urbanen Umfeld<br \/>\nHerausnehmbare 3mm Performance Einlegesohle<br \/>\nSchn\u00fcrschuh\/Schlupfschuh<br \/>\nHergestellt in Ho Chi Minh und Hanoi, Vietnam<\/p>\n","protected":false},"featured_media":481513,"comment_status":"open","ping_status":"closed","template":"","meta":[],"product_brand":[],"product_cat":[3121],"product_tag":[1371,1408,1362,1368,1373,1374,1375,1376,1377,2451,1450],"class_list":{"0":"post-481514","1":"product","2":"type-product","3":"status-publish","4":"has-post-thumbnail","6":"product_cat-sale","7":"product_tag-farbe-grau","8":"product_tag-farbe-schwarz","9":"product_tag-groesse-36","10":"product_tag-groesse-37","11":"product_tag-groesse-38","12":"product_tag-groesse-39","13":"product_tag-groesse-40","14":"product_tag-groesse-41","15":"product_tag-groesse-42","16":"product_tag-marke-vivobarefoot","17":"product_tag-sale","19":"first","20":"instock","21":"sale","22":"taxable","23":"shipping-taxable","24":"purchasable","25":"product-type-variable"},"_links":{"self":[{"href":"https:\/\/schuhewiebarfuss.at\/shop\/wp-json\/wp\/v2\/product\/481514","targetHints":{"allow":["GET"]}}],"collection":[{"href":"https:\/\/schuhewiebarfuss.at\/shop\/wp-json\/wp\/v2\/product"}],"about":[{"href":"https:\/\/schuhewiebarfuss.at\/shop\/wp-json\/wp\/v2\/types\/product"}],"replies":[{"embeddable":true,"href":"https:\/\/schuhewiebarfuss.at\/shop\/wp-json\/wp\/v2\/comments?post=481514"}],"wp:featuredmedia":[{"embeddable":true,"href":"https:\/\/schuhewiebarfuss.at\/shop\/wp-json\/wp\/v2\/media\/481513"}],"wp:attachment":[{"href":"https:\/\/schuhewiebarfuss.at\/shop\/wp-json\/wp\/v2\/media?parent=481514"}],"wp:term":[{"taxonomy":"product_brand","embeddable":true,"href":"https:\/\/schuhewiebarfuss.at\/shop\/wp-json\/wp\/v2\/product_brand?post=481514"},{"taxonomy":"product_cat","embeddable":true,"href":"https:\/\/schuhewiebarfuss.at\/shop\/wp-json\/wp\/v2\/product_cat?post=481514"},{"taxonomy":"product_tag","embeddable":true,"href":"https:\/\/schuhewiebarfuss.at\/shop\/wp-json\/wp\/v2\/product_tag?post=481514"}],"curies":[{"name":"wp","href":"https:\/\/api.w.org\/{rel}","templated":true}]}}