{"id":481422,"date":"2024-04-10T16:26:44","date_gmt":"2024-04-10T14:26:44","guid":{"rendered":"https:\/\/schuhewiebarfuss.at\/shop\/produkt\/falke-cool-24-7-herren\/"},"modified":"2026-04-20T20:44:16","modified_gmt":"2026-04-20T18:44:16","slug":"falke-cool-24-7-herren","status":"publish","type":"product","link":"https:\/\/schuhewiebarfuss.at\/shop\/produkt\/falke-cool-24-7-herren\/","title":{"rendered":"Falke COOL 24\/7 Herren"},"content":{"rendered":"<p>&#8211; Angenehmes Fu\u00dfklima durch hohen Feuchtigkeitstransport<br \/>\n&#8211; FALKE \u2013 WE CARE \u2013 COTTON: ressourcenschonend, sozial verantwortlich, r\u00fcckverfolgbar<br \/>\n&#8211; K\u00fchlendes Material und Klimaaktivsohle f\u00fcr ein frisches Tragegef\u00fchl<br \/>\n&#8211; Feines Maschenbild durch weiche, veredelte Baumwolle<br \/>\n&#8211; Flache Kettelnaht f\u00fcr eine druckfreie Fu\u00dfspitze<br \/>\n&#8211; Optimale Haltbarkeit dank verst\u00e4rkter Belastungszonen<br \/>\n&#8211; Perfekte FALKE-Passform <\/p>\n<p>Dieser legere Business-Strumpf \u00fcberzeugt durch Optik und Funktion. Durch die Kombination von nachhaltiger Baumwolle mit einem speziellen Polyamid-Funktionsgarn werden K\u00f6rperw\u00e4rme und Feuchtigkeit schnell nach au\u00dfen transportiert. Zus\u00e4tzlich eingearbeitete Klimakan\u00e4le im Fu\u00dfbett unterst\u00fctzen ein angenehmes und trockenes Fu\u00dfklima. Neben der perfekten FALKE-Passform und den verst\u00e4rkten Belastungszonen sorgt eine besonders flache Spitzennaht f\u00fcr ein exzellentes Tragegef\u00fchl.<\/p>\n<p><b>Audio-Beschreibung<\/b><br \/><audio controls src=\"https:\/\/schuhewiebarfuss.at\/shop\/wp-content\/uploads\/lk\/6114_audio.wav\"><br \/>\n                                            Ihr Browser unterst\u00fctzt diese Audio-Ausgabe leider nicht.<br \/>\n                                            <\/ audio ><\/p>\n","protected":false},"excerpt":{"rendered":"<p>K\u00fchlende Wirkung &#8211; Sorgt f\u00fcr ein optimales Wohlf\u00fchlklima. <\/p>\n<p>Muster: Uni<br \/>\nMaterial: 83% Baumwolle (Bio), 15% Polyamid, 2% Elasthan<br \/>\nOptik: glatt<br \/>\nStrumpfl\u00e4nge: Wade<br \/>\nTragegef\u00fchl: angenehm weich<br \/>\nB\u00fcndchenart: Gerippt<br \/>\nPolsterung: keine<br \/>\nPassform: FALKE-Passform<br \/>\nSohle: Klimaaktivsohle<br \/>\nStil: klassisch<br \/>\nNachhaltigkeit: Ja <\/p>\n","protected":false},"featured_media":481421,"comment_status":"open","ping_status":"closed","template":"","meta":[],"product_brand":[],"product_cat":[857],"product_tag":[1544,1426,1462,1798,1408,1649,1577,1476,1578,1579,1654,2742,1360],"class_list":{"0":"post-481422","1":"product","2":"type-product","3":"status-publish","4":"has-post-thumbnail","6":"product_cat-herren-1","7":"product_tag-farbe-braun","8":"product_tag-farbe-dunkelblau","9":"product_tag-farbe-dunkelgrau","10":"product_tag-farbe-hellbraun","11":"product_tag-farbe-schwarz","12":"product_tag-groesse-39-40","13":"product_tag-groesse-41-42","14":"product_tag-groesse-43-44","15":"product_tag-groesse-45-46","16":"product_tag-groesse-47-48","17":"product_tag-groesse-49-50","18":"product_tag-marke-falke","19":"product_tag-standard","21":"first","22":"instock","23":"taxable","24":"shipping-taxable","25":"purchasable","26":"product-type-variable"},"_links":{"self":[{"href":"https:\/\/schuhewiebarfuss.at\/shop\/wp-json\/wp\/v2\/product\/481422","targetHints":{"allow":["GET"]}}],"collection":[{"href":"https:\/\/schuhewiebarfuss.at\/shop\/wp-json\/wp\/v2\/product"}],"about":[{"href":"https:\/\/schuhewiebarfuss.at\/shop\/wp-json\/wp\/v2\/types\/product"}],"replies":[{"embeddable":true,"href":"https:\/\/schuhewiebarfuss.at\/shop\/wp-json\/wp\/v2\/comments?post=481422"}],"wp:featuredmedia":[{"embeddable":true,"href":"https:\/\/schuhewiebarfuss.at\/shop\/wp-json\/wp\/v2\/media\/481421"}],"wp:attachment":[{"href":"https:\/\/schuhewiebarfuss.at\/shop\/wp-json\/wp\/v2\/media?parent=481422"}],"wp:term":[{"taxonomy":"product_brand","embeddable":true,"href":"https:\/\/schuhewiebarfuss.at\/shop\/wp-json\/wp\/v2\/product_brand?post=481422"},{"taxonomy":"product_cat","embeddable":true,"href":"https:\/\/schuhewiebarfuss.at\/shop\/wp-json\/wp\/v2\/product_cat?post=481422"},{"taxonomy":"product_tag","embeddable":true,"href":"https:\/\/schuhewiebarfuss.at\/shop\/wp-json\/wp\/v2\/product_tag?post=481422"}],"curies":[{"name":"wp","href":"https:\/\/api.w.org\/{rel}","templated":true}]}}