{"id":481411,"date":"2024-04-10T16:25:44","date_gmt":"2024-04-10T14:25:44","guid":{"rendered":"https:\/\/schuhewiebarfuss.at\/shop\/produkt\/mamba-vegan-tex-blau\/"},"modified":"2026-02-28T18:12:28","modified_gmt":"2026-02-28T17:12:28","slug":"mamba-vegan-tex-blau","status":"publish","type":"product","link":"https:\/\/schuhewiebarfuss.at\/shop\/produkt\/mamba-vegan-tex-blau\/","title":{"rendered":"Mamba Vegan Tex Blau"},"content":{"rendered":"<p>Obermaterial: Microfaser<br \/>\nVerschlussart: Gummizug <\/p>\n<p>Unser &#8222;Mamba&#8220;-Modell ist f\u00fcr schwieriges Terrain gemacht.<br \/>\nTechnische Textilien kombiniert mit einer wasserdichten Membran (max. H\u00f6he 3 cm) , machen diesen Schuh zum idealen leichtf\u00fcssigen Wanderschuh.<br \/>\nDer elastische Gummizug mit Schnellverschluss erm\u00f6glicht ein schnelles Anziehen und der Filii-Nullsohlenabsatz eine gesunde Fu\u00dfentwicklung.<\/p>\n<p>Die Filii-Barefoot-Kautschuksohle ist auch f\u00fcr Allergiker geeignet, da sie kein Latex beinhaltet. Nat\u00fcrlich haben alle unsere Schuhe auch kein Fu\u00dfbett.<br \/>\nDas Obermaterial ist aus technischem Textil und Wasser abweisend. Zus\u00e4tzlich liegt dahinter eine wasserdichte Membran.<br \/>\nDer Schuh ist somit sehr robust und pflegeleicht.<br \/>\nDas Innenfutter besteht aus einem w\u00e4rmenden, synthetischen Funktionsgewebe, so eigenet sich unser Mamba perfekt f\u00fcr die ersten k\u00fchleren Tage.<br \/>\nDas Obermaterial, als auch das Futter tragen das &#8222;Textile Vertrauen Oeko-TEX Standard 100&#8220;-Zertifikat und sind somit nat\u00fcrlich schadstoffgetestet.<br \/>\nDa unsere eingesetzten Materialien keine tierischen Produkte beinhalten, ist diese Modell auch f\u00fcr veganer geeignet.<\/p>\n<p><b>Audio-Beschreibung<\/b><br \/><audio controls src=\"https:\/\/schuhewiebarfuss.at\/shop\/wp-content\/uploads\/lk\/5194_audio.wav\"><br \/>\n                                            Ihr Browser unterst\u00fctzt diese Audio-Ausgabe leider nicht.<br \/>\n                                            <\/ audio ><\/p>\n","protected":false},"excerpt":{"rendered":"<p>Obermaterial \tTEX Membran, Textil, Vegan<br \/>\nVerschluss \tSchnellverschlu\u00df<br \/>\nSohlendicke \tweniger als 6 mm<br \/>\nFu\u00dfform \tbreite Ferse, flacher Spann, mittlere Breite, mittlere Spannh\u00f6he, schmal<\/p>\n","protected":false},"featured_media":481410,"comment_status":"open","ping_status":"closed","template":"","meta":[],"product_brand":[],"product_cat":[3121],"product_tag":[1385,1390,1391,1392,1393,1394,1395,1396,1397,1398,1399,1400,1401,2463,1450],"class_list":{"0":"post-481411","1":"product","2":"type-product","3":"status-publish","4":"has-post-thumbnail","6":"product_cat-sale","7":"product_tag-groesse-20","8":"product_tag-groesse-21","9":"product_tag-groesse-22","10":"product_tag-groesse-23","11":"product_tag-groesse-24","12":"product_tag-groesse-25","13":"product_tag-groesse-26","14":"product_tag-groesse-27","15":"product_tag-groesse-28","16":"product_tag-groesse-29","17":"product_tag-groesse-30","18":"product_tag-groesse-31","19":"product_tag-groesse-32","20":"product_tag-marke-filii","21":"product_tag-sale","23":"first","24":"instock","25":"sale","26":"taxable","27":"shipping-taxable","28":"purchasable","29":"product-type-variable"},"_links":{"self":[{"href":"https:\/\/schuhewiebarfuss.at\/shop\/wp-json\/wp\/v2\/product\/481411","targetHints":{"allow":["GET"]}}],"collection":[{"href":"https:\/\/schuhewiebarfuss.at\/shop\/wp-json\/wp\/v2\/product"}],"about":[{"href":"https:\/\/schuhewiebarfuss.at\/shop\/wp-json\/wp\/v2\/types\/product"}],"replies":[{"embeddable":true,"href":"https:\/\/schuhewiebarfuss.at\/shop\/wp-json\/wp\/v2\/comments?post=481411"}],"wp:featuredmedia":[{"embeddable":true,"href":"https:\/\/schuhewiebarfuss.at\/shop\/wp-json\/wp\/v2\/media\/481410"}],"wp:attachment":[{"href":"https:\/\/schuhewiebarfuss.at\/shop\/wp-json\/wp\/v2\/media?parent=481411"}],"wp:term":[{"taxonomy":"product_brand","embeddable":true,"href":"https:\/\/schuhewiebarfuss.at\/shop\/wp-json\/wp\/v2\/product_brand?post=481411"},{"taxonomy":"product_cat","embeddable":true,"href":"https:\/\/schuhewiebarfuss.at\/shop\/wp-json\/wp\/v2\/product_cat?post=481411"},{"taxonomy":"product_tag","embeddable":true,"href":"https:\/\/schuhewiebarfuss.at\/shop\/wp-json\/wp\/v2\/product_tag?post=481411"}],"curies":[{"name":"wp","href":"https:\/\/api.w.org\/{rel}","templated":true}]}}