{"id":481381,"date":"2024-04-10T16:24:20","date_gmt":"2024-04-10T14:24:20","guid":{"rendered":"https:\/\/schuhewiebarfuss.at\/shop\/produkt\/intense\/"},"modified":"2026-04-01T23:20:24","modified_gmt":"2026-04-01T21:20:24","slug":"intense","status":"publish","type":"product","link":"https:\/\/schuhewiebarfuss.at\/shop\/produkt\/intense\/","title":{"rendered":"Intense"},"content":{"rendered":"<p>Hergestellt aus weichen, jedoch strapazierf\u00e4higen Materialien sind Intense Sneaker ideale Begleiter f\u00fcr kleine Weltentdecker. Flexible und rutschfeste Gummi-Laufsohle mit hochgezogener Ferse und Gro\u00dfzehe, sowie ger\u00e4umige Zehenbox sorgen f\u00fcr ein ungehindertes und reibungsloses Laufen ohne Stolpern und Blasenbildung. Durch die einzigartige Schn\u00fcrung, bestehend aus einem Gummiband und einem Verschluss zum befestigen, wird das Schuhe An- und Ausziehen sogar f\u00fcr die Kleinsten unter uns zu einem Kinderspiel.<\/p>\n<p><b>Audio-Beschreibung<\/b><br \/><audio controls src=\"https:\/\/schuhewiebarfuss.at\/shop\/wp-content\/uploads\/lk\/6041_audio.wav\"><br \/>\n                                            Ihr Browser unterst\u00fctzt diese Audio-Ausgabe leider nicht.<br \/>\n                                            <\/ audio ><\/p>\n","protected":false},"excerpt":{"rendered":"<p>Obermaterial: 70 % Canvas, 30 % PU, wasserabweisend<br \/>\nInnenmaterial: atmungsaktive Mesh-Eins\u00e4tze<br \/>\nAu\u00dfensohle: Rubber<br \/>\nInneneinlage aus weichem Memory-Schaum<br \/>\nd\u00fcnne profilierte Barefoot-Sohle f\u00fcr unbeschwerten und sicheren Gang<br \/>\nerweiterte Zehenbox<br \/>\nelastische Schn\u00fcrsenkel mit Schnellverschluss<br \/>\nkn\u00f6chelhoher Schaft f\u00fcr mehr Stabilit\u00e4t<\/p>\n","protected":false},"featured_media":481380,"comment_status":"open","ping_status":"closed","template":"","meta":[],"product_brand":[],"product_cat":[842],"product_tag":[1544,1371,1570,1394,1395,1396,1397,1398,1399,1400,1401,2461],"class_list":{"0":"post-481381","1":"product","2":"type-product","3":"status-publish","4":"has-post-thumbnail","6":"product_cat-freizeit","7":"product_tag-farbe-braun","8":"product_tag-farbe-grau","9":"product_tag-farbe-gruen","10":"product_tag-groesse-25","11":"product_tag-groesse-26","12":"product_tag-groesse-27","13":"product_tag-groesse-28","14":"product_tag-groesse-29","15":"product_tag-groesse-30","16":"product_tag-groesse-31","17":"product_tag-groesse-32","18":"product_tag-marke-ballop","20":"first","21":"instock","22":"taxable","23":"shipping-taxable","24":"purchasable","25":"product-type-variable"},"_links":{"self":[{"href":"https:\/\/schuhewiebarfuss.at\/shop\/wp-json\/wp\/v2\/product\/481381","targetHints":{"allow":["GET"]}}],"collection":[{"href":"https:\/\/schuhewiebarfuss.at\/shop\/wp-json\/wp\/v2\/product"}],"about":[{"href":"https:\/\/schuhewiebarfuss.at\/shop\/wp-json\/wp\/v2\/types\/product"}],"replies":[{"embeddable":true,"href":"https:\/\/schuhewiebarfuss.at\/shop\/wp-json\/wp\/v2\/comments?post=481381"}],"wp:featuredmedia":[{"embeddable":true,"href":"https:\/\/schuhewiebarfuss.at\/shop\/wp-json\/wp\/v2\/media\/481380"}],"wp:attachment":[{"href":"https:\/\/schuhewiebarfuss.at\/shop\/wp-json\/wp\/v2\/media?parent=481381"}],"wp:term":[{"taxonomy":"product_brand","embeddable":true,"href":"https:\/\/schuhewiebarfuss.at\/shop\/wp-json\/wp\/v2\/product_brand?post=481381"},{"taxonomy":"product_cat","embeddable":true,"href":"https:\/\/schuhewiebarfuss.at\/shop\/wp-json\/wp\/v2\/product_cat?post=481381"},{"taxonomy":"product_tag","embeddable":true,"href":"https:\/\/schuhewiebarfuss.at\/shop\/wp-json\/wp\/v2\/product_tag?post=481381"}],"curies":[{"name":"wp","href":"https:\/\/api.w.org\/{rel}","templated":true}]}}