{"id":480758,"date":"2024-04-10T15:20:43","date_gmt":"2024-04-10T13:20:43","guid":{"rendered":"https:\/\/schuhewiebarfuss.at\/shop\/produkt\/froddo-laces\/"},"modified":"2026-03-01T08:24:14","modified_gmt":"2026-03-01T07:24:14","slug":"froddo-laces","status":"publish","type":"product","link":"https:\/\/schuhewiebarfuss.at\/shop\/produkt\/froddo-laces\/","title":{"rendered":"Froddo Laces"},"content":{"rendered":"<p>Diese Leder-Schn\u00fcrschuhe von der Kinderschuhe-Marke Froddo sind extra flexibel gestaltet und imitieren das Gef\u00fchl von gesundem Barfu\u00dflaufen. Ein \u00f6kologisch hergestellter Kinderschuh aus feinem Naturleder, Lederfutter und herausnehmbarer Leder-Innensohle.<\/p>\n<p>Froddo Laces ist ein klassischer Schn\u00fcrer f\u00fcr Kinder und Erwachsene (Gr\u00f6\u00dfen erh\u00e4ltlich bis Gr\u00f6\u00dfe 42). Der extra flexible Schuh imitiert das Barfu\u00dflaufen und die breite Zehenbox bietet Fu\u00dfstabilit\u00e4t beim Laufen und f\u00f6rdert die nat\u00fcrliche und gesunde Entwicklung bei kleinen und gro\u00dfen F\u00fc\u00dfen. Ausgestattet mit einer d\u00fcnnen Naturkautschuksohle erm\u00f6glicht es ihnen, den Boden unter ihren F\u00fc\u00dfen zu f\u00fchlen. Das weiche Premium-Naturleder aus Deutschland von terracare\u00ae und das chromfreies Naturlederfutter macht den Schuh ultraleicht, atmungsaktiv und bequem. Zudem besitzt der Froddo Laces eine flache, herausnembare Einlegesohle aus antibakteriellem chromfreiem Leder.<\/p>\n<p>Details:<\/p>\n<p>Obermaterial: wasserabweisend und umweltfreundliches Naturleder von terracare\u00ae<br \/>\nInnenfutter: chromfreies Leder<br \/>\nInnensohle: gesch\u00e4umte Einlegesohle, mit Decksohle aus Leder &#8211; herausnehmbar, d\u00e4mpfend, saugf\u00e4hig<br \/>\nSohle: Gummi &#8211; abriebfest, flexibel, rutschhemmend<br \/>\nVerschluss: Schn\u00fcrschuh<br \/>\nHerstellungland: Kroatien<\/p>\n<p>Tipps zur Schuhpflege:<\/p>\n<p>Zuerst sind von den Lederschuhen Schmutz und R\u00fcckst\u00e4nde alter Schuhcreme mittels eines Schwamms, einer Naturhaarb\u00fcrste oder einem weichen Tuch zu entfernen. Nach dem Reinigen ist eine Schuhcreme d\u00fcnnschichtig und gleichm\u00e4\u00dfig auf die Schuhe aufzutragen. Lassen Sie die Creme eintrocknen und b\u00fcrsten Sie danach noch einmal die Schuhe.<\/p>\n<p><b>Audio-Beschreibung<\/b><br \/><audio controls src=\"https:\/\/schuhewiebarfuss.at\/shop\/wp-content\/uploads\/lk\/6068_audio.wav\"><br \/>\n                                            Ihr Browser unterst\u00fctzt diese Audio-Ausgabe leider nicht.<br \/>\n                                            <\/ audio ><\/p>\n","protected":false},"excerpt":{"rendered":"<p>Obermaterial: wasserabweisend und umweltfreundliches Naturleder<br \/>\nFutter: chromfreies Leder<br \/>\nInnensohle: antibakterielles und chromfreies Leder, herausnehmbar<br \/>\nSohle: Gummi<\/p>\n<p>&#8211; Universelle passform &#8211; f\u00fcr alle fu\u00dfbreiten geeignet<br \/>\n&#8211; Extra flexible Schuhe imitiren das barfu\u00df laufen<br \/>\n&#8211; Nachaltiges Produkt und Produktion<\/p>\n","protected":false},"featured_media":480757,"comment_status":"open","ping_status":"closed","template":"","meta":[],"product_brand":[],"product_cat":[3121],"product_tag":[1479,2233,1798,1429,1600,1408,1400,1401,1402,1403,1404,2450,1450],"class_list":{"0":"post-480758","1":"product","2":"type-product","3":"status-publish","4":"has-post-thumbnail","6":"product_cat-sale","7":"product_tag-farbe-blau","8":"product_tag-farbe-dunkelrot","9":"product_tag-farbe-hellbraun","10":"product_tag-farbe-hellgrau","11":"product_tag-farbe-rot","12":"product_tag-farbe-schwarz","13":"product_tag-groesse-31","14":"product_tag-groesse-32","15":"product_tag-groesse-33","16":"product_tag-groesse-34","17":"product_tag-groesse-35","18":"product_tag-marke-froddo-ivancia-d-d","19":"product_tag-sale","21":"first","22":"instock","23":"sale","24":"taxable","25":"shipping-taxable","26":"purchasable","27":"product-type-variable"},"_links":{"self":[{"href":"https:\/\/schuhewiebarfuss.at\/shop\/wp-json\/wp\/v2\/product\/480758","targetHints":{"allow":["GET"]}}],"collection":[{"href":"https:\/\/schuhewiebarfuss.at\/shop\/wp-json\/wp\/v2\/product"}],"about":[{"href":"https:\/\/schuhewiebarfuss.at\/shop\/wp-json\/wp\/v2\/types\/product"}],"replies":[{"embeddable":true,"href":"https:\/\/schuhewiebarfuss.at\/shop\/wp-json\/wp\/v2\/comments?post=480758"}],"wp:featuredmedia":[{"embeddable":true,"href":"https:\/\/schuhewiebarfuss.at\/shop\/wp-json\/wp\/v2\/media\/480757"}],"wp:attachment":[{"href":"https:\/\/schuhewiebarfuss.at\/shop\/wp-json\/wp\/v2\/media?parent=480758"}],"wp:term":[{"taxonomy":"product_brand","embeddable":true,"href":"https:\/\/schuhewiebarfuss.at\/shop\/wp-json\/wp\/v2\/product_brand?post=480758"},{"taxonomy":"product_cat","embeddable":true,"href":"https:\/\/schuhewiebarfuss.at\/shop\/wp-json\/wp\/v2\/product_cat?post=480758"},{"taxonomy":"product_tag","embeddable":true,"href":"https:\/\/schuhewiebarfuss.at\/shop\/wp-json\/wp\/v2\/product_tag?post=480758"}],"curies":[{"name":"wp","href":"https:\/\/api.w.org\/{rel}","templated":true}]}}