{"id":480517,"date":"2024-04-10T15:01:43","date_gmt":"2024-04-10T13:01:43","guid":{"rendered":"https:\/\/schuhewiebarfuss.at\/shop\/produkt\/penny-damen-schwarz\/"},"modified":"2026-02-28T18:27:37","modified_gmt":"2026-02-28T17:27:37","slug":"penny-damen-schwarz","status":"publish","type":"product","link":"https:\/\/schuhewiebarfuss.at\/shop\/produkt\/penny-damen-schwarz\/","title":{"rendered":"Penny Damen Schwarz"},"content":{"rendered":"<p>F\u00fcr die Arbeitswoche, aber auch f\u00fcr Abende am Wochenende haben wir stylische Penny Barfu\u00df-Ballerinas angefertigt, die es Ihren F\u00fc\u00dfen erm\u00f6glichen, sich nat\u00fcrlich und gesund zu bewegen, als w\u00e4ren sie barfu\u00df. Sie werden in zwei Varianten aus erstklassigem Leder der Marke Pittards\u00ae von freilaufenden Rindern auf \u00e4thiopischen Weiden hergestellt. Oder in einer nat\u00fcrlichen Version aus \u00d6ko-Baumwolle. Der Penny verf\u00fcgt \u00fcber abnehmbare Ristquasten und Akzentn\u00e4hte an der Zehenpartie. Dank ihrer maximalen Flexibilit\u00e4t sind sie so bequem wie Hausschuhe, dabei elegant und bewahren das Gef\u00fchl, barfu\u00df zu gehen.<\/p>\n<p>Wir haben einfach alles Unn\u00f6tige entfernt und nur ein einfaches, flexibles Obermaterial hinterlassen, das in eine superflexible und 3 mm d\u00fcnne, abriebfeste Sohle eingearbeitet ist, damit sich Ihre F\u00fc\u00dfe gesund bewegen, als w\u00e4ren sie barfu\u00df. Dank der breiten Front erm\u00f6glicht Penny Ihren Zehen, sich von einem Arbeitstreffen am Montagmorgen bis zu einem Freitagabend im Club mit Freunden nat\u00fcrlich zu bewegen.<\/p>\n<p><b>Audio-Beschreibung<\/b><br \/><audio controls src=\"https:\/\/schuhewiebarfuss.at\/shop\/wp-content\/uploads\/lk\/5712_audio.wav\"><br \/>\n                                            Ihr Browser unterst\u00fctzt diese Audio-Ausgabe leider nicht.<br \/>\n                                            <\/ audio ><\/p>\n","protected":false},"excerpt":{"rendered":"<p>Au\u00dfen: Pittards\u00ae Premium-Leder<br \/>\nSohle: 3 mm stark, patentiert, abriebfest mit Durchtrittschutz<br \/>\nInnere herausnehmbare Einlage: nein<br \/>\n\u00d6ko: nat\u00fcrlich<\/p>\n","protected":false},"featured_media":480516,"comment_status":"open","ping_status":"closed","template":"","meta":[],"product_brand":[],"product_cat":[3121],"product_tag":[1378,2451,1450],"class_list":{"0":"post-480517","1":"product","2":"type-product","3":"status-publish","4":"has-post-thumbnail","6":"product_cat-sale","7":"product_tag-groesse-43","8":"product_tag-marke-vivobarefoot","9":"product_tag-sale","11":"first","12":"instock","13":"sale","14":"taxable","15":"shipping-taxable","16":"purchasable","17":"product-type-variable"},"_links":{"self":[{"href":"https:\/\/schuhewiebarfuss.at\/shop\/wp-json\/wp\/v2\/product\/480517","targetHints":{"allow":["GET"]}}],"collection":[{"href":"https:\/\/schuhewiebarfuss.at\/shop\/wp-json\/wp\/v2\/product"}],"about":[{"href":"https:\/\/schuhewiebarfuss.at\/shop\/wp-json\/wp\/v2\/types\/product"}],"replies":[{"embeddable":true,"href":"https:\/\/schuhewiebarfuss.at\/shop\/wp-json\/wp\/v2\/comments?post=480517"}],"wp:featuredmedia":[{"embeddable":true,"href":"https:\/\/schuhewiebarfuss.at\/shop\/wp-json\/wp\/v2\/media\/480516"}],"wp:attachment":[{"href":"https:\/\/schuhewiebarfuss.at\/shop\/wp-json\/wp\/v2\/media?parent=480517"}],"wp:term":[{"taxonomy":"product_brand","embeddable":true,"href":"https:\/\/schuhewiebarfuss.at\/shop\/wp-json\/wp\/v2\/product_brand?post=480517"},{"taxonomy":"product_cat","embeddable":true,"href":"https:\/\/schuhewiebarfuss.at\/shop\/wp-json\/wp\/v2\/product_cat?post=480517"},{"taxonomy":"product_tag","embeddable":true,"href":"https:\/\/schuhewiebarfuss.at\/shop\/wp-json\/wp\/v2\/product_tag?post=480517"}],"curies":[{"name":"wp","href":"https:\/\/api.w.org\/{rel}","templated":true}]}}