{"id":480334,"date":"2024-04-10T14:22:50","date_gmt":"2024-04-10T12:22:50","guid":{"rendered":"https:\/\/schuhewiebarfuss.at\/shop\/produkt\/lady-loop-damen-schwarz\/"},"modified":"2026-03-01T16:20:36","modified_gmt":"2026-03-01T15:20:36","slug":"lady-loop-damen-schwarz","status":"publish","type":"product","link":"https:\/\/schuhewiebarfuss.at\/shop\/produkt\/lady-loop-damen-schwarz\/","title":{"rendered":"Lady Loop Damen Schwarz"},"content":{"rendered":"<p>Edel und schlicht tritt der Lady Loop auf \u2013 in klassischem Schwarz tritt er durchs Leben und zeigt mit Schleife und zwei Charms-Anh\u00e4ngern sein modisches Gesp\u00fcr. Er ist ausgehfein zum kleinen Schwarzen und rockt auch auf Jeans. Schnell reingeschl\u00fcpft schmiegt sich der Ballerina sanft um den Fu\u00df und gibt mit der 100%igen LIFOLIT\u00ae-Sohle das wunderbare Barfu\u00dffeeling aller leguanos. Gern wechselt der Lady Loop auch sein Outfit und freut sich \u00fcber die Originalit\u00e4t seiner Tr\u00e4gerin \u2013 denn die Charms sind abnehmbar und k\u00f6nnen je nach Stimmung durch individuelle Anh\u00e4nger ausgetauscht werden.<\/p>\n<p>Das strapazierf\u00e4hige, luftige Obermaterial schmiegt sich optimal an die Fu\u00dfform der Tr\u00e4gerin an und sorgt in Kombination mit der flexiblen Sohle f\u00fcr einen angenehmen Tragekomfort. Die typische Noppensohle ist ultra flexibel und gibt durch seine Halbkugeln ein sensorisches und taktiles Feedback ab, das an unsere F\u00fc\u00dfe weitergegeben wird. Dies \u00e4hnelt einer Fu\u00dfreflexzonen-Massage und sorgt f\u00fcr Entspannung und Wohlbefinden.<\/p>\n<p>Mit dem Modell Lady Loop von Leguano machen Sie immer eine gute Figur! Schn\u00f6rkellos kommt der Barfu\u00df-Ballerina daher und l\u00e4sst sich dank seines dezenten Looks zu allem kombinieren. Entdecke die Welt von Leguano und sp\u00fcre die postitive Energie des Barfu\u00dflaufens. Der Lady Loop eignet sich besonders bei warmen Temperaturen auf lockere Sommerkleidung und nat\u00fcrlich jederzeit auch indoor.<\/p>\n<p>Das deutsche Unternehmen Leguano steht wie kein anderes f\u00fcr die Philosophie des Barfu\u00dflaufens. Es ist ein Urbed\u00fcrfnis nach Freiheit und Ungezwungenheit, welches durch das nat\u00fcrliche Gehen gestillt werden kann. Es belebt K\u00f6rper und Geist, st\u00e4rkt die Fu\u00dfmuskulatur und beugt Fu\u00df-, Knie-, H\u00fcft, R\u00fccken- sowie Nacken- und Kopfschmerzen vor. Leguano produziert zu 100% in Deutschland und tr\u00e4gt das G\u00fctesiegel &#8222;Made in Germany&#8220;. Durch diese sp\u00fcrbare Qualit\u00e4t hat sich das Unternehmen, seit der Gr\u00fcndung 2009, so rasant weiter entwickelt, dass es mitllerweile \u00fcber 400 Mitarbeiter besch\u00e4ftigt und weltweit vertreten ist. <\/p>\n<p>Materialdetails:<\/p>\n<p>Obermaterial: Textil (100 % Polyester)<br \/>\nInnenfutter: Textil (100 % Polyester)<br \/>\nSohle: 100 % LIFOLIT\u00ae-lg<br \/>\nInnensohle: 51 % Polyamid, 49 % Polyurethan, nicht herausnehmbar<br \/>\nAbsatz: Nullabsatz, keine H\u00f6hendifferenz zwischen Ferse und Vorderfu\u00df<br \/>\nVerschluss: Schlupfschuh<br \/>\nBesonderheiten: Schmale Ferse, super weich, leicht, bequem, abnehmbare Charms (Schloss und Schl\u00fcssel)<br \/>\nMaterialhinweis: Atmungsaktiv, Wasserabweisend<br \/>\nSchuhform: anatomisch geformte Zehenbox, f\u00fcr schmalere F\u00fc\u00dfe<br \/>\nHergestellt in Deutschland<br \/>\nArtikelgewicht: 0,50 kg<br \/>\nPassform: Dieses Modell f\u00e4llt kleiner aus! Nehhmen<\/p>\n<p>Hersteller: leguano GmbH, Industriepark Nord 99, DE \u2013 53567 Buchholz, E-Mail: info@leguano.eu<br \/>\nHergestellt in der Bundesrepublik Deutschland<\/p>\n<p>Hinweis:<br \/>\nAufgrund der Slipper-Form sollte die Passform hier ausreichend Halt geben, solange der Spann des Fu\u00dfes nicht zu flach ist. Die F\u00fc\u00dfe sollten nicht im Schuh umher rutschen.<br \/>\nDIESES MODELL F\u00c4LLT KLEINER AUS! NEHMEN SIE EINE NUMMER GR\u00d6\u00dfER!<\/p>\n<p>Pflegehinweis:<br \/>\nBei 30 \u00b0C im W\u00e4schenetz waschen (Schonwaschgang). Feinwaschmittel, keinen Weichsp\u00fcler und kein Pulver verwenden. Separat oder mit \u00e4hnlichen Farben waschen. Nicht trocknergeeignet. Staub und Schmutz mit einer weichen Schuhb\u00fcrste oder einem fusselfreien, leicht feuchten Tuch entfernen.<\/p>\n<p>Innensohle &#8211; L\u00e4nge\/Breite (mm):<\/p>\n<p>Gr\u00f6\u00dfe: 36 &#8211; Fu\u00dfl\u00e4nge: 224 mm &#8211; Zehenbreite: 84 mm &#8211; Fersenbreite: 54 mm<br \/>\nGr\u00f6\u00dfe: 37 &#8211; Fu\u00dfl\u00e4nge: 231 mm &#8211; Zehenbreite: 86 mm &#8211; Fersenbreite: 56 mm<br \/>\nGr\u00f6\u00dfe: 38 &#8211; Fu\u00dfl\u00e4nge: 238 mm &#8211; Zehenbreite: 87 mm &#8211; Fersenbreite: 58 mm<br \/>\nGr\u00f6\u00dfe: 39 &#8211; Fu\u00dfl\u00e4nge: 244 mm &#8211; Zehenbreite: 88 mm &#8211; Fersenbreite: 59 mm<br \/>\nGr\u00f6\u00dfe: 40 &#8211; Fu\u00dfl\u00e4nge: 250 mm &#8211; Zehenbreite: 90 mm &#8211; Fersenbreite: 61 mm<br \/>\nGr\u00f6\u00dfe: 41 &#8211; Fu\u00dfl\u00e4nge: 257 mm &#8211; Zehenbreite: 92 mm &#8211; Fersenbreite: 63 mm<br \/>\nGr\u00f6\u00dfe: 42 &#8211; Fu\u00dfl\u00e4nge: 264 mm &#8211; Zehenbreite: 92 mm &#8211; Fersenbreite: 65 mm<\/p>\n<p><b>Audio-Beschreibung<\/b><br \/><audio controls src=\"https:\/\/schuhewiebarfuss.at\/shop\/wp-content\/uploads\/lk\/5238_audio.wav\"><br \/>\n                                            Ihr Browser unterst\u00fctzt diese Audio-Ausgabe leider nicht.<br \/>\n                                            <\/ audio ><\/p>\n","protected":false},"excerpt":{"rendered":"<p>Leguano LADY LOOP<\/p>\n<p>Das wahre GEHf\u00fchl des barfu\u00dflaufens &#8211; der stylischer Ballerina f\u00fcr warme Sommertage!<\/p>\n","protected":false},"featured_media":797261,"comment_status":"open","ping_status":"closed","template":"","meta":[],"product_brand":[],"product_cat":[828],"product_tag":[1362,1368,1373,1374,1375,1376,1377,1378,2465],"class_list":{"0":"post-480334","1":"product","2":"type-product","3":"status-publish","4":"has-post-thumbnail","6":"product_cat-ballerinas","7":"product_tag-groesse-36","8":"product_tag-groesse-37","9":"product_tag-groesse-38","10":"product_tag-groesse-39","11":"product_tag-groesse-40","12":"product_tag-groesse-41","13":"product_tag-groesse-42","14":"product_tag-groesse-43","15":"product_tag-marke-leguano","17":"first","18":"instock","19":"taxable","20":"shipping-taxable","21":"purchasable","22":"product-type-variable"},"_links":{"self":[{"href":"https:\/\/schuhewiebarfuss.at\/shop\/wp-json\/wp\/v2\/product\/480334","targetHints":{"allow":["GET"]}}],"collection":[{"href":"https:\/\/schuhewiebarfuss.at\/shop\/wp-json\/wp\/v2\/product"}],"about":[{"href":"https:\/\/schuhewiebarfuss.at\/shop\/wp-json\/wp\/v2\/types\/product"}],"replies":[{"embeddable":true,"href":"https:\/\/schuhewiebarfuss.at\/shop\/wp-json\/wp\/v2\/comments?post=480334"}],"wp:featuredmedia":[{"embeddable":true,"href":"https:\/\/schuhewiebarfuss.at\/shop\/wp-json\/wp\/v2\/media\/797261"}],"wp:attachment":[{"href":"https:\/\/schuhewiebarfuss.at\/shop\/wp-json\/wp\/v2\/media?parent=480334"}],"wp:term":[{"taxonomy":"product_brand","embeddable":true,"href":"https:\/\/schuhewiebarfuss.at\/shop\/wp-json\/wp\/v2\/product_brand?post=480334"},{"taxonomy":"product_cat","embeddable":true,"href":"https:\/\/schuhewiebarfuss.at\/shop\/wp-json\/wp\/v2\/product_cat?post=480334"},{"taxonomy":"product_tag","embeddable":true,"href":"https:\/\/schuhewiebarfuss.at\/shop\/wp-json\/wp\/v2\/product_tag?post=480334"}],"curies":[{"name":"wp","href":"https:\/\/api.w.org\/{rel}","templated":true}]}}