{"id":479638,"date":"2024-04-10T13:06:34","date_gmt":"2024-04-10T11:06:34","guid":{"rendered":"https:\/\/schuhewiebarfuss.at\/shop\/produkt\/gobi-iii-damen-dusty-olive\/"},"modified":"2026-02-28T18:00:53","modified_gmt":"2026-02-28T17:00:53","slug":"gobi-iii-damen-dusty-olive","status":"publish","type":"product","link":"https:\/\/schuhewiebarfuss.at\/shop\/produkt\/gobi-iii-damen-dusty-olive\/","title":{"rendered":"Gobi III Damen Dusty Olive"},"content":{"rendered":"<p>Stylisch, feminin, minimalistisch: Der Gobi III ist die neueste Version unseres klassischen Desert Boots. Er besteht aus hochwertigem Pittards Wild Hide Leder. Das Kunstfellfutter h\u00e4lt deine F\u00fc\u00dfe sch\u00f6n warm. Perfekt f\u00fcr k\u00fchle Herbsttage.<\/p>\n<p>Ob im B\u00fcro oder in deiner Freizeit &#8211; mit dem Gobi III genie\u00dft du Barfu\u00dfgef\u00fchl zu jeder Gelegenheit, ohne dabei auf Style zu verzichten. Die patentierte, 3mm d\u00fcnne Casual-Sohle mit kleinen Profilnoppen sorgt f\u00fcr maximales sensorisches Feedback bei gleichzeitigem Schutz.<\/p>\n<p><b>Audio-Beschreibung<\/b><br \/><audio controls src=\"https:\/\/schuhewiebarfuss.at\/shop\/wp-content\/uploads\/lk\/5013_audio.wav\"><br \/>\n                                            Ihr Browser unterst\u00fctzt diese Audio-Ausgabe leider nicht.<br \/>\n                                            <\/ audio ><\/p>\n","protected":false},"excerpt":{"rendered":"<p>Obermaterial: 100% Pittards Wild Hide Leder<br \/>\nFutter: Fellimitat<br \/>\nPatentierte 3mm d\u00fcnne Casual-City-Sohle mit kleinen Profilnoppen<br \/>\nPro5: durchstichfeste Sohlentechnologie<br \/>\nHerausnehmbare Performance-Einlegesohle<\/p>\n","protected":false},"featured_media":479637,"comment_status":"open","ping_status":"closed","template":"","meta":[],"product_brand":[],"product_cat":[3121],"product_tag":[1362,1368,1373,1374,1375,1376,1377,2451,1450],"class_list":{"0":"post-479638","1":"product","2":"type-product","3":"status-publish","4":"has-post-thumbnail","6":"product_cat-sale","7":"product_tag-groesse-36","8":"product_tag-groesse-37","9":"product_tag-groesse-38","10":"product_tag-groesse-39","11":"product_tag-groesse-40","12":"product_tag-groesse-41","13":"product_tag-groesse-42","14":"product_tag-marke-vivobarefoot","15":"product_tag-sale","17":"first","18":"outofstock","19":"taxable","20":"shipping-taxable","21":"product-type-variable"},"_links":{"self":[{"href":"https:\/\/schuhewiebarfuss.at\/shop\/wp-json\/wp\/v2\/product\/479638","targetHints":{"allow":["GET"]}}],"collection":[{"href":"https:\/\/schuhewiebarfuss.at\/shop\/wp-json\/wp\/v2\/product"}],"about":[{"href":"https:\/\/schuhewiebarfuss.at\/shop\/wp-json\/wp\/v2\/types\/product"}],"replies":[{"embeddable":true,"href":"https:\/\/schuhewiebarfuss.at\/shop\/wp-json\/wp\/v2\/comments?post=479638"}],"wp:featuredmedia":[{"embeddable":true,"href":"https:\/\/schuhewiebarfuss.at\/shop\/wp-json\/wp\/v2\/media\/479637"}],"wp:attachment":[{"href":"https:\/\/schuhewiebarfuss.at\/shop\/wp-json\/wp\/v2\/media?parent=479638"}],"wp:term":[{"taxonomy":"product_brand","embeddable":true,"href":"https:\/\/schuhewiebarfuss.at\/shop\/wp-json\/wp\/v2\/product_brand?post=479638"},{"taxonomy":"product_cat","embeddable":true,"href":"https:\/\/schuhewiebarfuss.at\/shop\/wp-json\/wp\/v2\/product_cat?post=479638"},{"taxonomy":"product_tag","embeddable":true,"href":"https:\/\/schuhewiebarfuss.at\/shop\/wp-json\/wp\/v2\/product_tag?post=479638"}],"curies":[{"name":"wp","href":"https:\/\/api.w.org\/{rel}","templated":true}]}}