{"id":479257,"date":"2024-04-10T11:01:48","date_gmt":"2024-04-10T09:01:48","guid":{"rendered":"https:\/\/schuhewiebarfuss.at\/shop\/produkt\/froddo-tex-winter\/"},"modified":"2026-02-28T20:01:58","modified_gmt":"2026-02-28T19:01:58","slug":"froddo-tex-winter","status":"publish","type":"product","link":"https:\/\/schuhewiebarfuss.at\/shop\/produkt\/froddo-tex-winter\/","title":{"rendered":"Froddo TEX Winter"},"content":{"rendered":"<p>Diese hohen und warm gef\u00fctterten Winterstiefel der Froddo Barfu\u00dfserie sind perfekt f\u00fcr die kalte Jahreszeit! Dank der eingebauten Membran und dem Wollfutter halten sie die Kinderf\u00fc\u00dfe auch beim Spielen im Schnee warm und trocken. Zudem unterst\u00fctzt die flexible, griffige Sohle und die ergonomische Zehenbox die gesunde Entwicklung der F\u00fc\u00dfe.<\/p>\n<p>    Obermaterial: Velourleder + Textil<br \/>\n    Futter: Wolle<br \/>\n    mit Tex-Membran<br \/>\n    wasserdicht<br \/>\n    sehr flexible Sohle<br \/>\n    ergonomische Zehenbox<\/p>\n<p><b>Audio-Beschreibung<\/b><br \/><audio controls src=\"https:\/\/schuhewiebarfuss.at\/shop\/wp-content\/uploads\/lk\/6074_audio.wav\"><br \/>\n                                            Ihr Browser unterst\u00fctzt diese Audio-Ausgabe leider nicht.<br \/>\n                                            <\/ audio ><\/p>\n","protected":false},"excerpt":{"rendered":"<p>Obermaterial: Velourleder + Textil<br \/>\nFutter: Wolle<br \/>\nmit Tex-Membran<br \/>\nwasserdicht<br \/>\nsehr flexible Sohle<br \/>\nergonomische Zehenbox<\/p>\n","protected":false},"featured_media":479256,"comment_status":"open","ping_status":"closed","template":"","meta":[],"product_brand":[],"product_cat":[3121],"product_tag":[2910,1371,1481,1408,1657,1392,1393,1394,1395,1396,1397,1398,1399,1400,1401,1402,1403,1404,2450,1450],"class_list":{"0":"post-479257","1":"product","2":"type-product","3":"status-publish","4":"has-post-thumbnail","6":"product_cat-sale","7":"product_tag-farbe-bordeaux","8":"product_tag-farbe-grau","9":"product_tag-farbe-pink","10":"product_tag-farbe-schwarz","11":"product_tag-farbe-silber","12":"product_tag-groesse-23","13":"product_tag-groesse-24","14":"product_tag-groesse-25","15":"product_tag-groesse-26","16":"product_tag-groesse-27","17":"product_tag-groesse-28","18":"product_tag-groesse-29","19":"product_tag-groesse-30","20":"product_tag-groesse-31","21":"product_tag-groesse-32","22":"product_tag-groesse-33","23":"product_tag-groesse-34","24":"product_tag-groesse-35","25":"product_tag-marke-froddo-ivancia-d-d","26":"product_tag-sale","28":"first","29":"instock","30":"taxable","31":"shipping-taxable","32":"purchasable","33":"product-type-variable"},"_links":{"self":[{"href":"https:\/\/schuhewiebarfuss.at\/shop\/wp-json\/wp\/v2\/product\/479257","targetHints":{"allow":["GET"]}}],"collection":[{"href":"https:\/\/schuhewiebarfuss.at\/shop\/wp-json\/wp\/v2\/product"}],"about":[{"href":"https:\/\/schuhewiebarfuss.at\/shop\/wp-json\/wp\/v2\/types\/product"}],"replies":[{"embeddable":true,"href":"https:\/\/schuhewiebarfuss.at\/shop\/wp-json\/wp\/v2\/comments?post=479257"}],"wp:featuredmedia":[{"embeddable":true,"href":"https:\/\/schuhewiebarfuss.at\/shop\/wp-json\/wp\/v2\/media\/479256"}],"wp:attachment":[{"href":"https:\/\/schuhewiebarfuss.at\/shop\/wp-json\/wp\/v2\/media?parent=479257"}],"wp:term":[{"taxonomy":"product_brand","embeddable":true,"href":"https:\/\/schuhewiebarfuss.at\/shop\/wp-json\/wp\/v2\/product_brand?post=479257"},{"taxonomy":"product_cat","embeddable":true,"href":"https:\/\/schuhewiebarfuss.at\/shop\/wp-json\/wp\/v2\/product_cat?post=479257"},{"taxonomy":"product_tag","embeddable":true,"href":"https:\/\/schuhewiebarfuss.at\/shop\/wp-json\/wp\/v2\/product_tag?post=479257"}],"curies":[{"name":"wp","href":"https:\/\/api.w.org\/{rel}","templated":true}]}}