{"id":479058,"date":"2024-04-10T10:47:46","date_gmt":"2024-04-10T08:47:46","guid":{"rendered":"https:\/\/schuhewiebarfuss.at\/shop\/produkt\/froddo-sandal-e\/"},"modified":"2026-03-12T18:42:41","modified_gmt":"2026-03-12T17:42:41","slug":"froddo-sandal-e","status":"publish","type":"product","link":"https:\/\/schuhewiebarfuss.at\/shop\/produkt\/froddo-sandal-e\/","title":{"rendered":"Froddo Sandal E"},"content":{"rendered":"<p>Obermaterial: Chromfreies Leder<br \/>\nInnenmaterial: Leder<br \/>\nSohle: Gummi (Naturkautschuk)<br \/>\nVerschlussart: Klettverschluss<br \/>\nSandale <\/p>\n<p>Klassik-schicke Sandalen ideal f\u00fcr den Fr\u00fchling und Sommer!<br \/>\nUltraleichte, atmungsaktive und bequeme Froddo Schuhe mit Naturkautschuksohle im minimalistischen Design.<br \/>\nDer ergonomische Schnitt ist optimal f\u00fcr eine gesunde Fu\u00dfentwicklung. Die breite Zehenbox erlaubt ein gesundes Fu\u00dfwachstum. Die Sohle ist schon im Neuzustand sehr flexibel und wird durch die Bewegung noch weicher.<\/p>\n<p>Diese Barfu\u00dfsandalen von froddo kombinieren beste Eigenschaften f\u00fcr die F\u00fc\u00dfe Eurer Kinder! Die in Europa aus hochwertigem Naturleder gefertigten Schuhe bestechen durch ihre ultraleichte, flexible Gummisohle, welche zwar das barfu\u00df laufen imitiert, die F\u00fc\u00dfe jedoch rundum auch auf harten B\u00f6den gut sch\u00fctzt. Die herausnehmbare antibakterielle Einlegesohle ist zudem extra flach gearbeitet. Der breite Zehenbereich bietet eine tolle Fu\u00dfstabilit\u00e4t, sodass der Schuh bei jedem Abenteuer standh\u00e4lt. F\u00fcr einen festen und sicheren Sitz sorgen der Gummizug sowie der Klettverschluss. So k\u00f6nnen auch selbst kleinere Kinder die Schuhe gut selbst an- und ausziehen. Worauf wartet Ihr noch? In die Barfu\u00dfschuhe&#8230;fertig&#8230;LOS!<\/p>\n<p><b>Audio-Beschreibung<\/b><br \/><audio controls src=\"https:\/\/schuhewiebarfuss.at\/shop\/wp-content\/uploads\/lk\/6073_audio.wav\"><br \/>\n                                            Ihr Browser unterst\u00fctzt diese Audio-Ausgabe leider nicht.<br \/>\n                                            <\/ audio ><\/p>\n","protected":false},"excerpt":{"rendered":"<p>Obermaterial: Chromfreies Leder<br \/>\nInnenmaterial: Leder<br \/>\nSohle: Gummi (Naturkautschuk)<br \/>\nVerschlussart: Klettverschluss<br \/>\nSandale <\/p>\n","protected":false},"featured_media":479057,"comment_status":"open","ping_status":"closed","template":"","meta":[],"product_brand":[],"product_cat":[846],"product_tag":[1479,1544,1426,1427,1371,1570,1480,1392,1393,1394,1395,1396,1397,1398,1399,1400,1401,1402,1403,1404,2450],"class_list":{"0":"post-479058","1":"product","2":"type-product","3":"status-publish","4":"has-post-thumbnail","6":"product_cat-sandalen-4","7":"product_tag-farbe-blau","8":"product_tag-farbe-braun","9":"product_tag-farbe-dunkelblau","10":"product_tag-farbe-gelb","11":"product_tag-farbe-grau","12":"product_tag-farbe-gruen","13":"product_tag-farbe-orange","14":"product_tag-groesse-23","15":"product_tag-groesse-24","16":"product_tag-groesse-25","17":"product_tag-groesse-26","18":"product_tag-groesse-27","19":"product_tag-groesse-28","20":"product_tag-groesse-29","21":"product_tag-groesse-30","22":"product_tag-groesse-31","23":"product_tag-groesse-32","24":"product_tag-groesse-33","25":"product_tag-groesse-34","26":"product_tag-groesse-35","27":"product_tag-marke-froddo-ivancia-d-d","29":"first","30":"instock","31":"taxable","32":"shipping-taxable","33":"purchasable","34":"product-type-variable"},"_links":{"self":[{"href":"https:\/\/schuhewiebarfuss.at\/shop\/wp-json\/wp\/v2\/product\/479058","targetHints":{"allow":["GET"]}}],"collection":[{"href":"https:\/\/schuhewiebarfuss.at\/shop\/wp-json\/wp\/v2\/product"}],"about":[{"href":"https:\/\/schuhewiebarfuss.at\/shop\/wp-json\/wp\/v2\/types\/product"}],"replies":[{"embeddable":true,"href":"https:\/\/schuhewiebarfuss.at\/shop\/wp-json\/wp\/v2\/comments?post=479058"}],"wp:featuredmedia":[{"embeddable":true,"href":"https:\/\/schuhewiebarfuss.at\/shop\/wp-json\/wp\/v2\/media\/479057"}],"wp:attachment":[{"href":"https:\/\/schuhewiebarfuss.at\/shop\/wp-json\/wp\/v2\/media?parent=479058"}],"wp:term":[{"taxonomy":"product_brand","embeddable":true,"href":"https:\/\/schuhewiebarfuss.at\/shop\/wp-json\/wp\/v2\/product_brand?post=479058"},{"taxonomy":"product_cat","embeddable":true,"href":"https:\/\/schuhewiebarfuss.at\/shop\/wp-json\/wp\/v2\/product_cat?post=479058"},{"taxonomy":"product_tag","embeddable":true,"href":"https:\/\/schuhewiebarfuss.at\/shop\/wp-json\/wp\/v2\/product_tag?post=479058"}],"curies":[{"name":"wp","href":"https:\/\/api.w.org\/{rel}","templated":true}]}}