{"id":478524,"date":"2024-04-10T03:50:43","date_gmt":"2024-04-10T01:50:43","guid":{"rendered":"https:\/\/schuhewiebarfuss.at\/shop\/produkt\/plus12socks-kinder-merino-knoechellang\/"},"modified":"2026-03-19T07:51:30","modified_gmt":"2026-03-19T06:51:30","slug":"plus12socks-kinder-merino-knoechellang","status":"publish","type":"product","link":"https:\/\/schuhewiebarfuss.at\/shop\/produkt\/plus12socks-kinder-merino-knoechellang\/","title":{"rendered":"Plus12socks Kinder: Merino Kn\u00f6chellang"},"content":{"rendered":"<p>Merinowolle: in Kombination mit high-tech Fasern entsteht ein Socken f\u00fcr h\u00f6chste Anspr\u00fcche. Atmungsaktiv, rasch trocknend, klimaregulierend, kuschelweich. Verbl\u00fcffend: ein Material sowohl f\u00fcr die warme als auch kalte Jahreszeit. \u00d6ko-tex und mulesing-frei.<\/p>\n<p><b>Audio-Beschreibung<\/b><br \/><audio controls src=\"https:\/\/schuhewiebarfuss.at\/shop\/wp-content\/uploads\/lk\/6093_audio.wav\"><br \/>\n                                            Ihr Browser unterst\u00fctzt diese Audio-Ausgabe leider nicht.<br \/>\n                                            <\/ audio ><\/p>\n","protected":false},"excerpt":{"rendered":"<p>40% Merinowolle, 40% Polypropylen, 18% Polyamid, 2% Elasthan<br \/>\nPolsterung: pl\u00fcsch (flauschige Laufsohle)<br \/>\nSchaftl\u00e4nge: kurz<\/p>\n","protected":false},"featured_media":478523,"comment_status":"open","ping_status":"closed","template":"","meta":[],"product_brand":[],"product_cat":[862],"product_tag":[1479,1600,1408,1599,1601,1602,1593,1594,1603,1604,2467,1360],"class_list":{"0":"post-478524","1":"product","2":"type-product","3":"status-publish","4":"has-post-thumbnail","6":"product_cat-kinder-3","7":"product_tag-farbe-blau","8":"product_tag-farbe-rot","9":"product_tag-farbe-schwarz","10":"product_tag-groesse-21-23","11":"product_tag-groesse-24-26","12":"product_tag-groesse-27-29","13":"product_tag-groesse-30-32","14":"product_tag-groesse-33-35","15":"product_tag-groesse-36-38","16":"product_tag-groesse-39-41","17":"product_tag-marke-plus12socks","18":"product_tag-standard","20":"first","21":"instock","22":"taxable","23":"shipping-taxable","24":"purchasable","25":"product-type-variable"},"_links":{"self":[{"href":"https:\/\/schuhewiebarfuss.at\/shop\/wp-json\/wp\/v2\/product\/478524","targetHints":{"allow":["GET"]}}],"collection":[{"href":"https:\/\/schuhewiebarfuss.at\/shop\/wp-json\/wp\/v2\/product"}],"about":[{"href":"https:\/\/schuhewiebarfuss.at\/shop\/wp-json\/wp\/v2\/types\/product"}],"replies":[{"embeddable":true,"href":"https:\/\/schuhewiebarfuss.at\/shop\/wp-json\/wp\/v2\/comments?post=478524"}],"wp:featuredmedia":[{"embeddable":true,"href":"https:\/\/schuhewiebarfuss.at\/shop\/wp-json\/wp\/v2\/media\/478523"}],"wp:attachment":[{"href":"https:\/\/schuhewiebarfuss.at\/shop\/wp-json\/wp\/v2\/media?parent=478524"}],"wp:term":[{"taxonomy":"product_brand","embeddable":true,"href":"https:\/\/schuhewiebarfuss.at\/shop\/wp-json\/wp\/v2\/product_brand?post=478524"},{"taxonomy":"product_cat","embeddable":true,"href":"https:\/\/schuhewiebarfuss.at\/shop\/wp-json\/wp\/v2\/product_cat?post=478524"},{"taxonomy":"product_tag","embeddable":true,"href":"https:\/\/schuhewiebarfuss.at\/shop\/wp-json\/wp\/v2\/product_tag?post=478524"}],"curies":[{"name":"wp","href":"https:\/\/api.w.org\/{rel}","templated":true}]}}