{"id":478486,"date":"2024-04-10T03:47:43","date_gmt":"2024-04-10T01:47:43","guid":{"rendered":"https:\/\/schuhewiebarfuss.at\/shop\/produkt\/salamander-vegan-blau-gruen\/"},"modified":"2026-03-31T18:57:00","modified_gmt":"2026-03-31T16:57:00","slug":"salamander-vegan-blau-gruen","status":"publish","type":"product","link":"https:\/\/schuhewiebarfuss.at\/shop\/produkt\/salamander-vegan-blau-gruen\/","title":{"rendered":"Salamander Vegan Blau\/Gr\u00fcn"},"content":{"rendered":"<p>Mit dem veganen Filii Salamander aus  Textil ist man perfekt f\u00fcr die w\u00e4rmeren Jahreszeiten gewappnet.<\/p>\n<p>Der Schuh hat einen praktischen Klettverschluss, welcher das selbstst\u00e4ndige Aus- und Anziehen des Kindes f\u00f6rdern kann.<\/p>\n<p>Das Innenfutter ist aus Textil, die Innensohle ist herausnehmbar, genau auf die jeweilige Gr\u00f6\u00dfe zugeschnitten und erleichtert damit die Gr\u00f6\u00dfenkontrolle bei Wachstumssch\u00fcben. Die Sohlenfarbe des Barfu\u00dfschuhs ist off-white.<\/p>\n<p>Der Filii Salamander hat eine mittlere WMS-Schuhweite und wird in Portugal produziert.<\/p>\n<p><b>Audio-Beschreibung<\/b><br \/><audio controls src=\"https:\/\/schuhewiebarfuss.at\/shop\/wp-content\/uploads\/lk\/5199_audio.wav\"><br \/>\n                                            Ihr Browser unterst\u00fctzt diese Audio-Ausgabe leider nicht.<br \/>\n                                            <\/ audio ><\/p>\n","protected":false},"excerpt":{"rendered":"<p>Obermaterial: Textil + Mikrofaser (\u00d6kotex zertifiziert)<br \/>\nInnenfutter: Textil<br \/>\nSohle: 3,5mm Minimalsohle, Naturkautschuk, latexfrei<\/p>\n","protected":false},"featured_media":478485,"comment_status":"open","ping_status":"closed","template":"","meta":[],"product_brand":[],"product_cat":[3121],"product_tag":[1385,1390,1391,1392,1393,1394,1395,1396,1397,1398,1399,1400,1401,1402,1403,1404,2463,1450],"class_list":{"0":"post-478486","1":"product","2":"type-product","3":"status-publish","4":"has-post-thumbnail","6":"product_cat-sale","7":"product_tag-groesse-20","8":"product_tag-groesse-21","9":"product_tag-groesse-22","10":"product_tag-groesse-23","11":"product_tag-groesse-24","12":"product_tag-groesse-25","13":"product_tag-groesse-26","14":"product_tag-groesse-27","15":"product_tag-groesse-28","16":"product_tag-groesse-29","17":"product_tag-groesse-30","18":"product_tag-groesse-31","19":"product_tag-groesse-32","20":"product_tag-groesse-33","21":"product_tag-groesse-34","22":"product_tag-groesse-35","23":"product_tag-marke-filii","24":"product_tag-sale","26":"first","27":"outofstock","28":"taxable","29":"shipping-taxable","30":"product-type-variable"},"_links":{"self":[{"href":"https:\/\/schuhewiebarfuss.at\/shop\/wp-json\/wp\/v2\/product\/478486","targetHints":{"allow":["GET"]}}],"collection":[{"href":"https:\/\/schuhewiebarfuss.at\/shop\/wp-json\/wp\/v2\/product"}],"about":[{"href":"https:\/\/schuhewiebarfuss.at\/shop\/wp-json\/wp\/v2\/types\/product"}],"replies":[{"embeddable":true,"href":"https:\/\/schuhewiebarfuss.at\/shop\/wp-json\/wp\/v2\/comments?post=478486"}],"wp:featuredmedia":[{"embeddable":true,"href":"https:\/\/schuhewiebarfuss.at\/shop\/wp-json\/wp\/v2\/media\/478485"}],"wp:attachment":[{"href":"https:\/\/schuhewiebarfuss.at\/shop\/wp-json\/wp\/v2\/media?parent=478486"}],"wp:term":[{"taxonomy":"product_brand","embeddable":true,"href":"https:\/\/schuhewiebarfuss.at\/shop\/wp-json\/wp\/v2\/product_brand?post=478486"},{"taxonomy":"product_cat","embeddable":true,"href":"https:\/\/schuhewiebarfuss.at\/shop\/wp-json\/wp\/v2\/product_cat?post=478486"},{"taxonomy":"product_tag","embeddable":true,"href":"https:\/\/schuhewiebarfuss.at\/shop\/wp-json\/wp\/v2\/product_tag?post=478486"}],"curies":[{"name":"wp","href":"https:\/\/api.w.org\/{rel}","templated":true}]}}