{"id":478160,"date":"2024-04-10T01:36:48","date_gmt":"2024-04-09T23:36:48","guid":{"rendered":"https:\/\/schuhewiebarfuss.at\/shop\/produkt\/flamingo-blau\/"},"modified":"2026-03-10T18:26:28","modified_gmt":"2026-03-10T17:26:28","slug":"flamingo-blau","status":"publish","type":"product","link":"https:\/\/schuhewiebarfuss.at\/shop\/produkt\/flamingo-blau\/","title":{"rendered":"Flamingo Blau"},"content":{"rendered":"<p>Be Flamazing &#8211; \u00fcber Stock und \u00fcber Stein, darf es auch mal mit offenen Sandalen sein.<\/p>\n<p>Unser -, eine zauberhafte offene Sandale, bestens auch f\u00fcr schmale F\u00fc\u00dfe geeignet.<\/p>\n<p><b>Audio-Beschreibung<\/b><br \/><audio controls src=\"https:\/\/schuhewiebarfuss.at\/shop\/wp-content\/uploads\/lk\/5197_audio.wav\"><br \/>\n                                            Ihr Browser unterst\u00fctzt diese Audio-Ausgabe leider nicht.<br \/>\n                                            <\/ audio ><\/p>\n","protected":false},"excerpt":{"rendered":"<p>Obermaterial: Nappaleder<br \/>\nVerschlussart: Klettverschluss<\/p>\n","protected":false},"featured_media":478159,"comment_status":"open","ping_status":"closed","template":"","meta":[],"product_brand":[],"product_cat":[3121],"product_tag":[1483,1385,1390,1391,1392,1393,1394,1395,1396,1397,1398,1399,1400,1401,1402,1403,1404,2463,1450],"class_list":{"0":"post-478160","1":"product","2":"type-product","3":"status-publish","4":"has-post-thumbnail","6":"product_cat-sale","7":"product_tag-groesse-19","8":"product_tag-groesse-20","9":"product_tag-groesse-21","10":"product_tag-groesse-22","11":"product_tag-groesse-23","12":"product_tag-groesse-24","13":"product_tag-groesse-25","14":"product_tag-groesse-26","15":"product_tag-groesse-27","16":"product_tag-groesse-28","17":"product_tag-groesse-29","18":"product_tag-groesse-30","19":"product_tag-groesse-31","20":"product_tag-groesse-32","21":"product_tag-groesse-33","22":"product_tag-groesse-34","23":"product_tag-groesse-35","24":"product_tag-marke-filii","25":"product_tag-sale","27":"first","28":"instock","29":"taxable","30":"shipping-taxable","31":"purchasable","32":"product-type-variable"},"_links":{"self":[{"href":"https:\/\/schuhewiebarfuss.at\/shop\/wp-json\/wp\/v2\/product\/478160","targetHints":{"allow":["GET"]}}],"collection":[{"href":"https:\/\/schuhewiebarfuss.at\/shop\/wp-json\/wp\/v2\/product"}],"about":[{"href":"https:\/\/schuhewiebarfuss.at\/shop\/wp-json\/wp\/v2\/types\/product"}],"replies":[{"embeddable":true,"href":"https:\/\/schuhewiebarfuss.at\/shop\/wp-json\/wp\/v2\/comments?post=478160"}],"wp:featuredmedia":[{"embeddable":true,"href":"https:\/\/schuhewiebarfuss.at\/shop\/wp-json\/wp\/v2\/media\/478159"}],"wp:attachment":[{"href":"https:\/\/schuhewiebarfuss.at\/shop\/wp-json\/wp\/v2\/media?parent=478160"}],"wp:term":[{"taxonomy":"product_brand","embeddable":true,"href":"https:\/\/schuhewiebarfuss.at\/shop\/wp-json\/wp\/v2\/product_brand?post=478160"},{"taxonomy":"product_cat","embeddable":true,"href":"https:\/\/schuhewiebarfuss.at\/shop\/wp-json\/wp\/v2\/product_cat?post=478160"},{"taxonomy":"product_tag","embeddable":true,"href":"https:\/\/schuhewiebarfuss.at\/shop\/wp-json\/wp\/v2\/product_tag?post=478160"}],"curies":[{"name":"wp","href":"https:\/\/api.w.org\/{rel}","templated":true}]}}